{"version":"1.0","provider_name":"CDU Kaarst-B\u00fcttgen","provider_url":"https:\/\/cdu-kaarst.de\/en","author_name":"@dm1n","author_url":"https:\/\/cdu-kaarst.de\/en\/author\/dm1n\/","title":"Heveling sieht Wirtschaft als wichtigstes Wahlkampfthema - CDU Kaarst-B\u00fcttgen","type":"rich","width":600,"height":338,"html":"<blockquote class=\"wp-embedded-content\" data-secret=\"EObBhHTDLj\"><a href=\"https:\/\/cdu-kaarst.de\/en\/allgemein\/heveling-sieht-wirtschaft-als-wichtigstes-wahlkampfthema\/\">Heveling sees the economy as the most important election issue<\/a><\/blockquote><iframe sandbox=\"allow-scripts\" security=\"restricted\" src=\"https:\/\/cdu-kaarst.de\/en\/allgemein\/heveling-sieht-wirtschaft-als-wichtigstes-wahlkampfthema\/embed\/#?secret=EObBhHTDLj\" width=\"600\" height=\"338\" title=\"\u201cHeveling sees the economy as the most important election issue\u201d - CDU Kaarst-B\u00fcttgen\" data-secret=\"EObBhHTDLj\" frameborder=\"0\" marginwidth=\"0\" marginheight=\"0\" scrolling=\"no\" class=\"wp-embedded-content\"><\/iframe><script>\n\/**\n * WordPress inline HTML embed\n *\n * @since 4.4.0\n * @output wp-includes\/js\/wp-embed.js\n *\n * Single line comments should not be used since they will break\n * the script when inlined in get_post_embed_html(), specifically\n * when the comments are not stripped out due to SCRIPT_DEBUG\n * being turned on.\n *\/\n(function ( window, document ) {\n\t'use strict';\n\n\t\/* Abort for ancient browsers. *\/\n\tif ( ! document.querySelector || ! window.addEventListener || typeof URL === 'undefined' ) {\n\t\treturn;\n\t}\n\n\t\/** @namespace wp *\/\n\twindow.wp = window.wp || {};\n\n\t\/* Abort if script was already executed. *\/\n\tif ( !! window.wp.receiveEmbedMessage ) {\n\t\treturn;\n\t}\n\n\t\/**\n\t * Receive embed message.\n\t *\n\t * @param {MessageEvent} e\n\t *\/\n\twindow.wp.receiveEmbedMessage = function( e ) {\n\t\tvar data = e.data;\n\n\t\t\/* Verify shape of message. *\/\n\t\tif (\n\t\t\t! ( data || data.secret || data.message || data.value ) ||\n\t\t\t\/[^a-zA-Z0-9]\/.test( data.secret )\n\t\t) {\n\t\t\treturn;\n\t\t}\n\n\t\tvar iframes = document.querySelectorAll( 'iframe[data-secret=\"' + data.secret + '\"]' ),\n\t\t\tblockquotes = document.querySelectorAll( 'blockquote[data-secret=\"' + data.secret + '\"]' ),\n\t\t\tallowedProtocols = new RegExp( '^https?:$', 'i' ),\n\t\t\ti, source, height, sourceURL, targetURL;\n\n\t\tfor ( i = 0; i < blockquotes.length; i++ ) {\n\t\t\tblockquotes[ i ].style.display = 'none';\n\t\t}\n\n\t\tfor ( i = 0; i < iframes.length; i++ ) {\n\t\t\tsource = iframes[ i ];\n\n\t\t\tif ( e.source !== source.contentWindow ) {\n\t\t\t\tcontinue;\n\t\t\t}\n\n\t\t\tsource.removeAttribute( 'style' );\n\n\t\t\tif ( 'height' === data.message ) {\n\t\t\t\t\/* Resize the iframe on request. *\/\n\t\t\t\theight = parseInt( data.value, 10 );\n\t\t\t\tif ( height > 1000 ) {\n\t\t\t\t\theight = 1000;\n\t\t\t\t} else if ( ~~height < 200 ) {\n\t\t\t\t\theight = 200;\n\t\t\t\t}\n\n\t\t\t\tsource.height = height;\n\t\t\t} else if ( 'link' === data.message ) {\n\t\t\t\t\/* Link to a specific URL on request. *\/\n\t\t\t\tsourceURL = new URL( source.getAttribute( 'src' ) );\n\t\t\t\ttargetURL = new URL( data.value );\n\n\t\t\t\tif (\n\t\t\t\t\tallowedProtocols.test( targetURL.protocol ) &&\n\t\t\t\t\ttargetURL.host === sourceURL.host &&\n\t\t\t\t\tdocument.activeElement === source\n\t\t\t\t) {\n\t\t\t\t\twindow.top.location.href = data.value;\n\t\t\t\t}\n\t\t\t}\n\t\t}\n\t};\n\n\tfunction onLoad() {\n\t\tvar iframes = document.querySelectorAll( 'iframe.wp-embedded-content' ),\n\t\t\ti, source, secret;\n\n\t\tfor ( i = 0; i < iframes.length; i++ ) {\n\t\t\t\/** @var {IframeElement} *\/\n\t\t\tsource = iframes[ i ];\n\n\t\t\tsecret = source.getAttribute( 'data-secret' );\n\t\t\tif ( ! secret ) {\n\t\t\t\t\/* Add secret to iframe *\/\n\t\t\t\tsecret = Math.random().toString( 36 ).substring( 2, 12 );\n\t\t\t\tsource.src += '#?secret=' + secret;\n\t\t\t\tsource.setAttribute( 'data-secret', secret );\n\t\t\t}\n\n\t\t\t\/*\n\t\t\t * Let post embed window know that the parent is ready for receiving the height message, in case the iframe\n\t\t\t * loaded before wp-embed.js was loaded. When the ready message is received by the post embed window, the\n\t\t\t * window will then (re-)send the height message right away.\n\t\t\t *\/\n\t\t\tsource.contentWindow.postMessage( {\n\t\t\t\tmessage: 'ready',\n\t\t\t\tsecret: secret\n\t\t\t}, '*' );\n\t\t}\n\t}\n\n\twindow.addEventListener( 'message', window.wp.receiveEmbedMessage, false );\n\tdocument.addEventListener( 'DOMContentLoaded', onLoad, false );\n})( window, document );\n\/\/# sourceURL=https:\/\/cdu-kaarst.de\/wp-includes\/js\/wp-embed.js\n<\/script>","thumbnail_url":"https:\/\/cdu-kaarst.de\/wp-content\/uploads\/6086078093_589bf1197c.IRPRODGERA_IY9V0H.jpg","thumbnail_width":700,"thumbnail_height":521,"description":"Beim Unternehmerfr\u00fchst\u00fcck der Mittelstandsvereinigung der CDU (MIT) in Kaarst diskutierten Vertreter aus Politik und Wirtschaft \u00fcber aktuelle Herausforderungen. Der Bundestagsabgeordnete Ansgar Heveling stellte dabei die Bedeutung wirtschaftspolitischer Themen f\u00fcr den bevorstehenden Wahlkampf heraus. Der Vorsitzende der Kaarster MIT, Markus Steins, er\u00f6ffnete die Veranstaltung im Caf\u00e9 Schnittchen mit einem Hinweis auf die derzeitige Lage: \u201eDie politische [&hellip;]"}

CDU Kaarst-Büttgen

Heveling sieht Wirtschaft als wichtigstes Wahlkampfthema - CDU Kaarst-Büttgen

<blockquote class="wp-embedded-content" data-secret="EObBhHTDLj"><a href="https://cdu-kaarst.de/en/allgemein/heveling-sieht-wirtschaft-als-wichtigstes-wahlkampfthema/">Heveling sees the economy as the most important election issue</a></blockquote><iframe sandbox="allow-scripts" security="restricted" src="https://cdu-kaarst.de/en/allgemein/heveling-sieht-wirtschaft-als-wichtigstes-wahlkampfthema/embed/#?secret=EObBhHTDLj" width="600" height="338" title="“Heveling sees the economy as the most important election issue” - CDU Kaarst-Büttgen" data-secret="EObBhHTDLj" frameborder="0" marginwidth="0" marginheight="0" scrolling="no" class="wp-embedded-content"></iframe><script>
/**
 * WordPress inline HTML embed
 *
 * @since 4.4.0
 * @output wp-includes/js/wp-embed.js
 *
 * Single line comments should not be used since they will break
 * the script when inlined in get_post_embed_html(), specifically
 * when the comments are not stripped out due to SCRIPT_DEBUG
 * being turned on.
 */
(function ( window, document ) {
	'use strict';

	/* Abort for ancient browsers. */
	if ( ! document.querySelector || ! window.addEventListener || typeof URL === 'undefined' ) {
		return;
	}

	/** @namespace wp */
	window.wp = window.wp || {};

	/* Abort if script was already executed. */
	if ( !! window.wp.receiveEmbedMessage ) {
		return;
	}

	/**
	 * Receive embed message.
	 *
	 * @param {MessageEvent} e
	 */
	window.wp.receiveEmbedMessage = function( e ) {
		var data = e.data;

		/* Verify shape of message. */
		if (
			! ( data || data.secret || data.message || data.value ) ||
			/[^a-zA-Z0-9]/.test( data.secret )
		) {
			return;
		}

		var iframes = document.querySelectorAll( 'iframe[data-secret="' + data.secret + '"]' ),
			blockquotes = document.querySelectorAll( 'blockquote[data-secret="' + data.secret + '"]' ),
			allowedProtocols = new RegExp( '^https?:$', 'i' ),
			i, source, height, sourceURL, targetURL;

		for ( i = 0; i < blockquotes.length; i++ ) {
			blockquotes[ i ].style.display = 'none';
		}

		for ( i = 0; i < iframes.length; i++ ) {
			source = iframes[ i ];

			if ( e.source !== source.contentWindow ) {
				continue;
			}

			source.removeAttribute( 'style' );

			if ( 'height' === data.message ) {
				/* Resize the iframe on request. */
				height = parseInt( data.value, 10 );
				if ( height > 1000 ) {
					height = 1000;
				} else if ( ~~height < 200 ) {
					height = 200;
				}

				source.height = height;
			} else if ( 'link' === data.message ) {
				/* Link to a specific URL on request. */
				sourceURL = new URL( source.getAttribute( 'src' ) );
				targetURL = new URL( data.value );

				if (
					allowedProtocols.test( targetURL.protocol ) &&
					targetURL.host === sourceURL.host &&
					document.activeElement === source
				) {
					window.top.location.href = data.value;
				}
			}
		}
	};

	function onLoad() {
		var iframes = document.querySelectorAll( 'iframe.wp-embedded-content' ),
			i, source, secret;

		for ( i = 0; i < iframes.length; i++ ) {
			/** @var {IframeElement} */
			source = iframes[ i ];

			secret = source.getAttribute( 'data-secret' );
			if ( ! secret ) {
				/* Add secret to iframe */
				secret = Math.random().toString( 36 ).substring( 2, 12 );
				source.src += '#?secret=' + secret;
				source.setAttribute( 'data-secret', secret );
			}

			/*
			 * Let post embed window know that the parent is ready for receiving the height message, in case the iframe
			 * loaded before wp-embed.js was loaded. When the ready message is received by the post embed window, the
			 * window will then (re-)send the height message right away.
			 */
			source.contentWindow.postMessage( {
				message: 'ready',
				secret: secret
			}, '*' );
		}
	}

	window.addEventListener( 'message', window.wp.receiveEmbedMessage, false );
	document.addEventListener( 'DOMContentLoaded', onLoad, false );
})( window, document );
//# sourceURL=https://cdu-kaarst.de/wp-includes/js/wp-embed.js
</script>

Beim Unternehmerfrühstück der Mittelstandsvereinigung der CDU (MIT) in Kaarst diskutierten Vertreter aus Politik und Wirtschaft über aktuelle Herausforderungen. Der Bundestagsabgeordnete Ansgar Heveling stellte dabei die Bedeutung wirtschaftspolitischer Themen für den bevorstehenden Wahlkampf heraus. Der Vorsitzende der Kaarster MIT, Markus Steins, eröffnete die Veranstaltung im Café Schnittchen mit einem Hinweis auf die derzeitige Lage: „Die politische [&hellip;]
