{"id":1419,"date":"2024-05-13T12:47:32","date_gmt":"2024-05-13T10:47:32","guid":{"rendered":"http:\/\/cdu-kaarst.de\/?post_type=personen&#038;p=1419"},"modified":"2025-12-19T07:50:21","modified_gmt":"2025-12-19T06:50:21","slug":"lars-witte","status":"publish","type":"personen","link":"https:\/\/cdu-kaarst.de\/en\/personen\/lars-witte\/","title":{"rendered":"Lars Witte"},"content":{"rendered":"<p><b>CDU, because ...<\/b><\/p>\n<p>the CDU stands for reliable, forward-looking and stable policies with an enormously diverse membership structure.<\/p>\n<p><b>Motivation - Why volunteer:<\/b><\/p>\n<p>Our society cannot function without voluntary work! I am deeply convinced of this. If you want to live in a free, safe and democratic country, you have to do your bit for society. This starts at the sports club and extends to many areas of life.<\/p>\n<p><b>Hobbies:<\/b><\/p>\n<p>Cycling, politics and travelling.<\/p>\n<p><b>What is particularly important to me:<\/b><\/p>\n<p>My passion is cycling at VfR B\u00fcttgen. It brought me from the Westerwald to Kaarst permanently. Formerly a competitive athlete myself, today as chairman, team manager and coach, I pass on important knowledge to the next generation and inspire as many people as possible for cycling.<\/p>\n<p><b>What wish do you have for Kaarst?<\/b><\/p>\n<p>That Kaarst remains diverse in terms of sport. I am focussing on the area of sport. At the same time, I am also fighting in the area of finance to ensure that the foundations are laid to maintain sport in Kaarst and its infrastructure. As a voluntary task of a local authority, this is where the red pencil comes into play first. The inestimable and unquantifiable value of sport for our society is often neglected.<\/p>\n<div style=\"position: relative; width: 360px; height: 640px; overflow: hidden;\">\n<div class=\"brlbs-cmpnt-container brlbs-cmpnt-content-blocker brlbs-cmpnt-with-individual-styles\" data-borlabs-cookie-content-blocker-id=\"youtube-content-blocker\" data-borlabs-cookie-content=\"PGlmcmFtZSBzdHlsZT0icG9zaXRpb246IGFic29sdXRlOyB0b3A6IDA7IGxlZnQ6IDUwJTsgdHJhbnNmb3JtOiB0cmFuc2xhdGVYKC01MCUpOyIgdGl0bGU9IkNEVSBLYWFyc3QgU3RhZHRyYXRza2FuZGlkYXQgVG9iaWFzIEJlY2tlciIgc3JjPSJodHRwczovL3d3dy55b3V0dWJlLW5vY29va2llLmNvbS9lbWJlZC9LaXdFTzRmanNYbyIgd2lkdGg9Ijg1NCIgaGVpZ2h0PSI2NDAiIGZyYW1lYm9yZGVyPSIwIiBhbGxvd2Z1bGxzY3JlZW49ImFsbG93ZnVsbHNjcmVlbiI+PC9pZnJhbWU+\">\n<div class=\"brlbs-cmpnt-cb-preset-c brlbs-cmpnt-cb-youtube\">\n<div class=\"brlbs-cmpnt-cb-thumbnail\" style=\"background-image: url('https:\/\/cdu-kaarst.de\/wp-content\/uploads\/borlabs-cookie\/1\/yt_KiwEO4fjsXo_hqdefault.jpg')\"><\/div>\n<div class=\"brlbs-cmpnt-cb-main\">\n<div class=\"brlbs-cmpnt-cb-play-button\"><\/div>\n<div class=\"brlbs-cmpnt-cb-content\">\n<p class=\"brlbs-cmpnt-cb-description\">You are currently viewing a placeholder content from <strong>YouTube<\/strong>. To access the actual content, click the button below. Please note that doing so will share data with third-party providers.<\/p>\n<p> <a class=\"brlbs-cmpnt-cb-provider-toggle\" href=\"#\" data-borlabs-cookie-show-provider-information role=\"button\">More Information<\/a> <\/div>\n<div class=\"brlbs-cmpnt-cb-buttons\"> <a class=\"brlbs-cmpnt-cb-btn\" href=\"#\" data-borlabs-cookie-unblock role=\"button\">Unblock content<\/a> <a class=\"brlbs-cmpnt-cb-btn\" href=\"#\" data-borlabs-cookie-accept-service role=\"button\" style=\"display: inherit\">Accept required service and unblock content<\/a> <\/div>\n<\/p><\/div>\n<\/p><\/div>\n<\/div>\n<\/div>","protected":false},"featured_media":3330,"template":"","ausschusse":[114],"stadt":[59,63,64],"class_list":["post-1419","personen","type-personen","status-publish","has-post-thumbnail","hentry","ausschusse-hauptausschuss","stadt-beisitzer","stadt-ratsfraktion","stadt-stadtverodnete-wahlkreisbetreuer"],"yoast_head":"<!-- This site is optimized with the Yoast SEO plugin v27.4 - https:\/\/yoast.com\/product\/yoast-seo-wordpress\/ -->\n<title>Lars Witte - CDU Kaarst-B\u00fcttgen<\/title>\n<meta name=\"robots\" content=\"index, follow, max-snippet:-1, max-image-preview:large, max-video-preview:-1\" \/>\n<link rel=\"canonical\" href=\"https:\/\/cdu-kaarst.de\/en\/personen\/lars-witte\/\" \/>\n<meta property=\"og:locale\" content=\"en_GB\" \/>\n<meta property=\"og:type\" content=\"article\" \/>\n<meta property=\"og:title\" content=\"Lars Witte - CDU Kaarst-B\u00fcttgen\" \/>\n<meta property=\"og:description\" content=\"CDU, weil &#8230; die CDU f\u00fcr eine verl\u00e4ssliche, zukunftsorientierte und stabile Politik mit einer enorm vielseitigen Mitgliederstruktur steht. Motivation \u2013 Warum ehrenamtliche Mitarbeit: Ohne Ehrenamt funktioniert unsere Gesellschaft nicht! Davon bin ich zutiefst \u00fcberzeugt. Wer in einem freien, sicheren und demokratischen Land leben m\u00f6chte, der muss seinen Anteil zur Gesellschaft leisten. Das f\u00e4ngt im Sportverein [&hellip;]\" \/>\n<meta property=\"og:url\" content=\"https:\/\/cdu-kaarst.de\/en\/personen\/lars-witte\/\" \/>\n<meta property=\"og:site_name\" content=\"CDU Kaarst-B\u00fcttgen\" \/>\n<meta property=\"article:modified_time\" content=\"2025-12-19T06:50:21+00:00\" \/>\n<meta property=\"og:image\" content=\"https:\/\/cdu-kaarst.de\/wp-content\/uploads\/lars-witte.jpg\" \/>\n\t<meta property=\"og:image:width\" content=\"800\" \/>\n\t<meta property=\"og:image:height\" content=\"901\" \/>\n\t<meta property=\"og:image:type\" content=\"image\/jpeg\" \/>\n<meta name=\"twitter:card\" content=\"summary_large_image\" \/>\n<meta name=\"twitter:label1\" content=\"Estimated reading time\" \/>\n\t<meta name=\"twitter:data1\" content=\"2 minutes\" \/>\n<script type=\"application\/ld+json\" class=\"yoast-schema-graph\">{\"@context\":\"https:\\\/\\\/schema.org\",\"@graph\":[{\"@type\":\"WebPage\",\"@id\":\"https:\\\/\\\/cdu-kaarst.de\\\/personen\\\/lars-witte\\\/\",\"url\":\"https:\\\/\\\/cdu-kaarst.de\\\/personen\\\/lars-witte\\\/\",\"name\":\"Lars Witte - CDU Kaarst-B\u00fcttgen\",\"isPartOf\":{\"@id\":\"https:\\\/\\\/cdu-kaarst.de\\\/#website\"},\"primaryImageOfPage\":{\"@id\":\"https:\\\/\\\/cdu-kaarst.de\\\/personen\\\/lars-witte\\\/#primaryimage\"},\"image\":{\"@id\":\"https:\\\/\\\/cdu-kaarst.de\\\/personen\\\/lars-witte\\\/#primaryimage\"},\"thumbnailUrl\":\"https:\\\/\\\/cdu-kaarst.de\\\/wp-content\\\/uploads\\\/lars-witte.jpg\",\"datePublished\":\"2024-05-13T10:47:32+00:00\",\"dateModified\":\"2025-12-19T06:50:21+00:00\",\"breadcrumb\":{\"@id\":\"https:\\\/\\\/cdu-kaarst.de\\\/personen\\\/lars-witte\\\/#breadcrumb\"},\"inLanguage\":\"en-GB\",\"potentialAction\":[{\"@type\":\"ReadAction\",\"target\":[\"https:\\\/\\\/cdu-kaarst.de\\\/personen\\\/lars-witte\\\/\"]}]},{\"@type\":\"ImageObject\",\"inLanguage\":\"en-GB\",\"@id\":\"https:\\\/\\\/cdu-kaarst.de\\\/personen\\\/lars-witte\\\/#primaryimage\",\"url\":\"https:\\\/\\\/cdu-kaarst.de\\\/wp-content\\\/uploads\\\/lars-witte.jpg\",\"contentUrl\":\"https:\\\/\\\/cdu-kaarst.de\\\/wp-content\\\/uploads\\\/lars-witte.jpg\",\"width\":800,\"height\":901},{\"@type\":\"BreadcrumbList\",\"@id\":\"https:\\\/\\\/cdu-kaarst.de\\\/personen\\\/lars-witte\\\/#breadcrumb\",\"itemListElement\":[{\"@type\":\"ListItem\",\"position\":1,\"name\":\"Startseite\",\"item\":\"https:\\\/\\\/cdu-kaarst.de\\\/\"},{\"@type\":\"ListItem\",\"position\":2,\"name\":\"Personen\",\"item\":\"https:\\\/\\\/cdu-kaarst.de\\\/personen\\\/\"},{\"@type\":\"ListItem\",\"position\":3,\"name\":\"Lars Witte\"}]},{\"@type\":\"WebSite\",\"@id\":\"https:\\\/\\\/cdu-kaarst.de\\\/#website\",\"url\":\"https:\\\/\\\/cdu-kaarst.de\\\/\",\"name\":\"CDU Kaarst-B\u00fcttgen\",\"description\":\"gut Leben in Kaarst\",\"publisher\":{\"@id\":\"https:\\\/\\\/cdu-kaarst.de\\\/#organization\"},\"potentialAction\":[{\"@type\":\"SearchAction\",\"target\":{\"@type\":\"EntryPoint\",\"urlTemplate\":\"https:\\\/\\\/cdu-kaarst.de\\\/?s={search_term_string}\"},\"query-input\":{\"@type\":\"PropertyValueSpecification\",\"valueRequired\":true,\"valueName\":\"search_term_string\"}}],\"inLanguage\":\"en-GB\"},{\"@type\":\"Organization\",\"@id\":\"https:\\\/\\\/cdu-kaarst.de\\\/#organization\",\"name\":\"CDU Kaarst-B\u00fcttgen\",\"url\":\"https:\\\/\\\/cdu-kaarst.de\\\/\",\"logo\":{\"@type\":\"ImageObject\",\"inLanguage\":\"en-GB\",\"@id\":\"https:\\\/\\\/cdu-kaarst.de\\\/#\\\/schema\\\/logo\\\/image\\\/\",\"url\":\"https:\\\/\\\/cdu-kaarst.de\\\/wp-content\\\/uploads\\\/cdu-gesamtlogo.png\",\"contentUrl\":\"https:\\\/\\\/cdu-kaarst.de\\\/wp-content\\\/uploads\\\/cdu-gesamtlogo.png\",\"width\":418,\"height\":120,\"caption\":\"CDU Kaarst-B\u00fcttgen\"},\"image\":{\"@id\":\"https:\\\/\\\/cdu-kaarst.de\\\/#\\\/schema\\\/logo\\\/image\\\/\"}}]}<\/script>\n<!-- \/ Yoast SEO plugin. -->","yoast_head_json":{"title":"Lars Witte - CDU Kaarst-B\u00fcttgen","robots":{"index":"index","follow":"follow","max-snippet":"max-snippet:-1","max-image-preview":"max-image-preview:large","max-video-preview":"max-video-preview:-1"},"canonical":"https:\/\/cdu-kaarst.de\/en\/personen\/lars-witte\/","og_locale":"en_GB","og_type":"article","og_title":"Lars Witte - CDU Kaarst-B\u00fcttgen","og_description":"CDU, weil &#8230; die CDU f\u00fcr eine verl\u00e4ssliche, zukunftsorientierte und stabile Politik mit einer enorm vielseitigen Mitgliederstruktur steht. Motivation \u2013 Warum ehrenamtliche Mitarbeit: Ohne Ehrenamt funktioniert unsere Gesellschaft nicht! Davon bin ich zutiefst \u00fcberzeugt. Wer in einem freien, sicheren und demokratischen Land leben m\u00f6chte, der muss seinen Anteil zur Gesellschaft leisten. Das f\u00e4ngt im Sportverein [&hellip;]","og_url":"https:\/\/cdu-kaarst.de\/en\/personen\/lars-witte\/","og_site_name":"CDU Kaarst-B\u00fcttgen","article_modified_time":"2025-12-19T06:50:21+00:00","og_image":[{"width":800,"height":901,"url":"https:\/\/cdu-kaarst.de\/wp-content\/uploads\/lars-witte.jpg","type":"image\/jpeg"}],"twitter_card":"summary_large_image","twitter_misc":{"Estimated reading time":"2 minutes"},"schema":{"@context":"https:\/\/schema.org","@graph":[{"@type":"WebPage","@id":"https:\/\/cdu-kaarst.de\/personen\/lars-witte\/","url":"https:\/\/cdu-kaarst.de\/personen\/lars-witte\/","name":"Lars Witte - CDU Kaarst-B\u00fcttgen","isPartOf":{"@id":"https:\/\/cdu-kaarst.de\/#website"},"primaryImageOfPage":{"@id":"https:\/\/cdu-kaarst.de\/personen\/lars-witte\/#primaryimage"},"image":{"@id":"https:\/\/cdu-kaarst.de\/personen\/lars-witte\/#primaryimage"},"thumbnailUrl":"https:\/\/cdu-kaarst.de\/wp-content\/uploads\/lars-witte.jpg","datePublished":"2024-05-13T10:47:32+00:00","dateModified":"2025-12-19T06:50:21+00:00","breadcrumb":{"@id":"https:\/\/cdu-kaarst.de\/personen\/lars-witte\/#breadcrumb"},"inLanguage":"en-GB","potentialAction":[{"@type":"ReadAction","target":["https:\/\/cdu-kaarst.de\/personen\/lars-witte\/"]}]},{"@type":"ImageObject","inLanguage":"en-GB","@id":"https:\/\/cdu-kaarst.de\/personen\/lars-witte\/#primaryimage","url":"https:\/\/cdu-kaarst.de\/wp-content\/uploads\/lars-witte.jpg","contentUrl":"https:\/\/cdu-kaarst.de\/wp-content\/uploads\/lars-witte.jpg","width":800,"height":901},{"@type":"BreadcrumbList","@id":"https:\/\/cdu-kaarst.de\/personen\/lars-witte\/#breadcrumb","itemListElement":[{"@type":"ListItem","position":1,"name":"Startseite","item":"https:\/\/cdu-kaarst.de\/"},{"@type":"ListItem","position":2,"name":"Personen","item":"https:\/\/cdu-kaarst.de\/personen\/"},{"@type":"ListItem","position":3,"name":"Lars Witte"}]},{"@type":"WebSite","@id":"https:\/\/cdu-kaarst.de\/#website","url":"https:\/\/cdu-kaarst.de\/","name":"CDU Kaarst-B\u00fcttgen","description":"living well in Kaarst","publisher":{"@id":"https:\/\/cdu-kaarst.de\/#organization"},"potentialAction":[{"@type":"SearchAction","target":{"@type":"EntryPoint","urlTemplate":"https:\/\/cdu-kaarst.de\/?s={search_term_string}"},"query-input":{"@type":"PropertyValueSpecification","valueRequired":true,"valueName":"search_term_string"}}],"inLanguage":"en-GB"},{"@type":"Organization","@id":"https:\/\/cdu-kaarst.de\/#organization","name":"CDU Kaarst-B\u00fcttgen","url":"https:\/\/cdu-kaarst.de\/","logo":{"@type":"ImageObject","inLanguage":"en-GB","@id":"https:\/\/cdu-kaarst.de\/#\/schema\/logo\/image\/","url":"https:\/\/cdu-kaarst.de\/wp-content\/uploads\/cdu-gesamtlogo.png","contentUrl":"https:\/\/cdu-kaarst.de\/wp-content\/uploads\/cdu-gesamtlogo.png","width":418,"height":120,"caption":"CDU Kaarst-B\u00fcttgen"},"image":{"@id":"https:\/\/cdu-kaarst.de\/#\/schema\/logo\/image\/"}}]}},"_links":{"self":[{"href":"https:\/\/cdu-kaarst.de\/en\/wp-json\/wp\/v2\/personen\/1419","targetHints":{"allow":["GET"]}}],"collection":[{"href":"https:\/\/cdu-kaarst.de\/en\/wp-json\/wp\/v2\/personen"}],"about":[{"href":"https:\/\/cdu-kaarst.de\/en\/wp-json\/wp\/v2\/types\/personen"}],"wp:featuredmedia":[{"embeddable":true,"href":"https:\/\/cdu-kaarst.de\/en\/wp-json\/wp\/v2\/media\/3330"}],"wp:attachment":[{"href":"https:\/\/cdu-kaarst.de\/en\/wp-json\/wp\/v2\/media?parent=1419"}],"wp:term":[{"taxonomy":"ausschusse","embeddable":true,"href":"https:\/\/cdu-kaarst.de\/en\/wp-json\/wp\/v2\/ausschusse?post=1419"},{"taxonomy":"stadt","embeddable":true,"href":"https:\/\/cdu-kaarst.de\/en\/wp-json\/wp\/v2\/stadt?post=1419"}],"curies":[{"name":"wp","href":"https:\/\/api.w.org\/{rel}","templated":true}]}}

<p><b>CDU, because ...</b></p>
<p>the CDU stands for reliable, forward-looking and stable policies with an enormously diverse membership structure.</p>
<p><b>Motivation - Why volunteer:</b></p>
<p>Our society cannot function without voluntary work! I am deeply convinced of this. If you want to live in a free, safe and democratic country, you have to do your bit for society. This starts at the sports club and extends to many areas of life.</p>
<p><b>Hobbies:</b></p>
<p>Cycling, politics and travelling.</p>
<p><b>What is particularly important to me:</b></p>
<p>My passion is cycling at VfR Büttgen. It brought me from the Westerwald to Kaarst permanently. Formerly a competitive athlete myself, today as chairman, team manager and coach, I pass on important knowledge to the next generation and inspire as many people as possible for cycling.</p>
<p><b>What wish do you have for Kaarst?</b></p>
<p>That Kaarst remains diverse in terms of sport. I am focussing on the area of sport. At the same time, I am also fighting in the area of finance to ensure that the foundations are laid to maintain sport in Kaarst and its infrastructure. As a voluntary task of a local authority, this is where the red pencil comes into play first. The inestimable and unquantifiable value of sport for our society is often neglected.</p>
<div style="position: relative; width: 360px; height: 640px; overflow: hidden;">
<div class="brlbs-cmpnt-container brlbs-cmpnt-content-blocker brlbs-cmpnt-with-individual-styles" data-borlabs-cookie-content-blocker-id="youtube-content-blocker" data-borlabs-cookie-content="PGlmcmFtZSBzdHlsZT0icG9zaXRpb246IGFic29sdXRlOyB0b3A6IDA7IGxlZnQ6IDUwJTsgdHJhbnNmb3JtOiB0cmFuc2xhdGVYKC01MCUpOyIgdGl0bGU9IkNEVSBLYWFyc3QgU3RhZHRyYXRza2FuZGlkYXQgVG9iaWFzIEJlY2tlciIgc3JjPSJodHRwczovL3d3dy55b3V0dWJlLW5vY29va2llLmNvbS9lbWJlZC9LaXdFTzRmanNYbyIgd2lkdGg9Ijg1NCIgaGVpZ2h0PSI2NDAiIGZyYW1lYm9yZGVyPSIwIiBhbGxvd2Z1bGxzY3JlZW49ImFsbG93ZnVsbHNjcmVlbiI+PC9pZnJhbWU+">
<div class="brlbs-cmpnt-cb-preset-c brlbs-cmpnt-cb-youtube">
<div class="brlbs-cmpnt-cb-thumbnail" style="background-image: url('https://cdu-kaarst.de/wp-content/uploads/borlabs-cookie/1/yt_KiwEO4fjsXo_hqdefault.jpg')"></div>
<div class="brlbs-cmpnt-cb-main">
<div class="brlbs-cmpnt-cb-play-button"></div>
<div class="brlbs-cmpnt-cb-content">
<p class="brlbs-cmpnt-cb-description">You are currently viewing a placeholder content from <strong>YouTube</strong>. To access the actual content, click the button below. Please note that doing so will share data with third-party providers.</p>
<p> <a class="brlbs-cmpnt-cb-provider-toggle" href="#" data-borlabs-cookie-show-provider-information role="button">More Information</a> </div>
<div class="brlbs-cmpnt-cb-buttons"> <a class="brlbs-cmpnt-cb-btn" href="#" data-borlabs-cookie-unblock role="button">Unblock content</a> <a class="brlbs-cmpnt-cb-btn" href="#" data-borlabs-cookie-accept-service role="button" style="display: inherit">Accept required service and unblock content</a> </div>
</p></div>
</p></div>
</div>
</div>

<!-- This site is optimized with the Yoast SEO plugin v27.4 - https://yoast.com/product/yoast-seo-wordpress/ -->
<title>Lars Witte - CDU Kaarst-Büttgen</title>
<meta name="robots" content="index, follow, max-snippet:-1, max-image-preview:large, max-video-preview:-1" />
<link rel="canonical" href="https://cdu-kaarst.de/en/personen/lars-witte/" />
<meta property="og:locale" content="en_GB" />
<meta property="og:type" content="article" />
<meta property="og:title" content="Lars Witte - CDU Kaarst-Büttgen" />
<meta property="og:description" content="CDU, weil &#8230; die CDU für eine verlässliche, zukunftsorientierte und stabile Politik mit einer enorm vielseitigen Mitgliederstruktur steht. Motivation – Warum ehrenamtliche Mitarbeit: Ohne Ehrenamt funktioniert unsere Gesellschaft nicht! Davon bin ich zutiefst überzeugt. Wer in einem freien, sicheren und demokratischen Land leben möchte, der muss seinen Anteil zur Gesellschaft leisten. Das fängt im Sportverein [&hellip;]" />
<meta property="og:url" content="https://cdu-kaarst.de/en/personen/lars-witte/" />
<meta property="og:site_name" content="CDU Kaarst-Büttgen" />
<meta property="article:modified_time" content="2025-12-19T06:50:21+00:00" />
<meta property="og:image" content="https://cdu-kaarst.de/wp-content/uploads/lars-witte.jpg" />
	<meta property="og:image:width" content="800" />
	<meta property="og:image:height" content="901" />
	<meta property="og:image:type" content="image/jpeg" />
<meta name="twitter:card" content="summary_large_image" />
<meta name="twitter:label1" content="Estimated reading time" />
	<meta name="twitter:data1" content="2 minutes" />
<script type="application/ld+json" class="yoast-schema-graph">{"@context":"https:\/\/schema.org","@graph":[{"@type":"WebPage","@id":"https:\/\/cdu-kaarst.de\/personen\/lars-witte\/","url":"https:\/\/cdu-kaarst.de\/personen\/lars-witte\/","name":"Lars Witte - CDU Kaarst-Büttgen","isPartOf":{"@id":"https:\/\/cdu-kaarst.de\/#website"},"primaryImageOfPage":{"@id":"https:\/\/cdu-kaarst.de\/personen\/lars-witte\/#primaryimage"},"image":{"@id":"https:\/\/cdu-kaarst.de\/personen\/lars-witte\/#primaryimage"},"thumbnailUrl":"https:\/\/cdu-kaarst.de\/wp-content\/uploads\/lars-witte.jpg","datePublished":"2024-05-13T10:47:32+00:00","dateModified":"2025-12-19T06:50:21+00:00","breadcrumb":{"@id":"https:\/\/cdu-kaarst.de\/personen\/lars-witte\/#breadcrumb"},"inLanguage":"en-GB","potentialAction":[{"@type":"ReadAction","target":["https:\/\/cdu-kaarst.de\/personen\/lars-witte\/"]}]},{"@type":"ImageObject","inLanguage":"en-GB","@id":"https:\/\/cdu-kaarst.de\/personen\/lars-witte\/#primaryimage","url":"https:\/\/cdu-kaarst.de\/wp-content\/uploads\/lars-witte.jpg","contentUrl":"https:\/\/cdu-kaarst.de\/wp-content\/uploads\/lars-witte.jpg","width":800,"height":901},{"@type":"BreadcrumbList","@id":"https:\/\/cdu-kaarst.de\/personen\/lars-witte\/#breadcrumb","itemListElement":[{"@type":"ListItem","position":1,"name":"Startseite","item":"https:\/\/cdu-kaarst.de\/"},{"@type":"ListItem","position":2,"name":"Personen","item":"https:\/\/cdu-kaarst.de\/personen\/"},{"@type":"ListItem","position":3,"name":"Lars Witte"}]},{"@type":"WebSite","@id":"https:\/\/cdu-kaarst.de\/#website","url":"https:\/\/cdu-kaarst.de\/","name":"CDU Kaarst-Büttgen","description":"gut Leben in Kaarst","publisher":{"@id":"https:\/\/cdu-kaarst.de\/#organization"},"potentialAction":[{"@type":"SearchAction","target":{"@type":"EntryPoint","urlTemplate":"https:\/\/cdu-kaarst.de\/?s={search_term_string}"},"query-input":{"@type":"PropertyValueSpecification","valueRequired":true,"valueName":"search_term_string"}}],"inLanguage":"en-GB"},{"@type":"Organization","@id":"https:\/\/cdu-kaarst.de\/#organization","name":"CDU Kaarst-Büttgen","url":"https:\/\/cdu-kaarst.de\/","logo":{"@type":"ImageObject","inLanguage":"en-GB","@id":"https:\/\/cdu-kaarst.de\/#\/schema\/logo\/image\/","url":"https:\/\/cdu-kaarst.de\/wp-content\/uploads\/cdu-gesamtlogo.png","contentUrl":"https:\/\/cdu-kaarst.de\/wp-content\/uploads\/cdu-gesamtlogo.png","width":418,"height":120,"caption":"CDU Kaarst-Büttgen"},"image":{"@id":"https:\/\/cdu-kaarst.de\/#\/schema\/logo\/image\/"}}]}</script>
<!-- / Yoast SEO plugin. -->

Lars Witte - CDU Kaarst-Büttgen

CDU, weil &#8230; die CDU für eine verlässliche, zukunftsorientierte und stabile Politik mit einer enorm vielseitigen Mitgliederstruktur steht. Motivation – Warum ehrenamtliche Mitarbeit: Ohne Ehrenamt funktioniert unsere Gesellschaft nicht! Davon bin ich zutiefst überzeugt. Wer in einem freien, sicheren und demokratischen Land leben möchte, der muss seinen Anteil zur Gesellschaft leisten. Das fängt im Sportverein [&hellip;]

CDU Kaarst-Büttgen
