{"id":1420,"date":"2024-05-13T12:48:03","date_gmt":"2024-05-13T10:48:03","guid":{"rendered":"http:\/\/cdu-kaarst.de\/?post_type=personen&#038;p=1420"},"modified":"2025-11-10T15:08:34","modified_gmt":"2025-11-10T14:08:34","slug":"petra-indenhuck","status":"publish","type":"personen","link":"https:\/\/cdu-kaarst.de\/en\/personen\/petra-indenhuck\/","title":{"rendered":"Petra Indenhuck"},"content":{"rendered":"<p><strong>CDU, because ....\u00a0\u00a0\u00a0<\/strong><\/p>\n<p>she represents my values and convictions.<\/p>\n<p>Issues such as freedom, responsibility, democracy and solidarity are very important to me.<\/p>\n<p>Women play a central role and make a decisive contribution to the political work and further development of the party.<\/p>\n<p>They are committed to a wide range of issues such as family policy, education, health, environmental protection, gender equality and equal opportunities.<strong>\u00a0<\/strong><\/p>\n<p>&nbsp;<\/p>\n<p>For me, the CDU is a reliable and stable political force that provides consistency and security.<\/p>\n<p>&nbsp;<\/p>\n<p>I am very happy to do voluntary work in my home town of Kaarst, because the values I have mentioned give me a sense of home and a feeling of belonging.<\/p>\n<p>Identification and form a stable foundation for future generations.<\/p>\n<p>\u2014<\/p>","protected":false},"featured_media":2794,"template":"","ausschusse":[],"stadt":[72,74,47],"class_list":["post-1420","personen","type-personen","status-publish","has-post-thumbnail","hentry","stadt-beisitzer-frauenunion","stadt-kreistagsabgeordnete","stadt-ortsverband-buettgen"],"yoast_head":"<!-- This site is optimized with the Yoast SEO plugin v27.4 - https:\/\/yoast.com\/product\/yoast-seo-wordpress\/ -->\n<title>Petra Indenhuck - CDU Kaarst-B\u00fcttgen<\/title>\n<meta name=\"robots\" content=\"index, follow, max-snippet:-1, max-image-preview:large, max-video-preview:-1\" \/>\n<link rel=\"canonical\" href=\"https:\/\/cdu-kaarst.de\/en\/personen\/petra-indenhuck\/\" \/>\n<meta property=\"og:locale\" content=\"en_GB\" \/>\n<meta property=\"og:type\" content=\"article\" \/>\n<meta property=\"og:title\" content=\"Petra Indenhuck - CDU Kaarst-B\u00fcttgen\" \/>\n<meta property=\"og:description\" content=\"CDU, weil \u2026.\u00a0\u00a0\u00a0 sie meine Werte und \u00dcberzeugungen vertritt. Themen wie Freiheit, Verantwortung, Demokratie und Solidarit\u00e4t sind f\u00fcr mich von gro\u00dfer Bedeutung. Frauen haben eine\u00a0zentrale Rolle und tragen entscheidend zur politischen Arbeit und zur Weiterentwicklung der Partei bei. Sie engagieren sich f\u00fcr eine Vielzahl von Themen wie Familienpolitik, Bildung, Gesundheit, Umweltschutz sowie Gleichstellung von Mann [&hellip;]\" \/>\n<meta property=\"og:url\" content=\"https:\/\/cdu-kaarst.de\/en\/personen\/petra-indenhuck\/\" \/>\n<meta property=\"og:site_name\" content=\"CDU Kaarst-B\u00fcttgen\" \/>\n<meta property=\"article:modified_time\" content=\"2025-11-10T14:08:34+00:00\" \/>\n<meta property=\"og:image\" content=\"https:\/\/cdu-kaarst.de\/wp-content\/uploads\/cdu-kaarst_indenhuck-petra.jpg\" \/>\n\t<meta property=\"og:image:width\" content=\"1024\" \/>\n\t<meta property=\"og:image:height\" content=\"1024\" \/>\n\t<meta property=\"og:image:type\" content=\"image\/jpeg\" \/>\n<meta name=\"twitter:card\" content=\"summary_large_image\" \/>\n<meta name=\"twitter:label1\" content=\"Estimated reading time\" \/>\n\t<meta name=\"twitter:data1\" content=\"1 minute\" \/>\n<script type=\"application\/ld+json\" class=\"yoast-schema-graph\">{\"@context\":\"https:\\\/\\\/schema.org\",\"@graph\":[{\"@type\":\"WebPage\",\"@id\":\"https:\\\/\\\/cdu-kaarst.de\\\/personen\\\/petra-indenhuck\\\/\",\"url\":\"https:\\\/\\\/cdu-kaarst.de\\\/personen\\\/petra-indenhuck\\\/\",\"name\":\"Petra Indenhuck - CDU Kaarst-B\u00fcttgen\",\"isPartOf\":{\"@id\":\"https:\\\/\\\/cdu-kaarst.de\\\/#website\"},\"primaryImageOfPage\":{\"@id\":\"https:\\\/\\\/cdu-kaarst.de\\\/personen\\\/petra-indenhuck\\\/#primaryimage\"},\"image\":{\"@id\":\"https:\\\/\\\/cdu-kaarst.de\\\/personen\\\/petra-indenhuck\\\/#primaryimage\"},\"thumbnailUrl\":\"https:\\\/\\\/cdu-kaarst.de\\\/wp-content\\\/uploads\\\/cdu-kaarst_indenhuck-petra.jpg\",\"datePublished\":\"2024-05-13T10:48:03+00:00\",\"dateModified\":\"2025-11-10T14:08:34+00:00\",\"breadcrumb\":{\"@id\":\"https:\\\/\\\/cdu-kaarst.de\\\/personen\\\/petra-indenhuck\\\/#breadcrumb\"},\"inLanguage\":\"en-GB\",\"potentialAction\":[{\"@type\":\"ReadAction\",\"target\":[\"https:\\\/\\\/cdu-kaarst.de\\\/personen\\\/petra-indenhuck\\\/\"]}]},{\"@type\":\"ImageObject\",\"inLanguage\":\"en-GB\",\"@id\":\"https:\\\/\\\/cdu-kaarst.de\\\/personen\\\/petra-indenhuck\\\/#primaryimage\",\"url\":\"https:\\\/\\\/cdu-kaarst.de\\\/wp-content\\\/uploads\\\/cdu-kaarst_indenhuck-petra.jpg\",\"contentUrl\":\"https:\\\/\\\/cdu-kaarst.de\\\/wp-content\\\/uploads\\\/cdu-kaarst_indenhuck-petra.jpg\",\"width\":1024,\"height\":1024},{\"@type\":\"BreadcrumbList\",\"@id\":\"https:\\\/\\\/cdu-kaarst.de\\\/personen\\\/petra-indenhuck\\\/#breadcrumb\",\"itemListElement\":[{\"@type\":\"ListItem\",\"position\":1,\"name\":\"Startseite\",\"item\":\"https:\\\/\\\/cdu-kaarst.de\\\/\"},{\"@type\":\"ListItem\",\"position\":2,\"name\":\"Personen\",\"item\":\"https:\\\/\\\/cdu-kaarst.de\\\/personen\\\/\"},{\"@type\":\"ListItem\",\"position\":3,\"name\":\"Petra Indenhuck\"}]},{\"@type\":\"WebSite\",\"@id\":\"https:\\\/\\\/cdu-kaarst.de\\\/#website\",\"url\":\"https:\\\/\\\/cdu-kaarst.de\\\/\",\"name\":\"CDU Kaarst-B\u00fcttgen\",\"description\":\"gut Leben in Kaarst\",\"publisher\":{\"@id\":\"https:\\\/\\\/cdu-kaarst.de\\\/#organization\"},\"potentialAction\":[{\"@type\":\"SearchAction\",\"target\":{\"@type\":\"EntryPoint\",\"urlTemplate\":\"https:\\\/\\\/cdu-kaarst.de\\\/?s={search_term_string}\"},\"query-input\":{\"@type\":\"PropertyValueSpecification\",\"valueRequired\":true,\"valueName\":\"search_term_string\"}}],\"inLanguage\":\"en-GB\"},{\"@type\":\"Organization\",\"@id\":\"https:\\\/\\\/cdu-kaarst.de\\\/#organization\",\"name\":\"CDU Kaarst-B\u00fcttgen\",\"url\":\"https:\\\/\\\/cdu-kaarst.de\\\/\",\"logo\":{\"@type\":\"ImageObject\",\"inLanguage\":\"en-GB\",\"@id\":\"https:\\\/\\\/cdu-kaarst.de\\\/#\\\/schema\\\/logo\\\/image\\\/\",\"url\":\"https:\\\/\\\/cdu-kaarst.de\\\/wp-content\\\/uploads\\\/cdu-gesamtlogo.png\",\"contentUrl\":\"https:\\\/\\\/cdu-kaarst.de\\\/wp-content\\\/uploads\\\/cdu-gesamtlogo.png\",\"width\":418,\"height\":120,\"caption\":\"CDU Kaarst-B\u00fcttgen\"},\"image\":{\"@id\":\"https:\\\/\\\/cdu-kaarst.de\\\/#\\\/schema\\\/logo\\\/image\\\/\"}}]}<\/script>\n<!-- \/ Yoast SEO plugin. -->","yoast_head_json":{"title":"Petra Indenhuck - CDU Kaarst-B\u00fcttgen","robots":{"index":"index","follow":"follow","max-snippet":"max-snippet:-1","max-image-preview":"max-image-preview:large","max-video-preview":"max-video-preview:-1"},"canonical":"https:\/\/cdu-kaarst.de\/en\/personen\/petra-indenhuck\/","og_locale":"en_GB","og_type":"article","og_title":"Petra Indenhuck - CDU Kaarst-B\u00fcttgen","og_description":"CDU, weil \u2026.\u00a0\u00a0\u00a0 sie meine Werte und \u00dcberzeugungen vertritt. Themen wie Freiheit, Verantwortung, Demokratie und Solidarit\u00e4t sind f\u00fcr mich von gro\u00dfer Bedeutung. Frauen haben eine\u00a0zentrale Rolle und tragen entscheidend zur politischen Arbeit und zur Weiterentwicklung der Partei bei. Sie engagieren sich f\u00fcr eine Vielzahl von Themen wie Familienpolitik, Bildung, Gesundheit, Umweltschutz sowie Gleichstellung von Mann [&hellip;]","og_url":"https:\/\/cdu-kaarst.de\/en\/personen\/petra-indenhuck\/","og_site_name":"CDU Kaarst-B\u00fcttgen","article_modified_time":"2025-11-10T14:08:34+00:00","og_image":[{"width":1024,"height":1024,"url":"https:\/\/cdu-kaarst.de\/wp-content\/uploads\/cdu-kaarst_indenhuck-petra.jpg","type":"image\/jpeg"}],"twitter_card":"summary_large_image","twitter_misc":{"Estimated reading time":"1 minute"},"schema":{"@context":"https:\/\/schema.org","@graph":[{"@type":"WebPage","@id":"https:\/\/cdu-kaarst.de\/personen\/petra-indenhuck\/","url":"https:\/\/cdu-kaarst.de\/personen\/petra-indenhuck\/","name":"Petra Indenhuck - CDU Kaarst-B\u00fcttgen","isPartOf":{"@id":"https:\/\/cdu-kaarst.de\/#website"},"primaryImageOfPage":{"@id":"https:\/\/cdu-kaarst.de\/personen\/petra-indenhuck\/#primaryimage"},"image":{"@id":"https:\/\/cdu-kaarst.de\/personen\/petra-indenhuck\/#primaryimage"},"thumbnailUrl":"https:\/\/cdu-kaarst.de\/wp-content\/uploads\/cdu-kaarst_indenhuck-petra.jpg","datePublished":"2024-05-13T10:48:03+00:00","dateModified":"2025-11-10T14:08:34+00:00","breadcrumb":{"@id":"https:\/\/cdu-kaarst.de\/personen\/petra-indenhuck\/#breadcrumb"},"inLanguage":"en-GB","potentialAction":[{"@type":"ReadAction","target":["https:\/\/cdu-kaarst.de\/personen\/petra-indenhuck\/"]}]},{"@type":"ImageObject","inLanguage":"en-GB","@id":"https:\/\/cdu-kaarst.de\/personen\/petra-indenhuck\/#primaryimage","url":"https:\/\/cdu-kaarst.de\/wp-content\/uploads\/cdu-kaarst_indenhuck-petra.jpg","contentUrl":"https:\/\/cdu-kaarst.de\/wp-content\/uploads\/cdu-kaarst_indenhuck-petra.jpg","width":1024,"height":1024},{"@type":"BreadcrumbList","@id":"https:\/\/cdu-kaarst.de\/personen\/petra-indenhuck\/#breadcrumb","itemListElement":[{"@type":"ListItem","position":1,"name":"Startseite","item":"https:\/\/cdu-kaarst.de\/"},{"@type":"ListItem","position":2,"name":"Personen","item":"https:\/\/cdu-kaarst.de\/personen\/"},{"@type":"ListItem","position":3,"name":"Petra Indenhuck"}]},{"@type":"WebSite","@id":"https:\/\/cdu-kaarst.de\/#website","url":"https:\/\/cdu-kaarst.de\/","name":"CDU Kaarst-B\u00fcttgen","description":"living well in Kaarst","publisher":{"@id":"https:\/\/cdu-kaarst.de\/#organization"},"potentialAction":[{"@type":"SearchAction","target":{"@type":"EntryPoint","urlTemplate":"https:\/\/cdu-kaarst.de\/?s={search_term_string}"},"query-input":{"@type":"PropertyValueSpecification","valueRequired":true,"valueName":"search_term_string"}}],"inLanguage":"en-GB"},{"@type":"Organization","@id":"https:\/\/cdu-kaarst.de\/#organization","name":"CDU Kaarst-B\u00fcttgen","url":"https:\/\/cdu-kaarst.de\/","logo":{"@type":"ImageObject","inLanguage":"en-GB","@id":"https:\/\/cdu-kaarst.de\/#\/schema\/logo\/image\/","url":"https:\/\/cdu-kaarst.de\/wp-content\/uploads\/cdu-gesamtlogo.png","contentUrl":"https:\/\/cdu-kaarst.de\/wp-content\/uploads\/cdu-gesamtlogo.png","width":418,"height":120,"caption":"CDU Kaarst-B\u00fcttgen"},"image":{"@id":"https:\/\/cdu-kaarst.de\/#\/schema\/logo\/image\/"}}]}},"_links":{"self":[{"href":"https:\/\/cdu-kaarst.de\/en\/wp-json\/wp\/v2\/personen\/1420","targetHints":{"allow":["GET"]}}],"collection":[{"href":"https:\/\/cdu-kaarst.de\/en\/wp-json\/wp\/v2\/personen"}],"about":[{"href":"https:\/\/cdu-kaarst.de\/en\/wp-json\/wp\/v2\/types\/personen"}],"wp:featuredmedia":[{"embeddable":true,"href":"https:\/\/cdu-kaarst.de\/en\/wp-json\/wp\/v2\/media\/2794"}],"wp:attachment":[{"href":"https:\/\/cdu-kaarst.de\/en\/wp-json\/wp\/v2\/media?parent=1420"}],"wp:term":[{"taxonomy":"ausschusse","embeddable":true,"href":"https:\/\/cdu-kaarst.de\/en\/wp-json\/wp\/v2\/ausschusse?post=1420"},{"taxonomy":"stadt","embeddable":true,"href":"https:\/\/cdu-kaarst.de\/en\/wp-json\/wp\/v2\/stadt?post=1420"}],"curies":[{"name":"wp","href":"https:\/\/api.w.org\/{rel}","templated":true}]}}

<!-- This site is optimized with the Yoast SEO plugin v27.4 - https://yoast.com/product/yoast-seo-wordpress/ -->
<title>Petra Indenhuck - CDU Kaarst-Büttgen</title>
<meta name="robots" content="index, follow, max-snippet:-1, max-image-preview:large, max-video-preview:-1" />
<link rel="canonical" href="https://cdu-kaarst.de/en/personen/petra-indenhuck/" />
<meta property="og:locale" content="en_GB" />
<meta property="og:type" content="article" />
<meta property="og:title" content="Petra Indenhuck - CDU Kaarst-Büttgen" />
<meta property="og:description" content="CDU, weil ….    sie meine Werte und Überzeugungen vertritt. Themen wie Freiheit, Verantwortung, Demokratie und Solidarität sind für mich von großer Bedeutung. Frauen haben eine zentrale Rolle und tragen entscheidend zur politischen Arbeit und zur Weiterentwicklung der Partei bei. Sie engagieren sich für eine Vielzahl von Themen wie Familienpolitik, Bildung, Gesundheit, Umweltschutz sowie Gleichstellung von Mann [&hellip;]" />
<meta property="og:url" content="https://cdu-kaarst.de/en/personen/petra-indenhuck/" />
<meta property="og:site_name" content="CDU Kaarst-Büttgen" />
<meta property="article:modified_time" content="2025-11-10T14:08:34+00:00" />
<meta property="og:image" content="https://cdu-kaarst.de/wp-content/uploads/cdu-kaarst_indenhuck-petra.jpg" />
	<meta property="og:image:width" content="1024" />
	<meta property="og:image:height" content="1024" />
	<meta property="og:image:type" content="image/jpeg" />
<meta name="twitter:card" content="summary_large_image" />
<meta name="twitter:label1" content="Estimated reading time" />
	<meta name="twitter:data1" content="1 minute" />
<script type="application/ld+json" class="yoast-schema-graph">{"@context":"https:\/\/schema.org","@graph":[{"@type":"WebPage","@id":"https:\/\/cdu-kaarst.de\/personen\/petra-indenhuck\/","url":"https:\/\/cdu-kaarst.de\/personen\/petra-indenhuck\/","name":"Petra Indenhuck - CDU Kaarst-Büttgen","isPartOf":{"@id":"https:\/\/cdu-kaarst.de\/#website"},"primaryImageOfPage":{"@id":"https:\/\/cdu-kaarst.de\/personen\/petra-indenhuck\/#primaryimage"},"image":{"@id":"https:\/\/cdu-kaarst.de\/personen\/petra-indenhuck\/#primaryimage"},"thumbnailUrl":"https:\/\/cdu-kaarst.de\/wp-content\/uploads\/cdu-kaarst_indenhuck-petra.jpg","datePublished":"2024-05-13T10:48:03+00:00","dateModified":"2025-11-10T14:08:34+00:00","breadcrumb":{"@id":"https:\/\/cdu-kaarst.de\/personen\/petra-indenhuck\/#breadcrumb"},"inLanguage":"en-GB","potentialAction":[{"@type":"ReadAction","target":["https:\/\/cdu-kaarst.de\/personen\/petra-indenhuck\/"]}]},{"@type":"ImageObject","inLanguage":"en-GB","@id":"https:\/\/cdu-kaarst.de\/personen\/petra-indenhuck\/#primaryimage","url":"https:\/\/cdu-kaarst.de\/wp-content\/uploads\/cdu-kaarst_indenhuck-petra.jpg","contentUrl":"https:\/\/cdu-kaarst.de\/wp-content\/uploads\/cdu-kaarst_indenhuck-petra.jpg","width":1024,"height":1024},{"@type":"BreadcrumbList","@id":"https:\/\/cdu-kaarst.de\/personen\/petra-indenhuck\/#breadcrumb","itemListElement":[{"@type":"ListItem","position":1,"name":"Startseite","item":"https:\/\/cdu-kaarst.de\/"},{"@type":"ListItem","position":2,"name":"Personen","item":"https:\/\/cdu-kaarst.de\/personen\/"},{"@type":"ListItem","position":3,"name":"Petra Indenhuck"}]},{"@type":"WebSite","@id":"https:\/\/cdu-kaarst.de\/#website","url":"https:\/\/cdu-kaarst.de\/","name":"CDU Kaarst-Büttgen","description":"gut Leben in Kaarst","publisher":{"@id":"https:\/\/cdu-kaarst.de\/#organization"},"potentialAction":[{"@type":"SearchAction","target":{"@type":"EntryPoint","urlTemplate":"https:\/\/cdu-kaarst.de\/?s={search_term_string}"},"query-input":{"@type":"PropertyValueSpecification","valueRequired":true,"valueName":"search_term_string"}}],"inLanguage":"en-GB"},{"@type":"Organization","@id":"https:\/\/cdu-kaarst.de\/#organization","name":"CDU Kaarst-Büttgen","url":"https:\/\/cdu-kaarst.de\/","logo":{"@type":"ImageObject","inLanguage":"en-GB","@id":"https:\/\/cdu-kaarst.de\/#\/schema\/logo\/image\/","url":"https:\/\/cdu-kaarst.de\/wp-content\/uploads\/cdu-gesamtlogo.png","contentUrl":"https:\/\/cdu-kaarst.de\/wp-content\/uploads\/cdu-gesamtlogo.png","width":418,"height":120,"caption":"CDU Kaarst-Büttgen"},"image":{"@id":"https:\/\/cdu-kaarst.de\/#\/schema\/logo\/image\/"}}]}</script>
<!-- / Yoast SEO plugin. -->

Petra Indenhuck - CDU Kaarst-Büttgen

CDU, weil ….    sie meine Werte und Überzeugungen vertritt. Themen wie Freiheit, Verantwortung, Demokratie und Solidarität sind für mich von großer Bedeutung. Frauen haben eine zentrale Rolle und tragen entscheidend zur politischen Arbeit und zur Weiterentwicklung der Partei bei. Sie engagieren sich für eine Vielzahl von Themen wie Familienpolitik, Bildung, Gesundheit, Umweltschutz sowie Gleichstellung von Mann [&hellip;]

CDU Kaarst-Büttgen
