{"id":1783,"date":"2024-05-14T13:44:54","date_gmt":"2024-05-14T11:44:54","guid":{"rendered":"http:\/\/cdu-kaarst.de\/?post_type=personen&#038;p=1783"},"modified":"2025-02-04T15:36:54","modified_gmt":"2025-02-04T14:36:54","slug":"christa-roehlike","status":"publish","type":"personen","link":"https:\/\/cdu-kaarst.de\/en\/personen\/christa-roehlike\/","title":{"rendered":"Christa Roehlike"},"content":{"rendered":"<p><strong>CDU, because ....<\/strong><\/p>\n<p>Combining tradition and the future in a meaningful way<\/p>\n<p>the party stands up for the economy<\/p>\n<p>the party has a balanced view of social issues<\/p>\n<p><strong>Motivation - Why volunteer:\u00a0 <\/strong><\/p>\n<p>Commitment to the community<\/p>\n<p>Helping to shape life in Kaarst, especially for young families<\/p>\n<p>Influencing political decisions, especially in school policy.<\/p>\n<p><strong>Hobbies:<\/strong><\/p>\n<p>Reading, Family<\/p>\n<p><strong>What is particularly important to me:<\/strong><\/p>\n<p>Reliability and honesty<\/p>\n<p><strong>What wish do you have for Kaarst?<\/strong><\/p>\n<p>Kaarst citizens should enjoy living in Kaarst. To achieve this, good existing facilities must be kept alive and new ones created. This is where politics comes in.<\/p>","protected":false},"featured_media":2754,"template":"","ausschusse":[],"stadt":[57,59],"class_list":["post-1783","personen","type-personen","status-publish","has-post-thumbnail","hentry","stadt-beisitzer-stadtverband-kaarst-buettgen","stadt-beisitzer"],"yoast_head":"<!-- This site is optimized with the Yoast SEO plugin v27.4 - https:\/\/yoast.com\/product\/yoast-seo-wordpress\/ -->\n<title>Christa Roehlike - CDU Kaarst-B\u00fcttgen<\/title>\n<meta name=\"robots\" content=\"index, follow, max-snippet:-1, max-image-preview:large, max-video-preview:-1\" \/>\n<link rel=\"canonical\" href=\"https:\/\/cdu-kaarst.de\/en\/personen\/christa-roehlike\/\" \/>\n<meta property=\"og:locale\" content=\"en_GB\" \/>\n<meta property=\"og:type\" content=\"article\" \/>\n<meta property=\"og:title\" content=\"Christa Roehlike - CDU Kaarst-B\u00fcttgen\" \/>\n<meta property=\"og:description\" content=\"CDU, weil \u2026. Tradition und Zukunft sinnvoll verbunden werden die Partei f\u00fcr die Wirtschaft eintritt die Partei soziale Belange in ausgewogener Weise im Blick hat Motivation \u2013 Warum ehrenamtliche Mitarbeit:\u00a0 Einsatz f\u00fcr die Gemeinschaft Mitgestaltung des Lebens f\u00fcr Kaarster, besonders f\u00fcr junge Familien Einflussnahme auf politische Entscheidungen, besonders in der Schulpolitik. Hobbys: Lesen, Familie Was [&hellip;]\" \/>\n<meta property=\"og:url\" content=\"https:\/\/cdu-kaarst.de\/en\/personen\/christa-roehlike\/\" \/>\n<meta property=\"og:site_name\" content=\"CDU Kaarst-B\u00fcttgen\" \/>\n<meta property=\"article:modified_time\" content=\"2025-02-04T14:36:54+00:00\" \/>\n<meta property=\"og:image\" content=\"https:\/\/cdu-kaarst.de\/wp-content\/uploads\/cdu-kaarst_roehlike-christa-1.jpg\" \/>\n\t<meta property=\"og:image:width\" content=\"1024\" \/>\n\t<meta property=\"og:image:height\" content=\"1024\" \/>\n\t<meta property=\"og:image:type\" content=\"image\/jpeg\" \/>\n<meta name=\"twitter:card\" content=\"summary_large_image\" \/>\n<meta name=\"twitter:label1\" content=\"Estimated reading time\" \/>\n\t<meta name=\"twitter:data1\" content=\"1 minute\" \/>\n<script type=\"application\/ld+json\" class=\"yoast-schema-graph\">{\"@context\":\"https:\\\/\\\/schema.org\",\"@graph\":[{\"@type\":\"WebPage\",\"@id\":\"https:\\\/\\\/cdu-kaarst.de\\\/personen\\\/christa-roehlike\\\/\",\"url\":\"https:\\\/\\\/cdu-kaarst.de\\\/personen\\\/christa-roehlike\\\/\",\"name\":\"Christa Roehlike - CDU Kaarst-B\u00fcttgen\",\"isPartOf\":{\"@id\":\"https:\\\/\\\/cdu-kaarst.de\\\/#website\"},\"primaryImageOfPage\":{\"@id\":\"https:\\\/\\\/cdu-kaarst.de\\\/personen\\\/christa-roehlike\\\/#primaryimage\"},\"image\":{\"@id\":\"https:\\\/\\\/cdu-kaarst.de\\\/personen\\\/christa-roehlike\\\/#primaryimage\"},\"thumbnailUrl\":\"https:\\\/\\\/cdu-kaarst.de\\\/wp-content\\\/uploads\\\/cdu-kaarst_roehlike-christa-1.jpg\",\"datePublished\":\"2024-05-14T11:44:54+00:00\",\"dateModified\":\"2025-02-04T14:36:54+00:00\",\"breadcrumb\":{\"@id\":\"https:\\\/\\\/cdu-kaarst.de\\\/personen\\\/christa-roehlike\\\/#breadcrumb\"},\"inLanguage\":\"en-GB\",\"potentialAction\":[{\"@type\":\"ReadAction\",\"target\":[\"https:\\\/\\\/cdu-kaarst.de\\\/personen\\\/christa-roehlike\\\/\"]}]},{\"@type\":\"ImageObject\",\"inLanguage\":\"en-GB\",\"@id\":\"https:\\\/\\\/cdu-kaarst.de\\\/personen\\\/christa-roehlike\\\/#primaryimage\",\"url\":\"https:\\\/\\\/cdu-kaarst.de\\\/wp-content\\\/uploads\\\/cdu-kaarst_roehlike-christa-1.jpg\",\"contentUrl\":\"https:\\\/\\\/cdu-kaarst.de\\\/wp-content\\\/uploads\\\/cdu-kaarst_roehlike-christa-1.jpg\",\"width\":1024,\"height\":1024,\"caption\":\"Christa Roehlike\"},{\"@type\":\"BreadcrumbList\",\"@id\":\"https:\\\/\\\/cdu-kaarst.de\\\/personen\\\/christa-roehlike\\\/#breadcrumb\",\"itemListElement\":[{\"@type\":\"ListItem\",\"position\":1,\"name\":\"Startseite\",\"item\":\"https:\\\/\\\/cdu-kaarst.de\\\/\"},{\"@type\":\"ListItem\",\"position\":2,\"name\":\"Personen\",\"item\":\"https:\\\/\\\/cdu-kaarst.de\\\/personen\\\/\"},{\"@type\":\"ListItem\",\"position\":3,\"name\":\"Christa Roehlike\"}]},{\"@type\":\"WebSite\",\"@id\":\"https:\\\/\\\/cdu-kaarst.de\\\/#website\",\"url\":\"https:\\\/\\\/cdu-kaarst.de\\\/\",\"name\":\"CDU Kaarst-B\u00fcttgen\",\"description\":\"gut Leben in Kaarst\",\"publisher\":{\"@id\":\"https:\\\/\\\/cdu-kaarst.de\\\/#organization\"},\"potentialAction\":[{\"@type\":\"SearchAction\",\"target\":{\"@type\":\"EntryPoint\",\"urlTemplate\":\"https:\\\/\\\/cdu-kaarst.de\\\/?s={search_term_string}\"},\"query-input\":{\"@type\":\"PropertyValueSpecification\",\"valueRequired\":true,\"valueName\":\"search_term_string\"}}],\"inLanguage\":\"en-GB\"},{\"@type\":\"Organization\",\"@id\":\"https:\\\/\\\/cdu-kaarst.de\\\/#organization\",\"name\":\"CDU Kaarst-B\u00fcttgen\",\"url\":\"https:\\\/\\\/cdu-kaarst.de\\\/\",\"logo\":{\"@type\":\"ImageObject\",\"inLanguage\":\"en-GB\",\"@id\":\"https:\\\/\\\/cdu-kaarst.de\\\/#\\\/schema\\\/logo\\\/image\\\/\",\"url\":\"https:\\\/\\\/cdu-kaarst.de\\\/wp-content\\\/uploads\\\/cdu-gesamtlogo.png\",\"contentUrl\":\"https:\\\/\\\/cdu-kaarst.de\\\/wp-content\\\/uploads\\\/cdu-gesamtlogo.png\",\"width\":418,\"height\":120,\"caption\":\"CDU Kaarst-B\u00fcttgen\"},\"image\":{\"@id\":\"https:\\\/\\\/cdu-kaarst.de\\\/#\\\/schema\\\/logo\\\/image\\\/\"}}]}<\/script>\n<!-- \/ Yoast SEO plugin. -->","yoast_head_json":{"title":"Christa Roehlike - CDU Kaarst-B\u00fcttgen","robots":{"index":"index","follow":"follow","max-snippet":"max-snippet:-1","max-image-preview":"max-image-preview:large","max-video-preview":"max-video-preview:-1"},"canonical":"https:\/\/cdu-kaarst.de\/en\/personen\/christa-roehlike\/","og_locale":"en_GB","og_type":"article","og_title":"Christa Roehlike - CDU Kaarst-B\u00fcttgen","og_description":"CDU, weil \u2026. Tradition und Zukunft sinnvoll verbunden werden die Partei f\u00fcr die Wirtschaft eintritt die Partei soziale Belange in ausgewogener Weise im Blick hat Motivation \u2013 Warum ehrenamtliche Mitarbeit:\u00a0 Einsatz f\u00fcr die Gemeinschaft Mitgestaltung des Lebens f\u00fcr Kaarster, besonders f\u00fcr junge Familien Einflussnahme auf politische Entscheidungen, besonders in der Schulpolitik. Hobbys: Lesen, Familie Was [&hellip;]","og_url":"https:\/\/cdu-kaarst.de\/en\/personen\/christa-roehlike\/","og_site_name":"CDU Kaarst-B\u00fcttgen","article_modified_time":"2025-02-04T14:36:54+00:00","og_image":[{"width":1024,"height":1024,"url":"https:\/\/cdu-kaarst.de\/wp-content\/uploads\/cdu-kaarst_roehlike-christa-1.jpg","type":"image\/jpeg"}],"twitter_card":"summary_large_image","twitter_misc":{"Estimated reading time":"1 minute"},"schema":{"@context":"https:\/\/schema.org","@graph":[{"@type":"WebPage","@id":"https:\/\/cdu-kaarst.de\/personen\/christa-roehlike\/","url":"https:\/\/cdu-kaarst.de\/personen\/christa-roehlike\/","name":"Christa Roehlike - CDU Kaarst-B\u00fcttgen","isPartOf":{"@id":"https:\/\/cdu-kaarst.de\/#website"},"primaryImageOfPage":{"@id":"https:\/\/cdu-kaarst.de\/personen\/christa-roehlike\/#primaryimage"},"image":{"@id":"https:\/\/cdu-kaarst.de\/personen\/christa-roehlike\/#primaryimage"},"thumbnailUrl":"https:\/\/cdu-kaarst.de\/wp-content\/uploads\/cdu-kaarst_roehlike-christa-1.jpg","datePublished":"2024-05-14T11:44:54+00:00","dateModified":"2025-02-04T14:36:54+00:00","breadcrumb":{"@id":"https:\/\/cdu-kaarst.de\/personen\/christa-roehlike\/#breadcrumb"},"inLanguage":"en-GB","potentialAction":[{"@type":"ReadAction","target":["https:\/\/cdu-kaarst.de\/personen\/christa-roehlike\/"]}]},{"@type":"ImageObject","inLanguage":"en-GB","@id":"https:\/\/cdu-kaarst.de\/personen\/christa-roehlike\/#primaryimage","url":"https:\/\/cdu-kaarst.de\/wp-content\/uploads\/cdu-kaarst_roehlike-christa-1.jpg","contentUrl":"https:\/\/cdu-kaarst.de\/wp-content\/uploads\/cdu-kaarst_roehlike-christa-1.jpg","width":1024,"height":1024,"caption":"Christa Roehlike"},{"@type":"BreadcrumbList","@id":"https:\/\/cdu-kaarst.de\/personen\/christa-roehlike\/#breadcrumb","itemListElement":[{"@type":"ListItem","position":1,"name":"Startseite","item":"https:\/\/cdu-kaarst.de\/"},{"@type":"ListItem","position":2,"name":"Personen","item":"https:\/\/cdu-kaarst.de\/personen\/"},{"@type":"ListItem","position":3,"name":"Christa Roehlike"}]},{"@type":"WebSite","@id":"https:\/\/cdu-kaarst.de\/#website","url":"https:\/\/cdu-kaarst.de\/","name":"CDU Kaarst-B\u00fcttgen","description":"living well in Kaarst","publisher":{"@id":"https:\/\/cdu-kaarst.de\/#organization"},"potentialAction":[{"@type":"SearchAction","target":{"@type":"EntryPoint","urlTemplate":"https:\/\/cdu-kaarst.de\/?s={search_term_string}"},"query-input":{"@type":"PropertyValueSpecification","valueRequired":true,"valueName":"search_term_string"}}],"inLanguage":"en-GB"},{"@type":"Organization","@id":"https:\/\/cdu-kaarst.de\/#organization","name":"CDU Kaarst-B\u00fcttgen","url":"https:\/\/cdu-kaarst.de\/","logo":{"@type":"ImageObject","inLanguage":"en-GB","@id":"https:\/\/cdu-kaarst.de\/#\/schema\/logo\/image\/","url":"https:\/\/cdu-kaarst.de\/wp-content\/uploads\/cdu-gesamtlogo.png","contentUrl":"https:\/\/cdu-kaarst.de\/wp-content\/uploads\/cdu-gesamtlogo.png","width":418,"height":120,"caption":"CDU Kaarst-B\u00fcttgen"},"image":{"@id":"https:\/\/cdu-kaarst.de\/#\/schema\/logo\/image\/"}}]}},"_links":{"self":[{"href":"https:\/\/cdu-kaarst.de\/en\/wp-json\/wp\/v2\/personen\/1783","targetHints":{"allow":["GET"]}}],"collection":[{"href":"https:\/\/cdu-kaarst.de\/en\/wp-json\/wp\/v2\/personen"}],"about":[{"href":"https:\/\/cdu-kaarst.de\/en\/wp-json\/wp\/v2\/types\/personen"}],"wp:featuredmedia":[{"embeddable":true,"href":"https:\/\/cdu-kaarst.de\/en\/wp-json\/wp\/v2\/media\/2754"}],"wp:attachment":[{"href":"https:\/\/cdu-kaarst.de\/en\/wp-json\/wp\/v2\/media?parent=1783"}],"wp:term":[{"taxonomy":"ausschusse","embeddable":true,"href":"https:\/\/cdu-kaarst.de\/en\/wp-json\/wp\/v2\/ausschusse?post=1783"},{"taxonomy":"stadt","embeddable":true,"href":"https:\/\/cdu-kaarst.de\/en\/wp-json\/wp\/v2\/stadt?post=1783"}],"curies":[{"name":"wp","href":"https:\/\/api.w.org\/{rel}","templated":true}]}}

<!-- This site is optimized with the Yoast SEO plugin v27.4 - https://yoast.com/product/yoast-seo-wordpress/ -->
<title>Christa Roehlike - CDU Kaarst-Büttgen</title>
<meta name="robots" content="index, follow, max-snippet:-1, max-image-preview:large, max-video-preview:-1" />
<link rel="canonical" href="https://cdu-kaarst.de/en/personen/christa-roehlike/" />
<meta property="og:locale" content="en_GB" />
<meta property="og:type" content="article" />
<meta property="og:title" content="Christa Roehlike - CDU Kaarst-Büttgen" />
<meta property="og:description" content="CDU, weil …. Tradition und Zukunft sinnvoll verbunden werden die Partei für die Wirtschaft eintritt die Partei soziale Belange in ausgewogener Weise im Blick hat Motivation – Warum ehrenamtliche Mitarbeit:  Einsatz für die Gemeinschaft Mitgestaltung des Lebens für Kaarster, besonders für junge Familien Einflussnahme auf politische Entscheidungen, besonders in der Schulpolitik. Hobbys: Lesen, Familie Was [&hellip;]" />
<meta property="og:url" content="https://cdu-kaarst.de/en/personen/christa-roehlike/" />
<meta property="og:site_name" content="CDU Kaarst-Büttgen" />
<meta property="article:modified_time" content="2025-02-04T14:36:54+00:00" />
<meta property="og:image" content="https://cdu-kaarst.de/wp-content/uploads/cdu-kaarst_roehlike-christa-1.jpg" />
	<meta property="og:image:width" content="1024" />
	<meta property="og:image:height" content="1024" />
	<meta property="og:image:type" content="image/jpeg" />
<meta name="twitter:card" content="summary_large_image" />
<meta name="twitter:label1" content="Estimated reading time" />
	<meta name="twitter:data1" content="1 minute" />
<script type="application/ld+json" class="yoast-schema-graph">{"@context":"https:\/\/schema.org","@graph":[{"@type":"WebPage","@id":"https:\/\/cdu-kaarst.de\/personen\/christa-roehlike\/","url":"https:\/\/cdu-kaarst.de\/personen\/christa-roehlike\/","name":"Christa Roehlike - CDU Kaarst-Büttgen","isPartOf":{"@id":"https:\/\/cdu-kaarst.de\/#website"},"primaryImageOfPage":{"@id":"https:\/\/cdu-kaarst.de\/personen\/christa-roehlike\/#primaryimage"},"image":{"@id":"https:\/\/cdu-kaarst.de\/personen\/christa-roehlike\/#primaryimage"},"thumbnailUrl":"https:\/\/cdu-kaarst.de\/wp-content\/uploads\/cdu-kaarst_roehlike-christa-1.jpg","datePublished":"2024-05-14T11:44:54+00:00","dateModified":"2025-02-04T14:36:54+00:00","breadcrumb":{"@id":"https:\/\/cdu-kaarst.de\/personen\/christa-roehlike\/#breadcrumb"},"inLanguage":"en-GB","potentialAction":[{"@type":"ReadAction","target":["https:\/\/cdu-kaarst.de\/personen\/christa-roehlike\/"]}]},{"@type":"ImageObject","inLanguage":"en-GB","@id":"https:\/\/cdu-kaarst.de\/personen\/christa-roehlike\/#primaryimage","url":"https:\/\/cdu-kaarst.de\/wp-content\/uploads\/cdu-kaarst_roehlike-christa-1.jpg","contentUrl":"https:\/\/cdu-kaarst.de\/wp-content\/uploads\/cdu-kaarst_roehlike-christa-1.jpg","width":1024,"height":1024,"caption":"Christa Roehlike"},{"@type":"BreadcrumbList","@id":"https:\/\/cdu-kaarst.de\/personen\/christa-roehlike\/#breadcrumb","itemListElement":[{"@type":"ListItem","position":1,"name":"Startseite","item":"https:\/\/cdu-kaarst.de\/"},{"@type":"ListItem","position":2,"name":"Personen","item":"https:\/\/cdu-kaarst.de\/personen\/"},{"@type":"ListItem","position":3,"name":"Christa Roehlike"}]},{"@type":"WebSite","@id":"https:\/\/cdu-kaarst.de\/#website","url":"https:\/\/cdu-kaarst.de\/","name":"CDU Kaarst-Büttgen","description":"gut Leben in Kaarst","publisher":{"@id":"https:\/\/cdu-kaarst.de\/#organization"},"potentialAction":[{"@type":"SearchAction","target":{"@type":"EntryPoint","urlTemplate":"https:\/\/cdu-kaarst.de\/?s={search_term_string}"},"query-input":{"@type":"PropertyValueSpecification","valueRequired":true,"valueName":"search_term_string"}}],"inLanguage":"en-GB"},{"@type":"Organization","@id":"https:\/\/cdu-kaarst.de\/#organization","name":"CDU Kaarst-Büttgen","url":"https:\/\/cdu-kaarst.de\/","logo":{"@type":"ImageObject","inLanguage":"en-GB","@id":"https:\/\/cdu-kaarst.de\/#\/schema\/logo\/image\/","url":"https:\/\/cdu-kaarst.de\/wp-content\/uploads\/cdu-gesamtlogo.png","contentUrl":"https:\/\/cdu-kaarst.de\/wp-content\/uploads\/cdu-gesamtlogo.png","width":418,"height":120,"caption":"CDU Kaarst-Büttgen"},"image":{"@id":"https:\/\/cdu-kaarst.de\/#\/schema\/logo\/image\/"}}]}</script>
<!-- / Yoast SEO plugin. -->

Christa Roehlike - CDU Kaarst-Büttgen

CDU, weil …. Tradition und Zukunft sinnvoll verbunden werden die Partei für die Wirtschaft eintritt die Partei soziale Belange in ausgewogener Weise im Blick hat Motivation – Warum ehrenamtliche Mitarbeit:  Einsatz für die Gemeinschaft Mitgestaltung des Lebens für Kaarster, besonders für junge Familien Einflussnahme auf politische Entscheidungen, besonders in der Schulpolitik. Hobbys: Lesen, Familie Was [&hellip;]

CDU Kaarst-Büttgen
