{"id":2417,"date":"2024-05-16T13:31:54","date_gmt":"2024-05-16T11:31:54","guid":{"rendered":"http:\/\/cdu-kaarst.de\/?post_type=personen&#038;p=2417"},"modified":"2025-12-19T07:52:39","modified_gmt":"2025-12-19T06:52:39","slug":"lars-christoph","status":"publish","type":"personen","link":"https:\/\/cdu-kaarst.de\/en\/personen\/lars-christoph\/","title":{"rendered":"Lars Christoph"},"content":{"rendered":"<p><strong>CDU, because ...<\/strong><\/p>\n<p>... I am convinced by the concept of the modern People's Party, which seeks to balance different currents - the Christian-social, the conservative and the liberal. This is where I find the most overlap between the party's political goals and my personal convictions.<\/p>\n<p><strong>Motivation - Why volunteer<\/strong><\/p>\n<p>In politics: because I really enjoy working with others to help shape our homeland, contributing ideas and struggling to find the best way forward. In other organisations: because I believe that we can't leave everything to \"the state\", but that everyone should make a voluntary contribution to a vibrant community that is worth living in.<\/p>\n<p><strong>Hobbies<\/strong><\/p>\n<p>Travelling, involvement in associations for the preservation of traditions and local history, the marksmen's parade and shooting festivals, politics, sport as a balance, joint activities with friends and my godchildren<\/p>\n<p><strong>What is particularly important to me<\/strong><\/p>\n<p>Family, friends, godchildren<\/p>\n<p><strong>What wish do you have for Kaarst<\/strong><\/p>\n<p>I hope that Kaarst will make the best possible use of the potential it has in many respects due to its location and thus remain an attractive, lovable and liveable city in the future.<\/p>\n<p><a href=\"https:\/\/cdu-kaarst.de\/wp-content\/uploads\/lc-neues-aus-der-nachbarschaft.pdf\" target=\"_blank\" rel=\"noopener\"><i class=\"fa-regular fa-file-pdf\"><\/i> NEWS FROM THE NEIGHBOURHOOD - Issue No. 1 | April 2025<\/a><\/p>","protected":false},"featured_media":2788,"template":"","ausschusse":[115],"stadt":[64],"class_list":["post-2417","personen","type-personen","status-publish","has-post-thumbnail","hentry","ausschusse-sportausschuss","stadt-stadtverodnete-wahlkreisbetreuer"],"yoast_head":"<!-- This site is optimized with the Yoast SEO plugin v27.4 - https:\/\/yoast.com\/product\/yoast-seo-wordpress\/ -->\n<title>Lars Christoph - CDU Kaarst-B\u00fcttgen<\/title>\n<meta name=\"robots\" content=\"index, follow, max-snippet:-1, max-image-preview:large, max-video-preview:-1\" \/>\n<link rel=\"canonical\" href=\"https:\/\/cdu-kaarst.de\/en\/personen\/lars-christoph\/\" \/>\n<meta property=\"og:locale\" content=\"en_GB\" \/>\n<meta property=\"og:type\" content=\"article\" \/>\n<meta property=\"og:title\" content=\"Lars Christoph - CDU Kaarst-B\u00fcttgen\" \/>\n<meta property=\"og:description\" content=\"CDU, weil \u2026 &#8230; mich das Konzept der modernen Volkspartei, verschiedene Str\u00f6mungen \u2013 das Christlich-Soziale, das Konservative und das Liberale \u2013 zum Ausgleich zu bringen, \u00fcberzeugt. Hier finde ich f\u00fcr mich die meisten Schnittmengen zwischen politischen Zielen der Partei und meinen pers\u00f6nlichen \u00dcberzeugungen. Motivation \u2013 Warum ehrenamtliche Mitarbeit In der Politik: weil es mir sehr [&hellip;]\" \/>\n<meta property=\"og:url\" content=\"https:\/\/cdu-kaarst.de\/en\/personen\/lars-christoph\/\" \/>\n<meta property=\"og:site_name\" content=\"CDU Kaarst-B\u00fcttgen\" \/>\n<meta property=\"article:modified_time\" content=\"2025-12-19T06:52:39+00:00\" \/>\n<meta property=\"og:image\" content=\"https:\/\/cdu-kaarst.de\/wp-content\/uploads\/cdu-kaarst_christoph-lars.jpg\" \/>\n\t<meta property=\"og:image:width\" content=\"1024\" \/>\n\t<meta property=\"og:image:height\" content=\"1024\" \/>\n\t<meta property=\"og:image:type\" content=\"image\/jpeg\" \/>\n<meta name=\"twitter:card\" content=\"summary_large_image\" \/>\n<meta name=\"twitter:label1\" content=\"Estimated reading time\" \/>\n\t<meta name=\"twitter:data1\" content=\"2 minutes\" \/>\n<script type=\"application\/ld+json\" class=\"yoast-schema-graph\">{\"@context\":\"https:\\\/\\\/schema.org\",\"@graph\":[{\"@type\":\"WebPage\",\"@id\":\"https:\\\/\\\/cdu-kaarst.de\\\/personen\\\/lars-christoph\\\/\",\"url\":\"https:\\\/\\\/cdu-kaarst.de\\\/personen\\\/lars-christoph\\\/\",\"name\":\"Lars Christoph - CDU Kaarst-B\u00fcttgen\",\"isPartOf\":{\"@id\":\"https:\\\/\\\/cdu-kaarst.de\\\/#website\"},\"primaryImageOfPage\":{\"@id\":\"https:\\\/\\\/cdu-kaarst.de\\\/personen\\\/lars-christoph\\\/#primaryimage\"},\"image\":{\"@id\":\"https:\\\/\\\/cdu-kaarst.de\\\/personen\\\/lars-christoph\\\/#primaryimage\"},\"thumbnailUrl\":\"https:\\\/\\\/cdu-kaarst.de\\\/wp-content\\\/uploads\\\/cdu-kaarst_christoph-lars.jpg\",\"datePublished\":\"2024-05-16T11:31:54+00:00\",\"dateModified\":\"2025-12-19T06:52:39+00:00\",\"breadcrumb\":{\"@id\":\"https:\\\/\\\/cdu-kaarst.de\\\/personen\\\/lars-christoph\\\/#breadcrumb\"},\"inLanguage\":\"en-GB\",\"potentialAction\":[{\"@type\":\"ReadAction\",\"target\":[\"https:\\\/\\\/cdu-kaarst.de\\\/personen\\\/lars-christoph\\\/\"]}]},{\"@type\":\"ImageObject\",\"inLanguage\":\"en-GB\",\"@id\":\"https:\\\/\\\/cdu-kaarst.de\\\/personen\\\/lars-christoph\\\/#primaryimage\",\"url\":\"https:\\\/\\\/cdu-kaarst.de\\\/wp-content\\\/uploads\\\/cdu-kaarst_christoph-lars.jpg\",\"contentUrl\":\"https:\\\/\\\/cdu-kaarst.de\\\/wp-content\\\/uploads\\\/cdu-kaarst_christoph-lars.jpg\",\"width\":1024,\"height\":1024},{\"@type\":\"BreadcrumbList\",\"@id\":\"https:\\\/\\\/cdu-kaarst.de\\\/personen\\\/lars-christoph\\\/#breadcrumb\",\"itemListElement\":[{\"@type\":\"ListItem\",\"position\":1,\"name\":\"Startseite\",\"item\":\"https:\\\/\\\/cdu-kaarst.de\\\/\"},{\"@type\":\"ListItem\",\"position\":2,\"name\":\"Personen\",\"item\":\"https:\\\/\\\/cdu-kaarst.de\\\/personen\\\/\"},{\"@type\":\"ListItem\",\"position\":3,\"name\":\"Lars Christoph\"}]},{\"@type\":\"WebSite\",\"@id\":\"https:\\\/\\\/cdu-kaarst.de\\\/#website\",\"url\":\"https:\\\/\\\/cdu-kaarst.de\\\/\",\"name\":\"CDU Kaarst-B\u00fcttgen\",\"description\":\"gut Leben in Kaarst\",\"publisher\":{\"@id\":\"https:\\\/\\\/cdu-kaarst.de\\\/#organization\"},\"potentialAction\":[{\"@type\":\"SearchAction\",\"target\":{\"@type\":\"EntryPoint\",\"urlTemplate\":\"https:\\\/\\\/cdu-kaarst.de\\\/?s={search_term_string}\"},\"query-input\":{\"@type\":\"PropertyValueSpecification\",\"valueRequired\":true,\"valueName\":\"search_term_string\"}}],\"inLanguage\":\"en-GB\"},{\"@type\":\"Organization\",\"@id\":\"https:\\\/\\\/cdu-kaarst.de\\\/#organization\",\"name\":\"CDU Kaarst-B\u00fcttgen\",\"url\":\"https:\\\/\\\/cdu-kaarst.de\\\/\",\"logo\":{\"@type\":\"ImageObject\",\"inLanguage\":\"en-GB\",\"@id\":\"https:\\\/\\\/cdu-kaarst.de\\\/#\\\/schema\\\/logo\\\/image\\\/\",\"url\":\"https:\\\/\\\/cdu-kaarst.de\\\/wp-content\\\/uploads\\\/cdu-gesamtlogo.png\",\"contentUrl\":\"https:\\\/\\\/cdu-kaarst.de\\\/wp-content\\\/uploads\\\/cdu-gesamtlogo.png\",\"width\":418,\"height\":120,\"caption\":\"CDU Kaarst-B\u00fcttgen\"},\"image\":{\"@id\":\"https:\\\/\\\/cdu-kaarst.de\\\/#\\\/schema\\\/logo\\\/image\\\/\"}}]}<\/script>\n<!-- \/ Yoast SEO plugin. -->","yoast_head_json":{"title":"Lars Christoph - CDU Kaarst-B\u00fcttgen","robots":{"index":"index","follow":"follow","max-snippet":"max-snippet:-1","max-image-preview":"max-image-preview:large","max-video-preview":"max-video-preview:-1"},"canonical":"https:\/\/cdu-kaarst.de\/en\/personen\/lars-christoph\/","og_locale":"en_GB","og_type":"article","og_title":"Lars Christoph - CDU Kaarst-B\u00fcttgen","og_description":"CDU, weil \u2026 &#8230; mich das Konzept der modernen Volkspartei, verschiedene Str\u00f6mungen \u2013 das Christlich-Soziale, das Konservative und das Liberale \u2013 zum Ausgleich zu bringen, \u00fcberzeugt. Hier finde ich f\u00fcr mich die meisten Schnittmengen zwischen politischen Zielen der Partei und meinen pers\u00f6nlichen \u00dcberzeugungen. Motivation \u2013 Warum ehrenamtliche Mitarbeit In der Politik: weil es mir sehr [&hellip;]","og_url":"https:\/\/cdu-kaarst.de\/en\/personen\/lars-christoph\/","og_site_name":"CDU Kaarst-B\u00fcttgen","article_modified_time":"2025-12-19T06:52:39+00:00","og_image":[{"width":1024,"height":1024,"url":"https:\/\/cdu-kaarst.de\/wp-content\/uploads\/cdu-kaarst_christoph-lars.jpg","type":"image\/jpeg"}],"twitter_card":"summary_large_image","twitter_misc":{"Estimated reading time":"2 minutes"},"schema":{"@context":"https:\/\/schema.org","@graph":[{"@type":"WebPage","@id":"https:\/\/cdu-kaarst.de\/personen\/lars-christoph\/","url":"https:\/\/cdu-kaarst.de\/personen\/lars-christoph\/","name":"Lars Christoph - CDU Kaarst-B\u00fcttgen","isPartOf":{"@id":"https:\/\/cdu-kaarst.de\/#website"},"primaryImageOfPage":{"@id":"https:\/\/cdu-kaarst.de\/personen\/lars-christoph\/#primaryimage"},"image":{"@id":"https:\/\/cdu-kaarst.de\/personen\/lars-christoph\/#primaryimage"},"thumbnailUrl":"https:\/\/cdu-kaarst.de\/wp-content\/uploads\/cdu-kaarst_christoph-lars.jpg","datePublished":"2024-05-16T11:31:54+00:00","dateModified":"2025-12-19T06:52:39+00:00","breadcrumb":{"@id":"https:\/\/cdu-kaarst.de\/personen\/lars-christoph\/#breadcrumb"},"inLanguage":"en-GB","potentialAction":[{"@type":"ReadAction","target":["https:\/\/cdu-kaarst.de\/personen\/lars-christoph\/"]}]},{"@type":"ImageObject","inLanguage":"en-GB","@id":"https:\/\/cdu-kaarst.de\/personen\/lars-christoph\/#primaryimage","url":"https:\/\/cdu-kaarst.de\/wp-content\/uploads\/cdu-kaarst_christoph-lars.jpg","contentUrl":"https:\/\/cdu-kaarst.de\/wp-content\/uploads\/cdu-kaarst_christoph-lars.jpg","width":1024,"height":1024},{"@type":"BreadcrumbList","@id":"https:\/\/cdu-kaarst.de\/personen\/lars-christoph\/#breadcrumb","itemListElement":[{"@type":"ListItem","position":1,"name":"Startseite","item":"https:\/\/cdu-kaarst.de\/"},{"@type":"ListItem","position":2,"name":"Personen","item":"https:\/\/cdu-kaarst.de\/personen\/"},{"@type":"ListItem","position":3,"name":"Lars Christoph"}]},{"@type":"WebSite","@id":"https:\/\/cdu-kaarst.de\/#website","url":"https:\/\/cdu-kaarst.de\/","name":"CDU Kaarst-B\u00fcttgen","description":"living well in Kaarst","publisher":{"@id":"https:\/\/cdu-kaarst.de\/#organization"},"potentialAction":[{"@type":"SearchAction","target":{"@type":"EntryPoint","urlTemplate":"https:\/\/cdu-kaarst.de\/?s={search_term_string}"},"query-input":{"@type":"PropertyValueSpecification","valueRequired":true,"valueName":"search_term_string"}}],"inLanguage":"en-GB"},{"@type":"Organization","@id":"https:\/\/cdu-kaarst.de\/#organization","name":"CDU Kaarst-B\u00fcttgen","url":"https:\/\/cdu-kaarst.de\/","logo":{"@type":"ImageObject","inLanguage":"en-GB","@id":"https:\/\/cdu-kaarst.de\/#\/schema\/logo\/image\/","url":"https:\/\/cdu-kaarst.de\/wp-content\/uploads\/cdu-gesamtlogo.png","contentUrl":"https:\/\/cdu-kaarst.de\/wp-content\/uploads\/cdu-gesamtlogo.png","width":418,"height":120,"caption":"CDU Kaarst-B\u00fcttgen"},"image":{"@id":"https:\/\/cdu-kaarst.de\/#\/schema\/logo\/image\/"}}]}},"_links":{"self":[{"href":"https:\/\/cdu-kaarst.de\/en\/wp-json\/wp\/v2\/personen\/2417","targetHints":{"allow":["GET"]}}],"collection":[{"href":"https:\/\/cdu-kaarst.de\/en\/wp-json\/wp\/v2\/personen"}],"about":[{"href":"https:\/\/cdu-kaarst.de\/en\/wp-json\/wp\/v2\/types\/personen"}],"wp:featuredmedia":[{"embeddable":true,"href":"https:\/\/cdu-kaarst.de\/en\/wp-json\/wp\/v2\/media\/2788"}],"wp:attachment":[{"href":"https:\/\/cdu-kaarst.de\/en\/wp-json\/wp\/v2\/media?parent=2417"}],"wp:term":[{"taxonomy":"ausschusse","embeddable":true,"href":"https:\/\/cdu-kaarst.de\/en\/wp-json\/wp\/v2\/ausschusse?post=2417"},{"taxonomy":"stadt","embeddable":true,"href":"https:\/\/cdu-kaarst.de\/en\/wp-json\/wp\/v2\/stadt?post=2417"}],"curies":[{"name":"wp","href":"https:\/\/api.w.org\/{rel}","templated":true}]}}

<!-- This site is optimized with the Yoast SEO plugin v27.4 - https://yoast.com/product/yoast-seo-wordpress/ -->
<title>Lars Christoph - CDU Kaarst-Büttgen</title>
<meta name="robots" content="index, follow, max-snippet:-1, max-image-preview:large, max-video-preview:-1" />
<link rel="canonical" href="https://cdu-kaarst.de/en/personen/lars-christoph/" />
<meta property="og:locale" content="en_GB" />
<meta property="og:type" content="article" />
<meta property="og:title" content="Lars Christoph - CDU Kaarst-Büttgen" />
<meta property="og:description" content="CDU, weil … &#8230; mich das Konzept der modernen Volkspartei, verschiedene Strömungen – das Christlich-Soziale, das Konservative und das Liberale – zum Ausgleich zu bringen, überzeugt. Hier finde ich für mich die meisten Schnittmengen zwischen politischen Zielen der Partei und meinen persönlichen Überzeugungen. Motivation – Warum ehrenamtliche Mitarbeit In der Politik: weil es mir sehr [&hellip;]" />
<meta property="og:url" content="https://cdu-kaarst.de/en/personen/lars-christoph/" />
<meta property="og:site_name" content="CDU Kaarst-Büttgen" />
<meta property="article:modified_time" content="2025-12-19T06:52:39+00:00" />
<meta property="og:image" content="https://cdu-kaarst.de/wp-content/uploads/cdu-kaarst_christoph-lars.jpg" />
	<meta property="og:image:width" content="1024" />
	<meta property="og:image:height" content="1024" />
	<meta property="og:image:type" content="image/jpeg" />
<meta name="twitter:card" content="summary_large_image" />
<meta name="twitter:label1" content="Estimated reading time" />
	<meta name="twitter:data1" content="2 minutes" />
<script type="application/ld+json" class="yoast-schema-graph">{"@context":"https:\/\/schema.org","@graph":[{"@type":"WebPage","@id":"https:\/\/cdu-kaarst.de\/personen\/lars-christoph\/","url":"https:\/\/cdu-kaarst.de\/personen\/lars-christoph\/","name":"Lars Christoph - CDU Kaarst-Büttgen","isPartOf":{"@id":"https:\/\/cdu-kaarst.de\/#website"},"primaryImageOfPage":{"@id":"https:\/\/cdu-kaarst.de\/personen\/lars-christoph\/#primaryimage"},"image":{"@id":"https:\/\/cdu-kaarst.de\/personen\/lars-christoph\/#primaryimage"},"thumbnailUrl":"https:\/\/cdu-kaarst.de\/wp-content\/uploads\/cdu-kaarst_christoph-lars.jpg","datePublished":"2024-05-16T11:31:54+00:00","dateModified":"2025-12-19T06:52:39+00:00","breadcrumb":{"@id":"https:\/\/cdu-kaarst.de\/personen\/lars-christoph\/#breadcrumb"},"inLanguage":"en-GB","potentialAction":[{"@type":"ReadAction","target":["https:\/\/cdu-kaarst.de\/personen\/lars-christoph\/"]}]},{"@type":"ImageObject","inLanguage":"en-GB","@id":"https:\/\/cdu-kaarst.de\/personen\/lars-christoph\/#primaryimage","url":"https:\/\/cdu-kaarst.de\/wp-content\/uploads\/cdu-kaarst_christoph-lars.jpg","contentUrl":"https:\/\/cdu-kaarst.de\/wp-content\/uploads\/cdu-kaarst_christoph-lars.jpg","width":1024,"height":1024},{"@type":"BreadcrumbList","@id":"https:\/\/cdu-kaarst.de\/personen\/lars-christoph\/#breadcrumb","itemListElement":[{"@type":"ListItem","position":1,"name":"Startseite","item":"https:\/\/cdu-kaarst.de\/"},{"@type":"ListItem","position":2,"name":"Personen","item":"https:\/\/cdu-kaarst.de\/personen\/"},{"@type":"ListItem","position":3,"name":"Lars Christoph"}]},{"@type":"WebSite","@id":"https:\/\/cdu-kaarst.de\/#website","url":"https:\/\/cdu-kaarst.de\/","name":"CDU Kaarst-Büttgen","description":"gut Leben in Kaarst","publisher":{"@id":"https:\/\/cdu-kaarst.de\/#organization"},"potentialAction":[{"@type":"SearchAction","target":{"@type":"EntryPoint","urlTemplate":"https:\/\/cdu-kaarst.de\/?s={search_term_string}"},"query-input":{"@type":"PropertyValueSpecification","valueRequired":true,"valueName":"search_term_string"}}],"inLanguage":"en-GB"},{"@type":"Organization","@id":"https:\/\/cdu-kaarst.de\/#organization","name":"CDU Kaarst-Büttgen","url":"https:\/\/cdu-kaarst.de\/","logo":{"@type":"ImageObject","inLanguage":"en-GB","@id":"https:\/\/cdu-kaarst.de\/#\/schema\/logo\/image\/","url":"https:\/\/cdu-kaarst.de\/wp-content\/uploads\/cdu-gesamtlogo.png","contentUrl":"https:\/\/cdu-kaarst.de\/wp-content\/uploads\/cdu-gesamtlogo.png","width":418,"height":120,"caption":"CDU Kaarst-Büttgen"},"image":{"@id":"https:\/\/cdu-kaarst.de\/#\/schema\/logo\/image\/"}}]}</script>
<!-- / Yoast SEO plugin. -->

Lars Christoph - CDU Kaarst-Büttgen

CDU, weil … &#8230; mich das Konzept der modernen Volkspartei, verschiedene Strömungen – das Christlich-Soziale, das Konservative und das Liberale – zum Ausgleich zu bringen, überzeugt. Hier finde ich für mich die meisten Schnittmengen zwischen politischen Zielen der Partei und meinen persönlichen Überzeugungen. Motivation – Warum ehrenamtliche Mitarbeit In der Politik: weil es mir sehr [&hellip;]

CDU Kaarst-Büttgen
