{"id":2420,"date":"2024-05-16T13:36:34","date_gmt":"2024-05-16T11:36:34","guid":{"rendered":"http:\/\/cdu-kaarst.de\/?post_type=personen&#038;p=2420"},"modified":"2025-02-04T16:06:51","modified_gmt":"2025-02-04T15:06:51","slug":"marita-heindrichs-krusch","status":"publish","type":"personen","link":"https:\/\/cdu-kaarst.de\/en\/personen\/marita-heindrichs-krusch\/","title":{"rendered":"Marita Heindrichs-Krusch"},"content":{"rendered":"<p><strong>CDU, because...<\/strong><\/p>\n<p>the CDU stands for a balanced, sustainable and future-orientated policy in which the support and demands of citizens have their place.<\/p>\n<p><strong>Motivation - Why volunteer:<\/strong><\/p>\n<p>I would like to use my professional experience, which I have gained both nationally and internationally, to help ensure that we can continue to live in a free country with stable democratic structures.<\/p>\n<p><strong>Hobbies:<\/strong><\/p>\n<p>Travelling, culture, cycling, meeting up with friends, reading.<\/p>\n<p><strong>What is particularly important to me:<\/strong><\/p>\n<p>in respectful interaction with one another, in which the interests of citizens, the economy and the environment take centre stage.<\/p>\n<p><strong>What wish do you have for Kaarst?<\/strong><\/p>\n<p>that Kaarst remains a liveable and economically attractive place where the citizens of Kaarst can feel at home.<\/p>","protected":false},"featured_media":2791,"template":"","ausschusse":[],"stadt":[65,70,64],"class_list":["post-2420","personen","type-personen","status-publish","has-post-thumbnail","hentry","stadt-beisitzer-ortsverband-buettgen","stadt-frauenunion","stadt-stadtverodnete-wahlkreisbetreuer"],"yoast_head":"<!-- This site is optimized with the Yoast SEO plugin v27.4 - https:\/\/yoast.com\/product\/yoast-seo-wordpress\/ -->\n<title>Marita Heindrichs-Krusch - CDU Kaarst-B\u00fcttgen<\/title>\n<meta name=\"robots\" content=\"index, follow, max-snippet:-1, max-image-preview:large, max-video-preview:-1\" \/>\n<link rel=\"canonical\" href=\"https:\/\/cdu-kaarst.de\/en\/personen\/marita-heindrichs-krusch\/\" \/>\n<meta property=\"og:locale\" content=\"en_GB\" \/>\n<meta property=\"og:type\" content=\"article\" \/>\n<meta property=\"og:title\" content=\"Marita Heindrichs-Krusch - CDU Kaarst-B\u00fcttgen\" \/>\n<meta property=\"og:description\" content=\"CDU, weil&#8230; die CDU f\u00fcr eine ausgewogene, nachhaltige und zukunftsorientierte Politik steht, in der das F\u00f6rdern und Fordern der B\u00fcrger seinen Platz hat. Motivation \u2013 Warum ehrenamtliche Mitarbeit: Ich m\u00f6chte mit meiner beruflichen Erfahrung, die ich national und international erworben habe, dazu betragen, weiterhin in einem freien Land mit stabilen demokratischen Strukturen leben zu k\u00f6nnen. [&hellip;]\" \/>\n<meta property=\"og:url\" content=\"https:\/\/cdu-kaarst.de\/en\/personen\/marita-heindrichs-krusch\/\" \/>\n<meta property=\"og:site_name\" content=\"CDU Kaarst-B\u00fcttgen\" \/>\n<meta property=\"article:modified_time\" content=\"2025-02-04T15:06:51+00:00\" \/>\n<meta property=\"og:image\" content=\"https:\/\/cdu-kaarst.de\/wp-content\/uploads\/cdu-kaarst_heindrichs-krush-marita.jpg\" \/>\n\t<meta property=\"og:image:width\" content=\"1024\" \/>\n\t<meta property=\"og:image:height\" content=\"1024\" \/>\n\t<meta property=\"og:image:type\" content=\"image\/jpeg\" \/>\n<meta name=\"twitter:card\" content=\"summary_large_image\" \/>\n<meta name=\"twitter:label1\" content=\"Estimated reading time\" \/>\n\t<meta name=\"twitter:data1\" content=\"1 minute\" \/>\n<script type=\"application\/ld+json\" class=\"yoast-schema-graph\">{\"@context\":\"https:\\\/\\\/schema.org\",\"@graph\":[{\"@type\":\"WebPage\",\"@id\":\"https:\\\/\\\/cdu-kaarst.de\\\/personen\\\/marita-heindrichs-krusch\\\/\",\"url\":\"https:\\\/\\\/cdu-kaarst.de\\\/personen\\\/marita-heindrichs-krusch\\\/\",\"name\":\"Marita Heindrichs-Krusch - CDU Kaarst-B\u00fcttgen\",\"isPartOf\":{\"@id\":\"https:\\\/\\\/cdu-kaarst.de\\\/#website\"},\"primaryImageOfPage\":{\"@id\":\"https:\\\/\\\/cdu-kaarst.de\\\/personen\\\/marita-heindrichs-krusch\\\/#primaryimage\"},\"image\":{\"@id\":\"https:\\\/\\\/cdu-kaarst.de\\\/personen\\\/marita-heindrichs-krusch\\\/#primaryimage\"},\"thumbnailUrl\":\"https:\\\/\\\/cdu-kaarst.de\\\/wp-content\\\/uploads\\\/cdu-kaarst_heindrichs-krush-marita.jpg\",\"datePublished\":\"2024-05-16T11:36:34+00:00\",\"dateModified\":\"2025-02-04T15:06:51+00:00\",\"breadcrumb\":{\"@id\":\"https:\\\/\\\/cdu-kaarst.de\\\/personen\\\/marita-heindrichs-krusch\\\/#breadcrumb\"},\"inLanguage\":\"en-GB\",\"potentialAction\":[{\"@type\":\"ReadAction\",\"target\":[\"https:\\\/\\\/cdu-kaarst.de\\\/personen\\\/marita-heindrichs-krusch\\\/\"]}]},{\"@type\":\"ImageObject\",\"inLanguage\":\"en-GB\",\"@id\":\"https:\\\/\\\/cdu-kaarst.de\\\/personen\\\/marita-heindrichs-krusch\\\/#primaryimage\",\"url\":\"https:\\\/\\\/cdu-kaarst.de\\\/wp-content\\\/uploads\\\/cdu-kaarst_heindrichs-krush-marita.jpg\",\"contentUrl\":\"https:\\\/\\\/cdu-kaarst.de\\\/wp-content\\\/uploads\\\/cdu-kaarst_heindrichs-krush-marita.jpg\",\"width\":1024,\"height\":1024,\"caption\":\"Marita Heindrichs-Krusch\"},{\"@type\":\"BreadcrumbList\",\"@id\":\"https:\\\/\\\/cdu-kaarst.de\\\/personen\\\/marita-heindrichs-krusch\\\/#breadcrumb\",\"itemListElement\":[{\"@type\":\"ListItem\",\"position\":1,\"name\":\"Startseite\",\"item\":\"https:\\\/\\\/cdu-kaarst.de\\\/\"},{\"@type\":\"ListItem\",\"position\":2,\"name\":\"Personen\",\"item\":\"https:\\\/\\\/cdu-kaarst.de\\\/personen\\\/\"},{\"@type\":\"ListItem\",\"position\":3,\"name\":\"Marita Heindrichs-Krusch\"}]},{\"@type\":\"WebSite\",\"@id\":\"https:\\\/\\\/cdu-kaarst.de\\\/#website\",\"url\":\"https:\\\/\\\/cdu-kaarst.de\\\/\",\"name\":\"CDU Kaarst-B\u00fcttgen\",\"description\":\"gut Leben in Kaarst\",\"publisher\":{\"@id\":\"https:\\\/\\\/cdu-kaarst.de\\\/#organization\"},\"potentialAction\":[{\"@type\":\"SearchAction\",\"target\":{\"@type\":\"EntryPoint\",\"urlTemplate\":\"https:\\\/\\\/cdu-kaarst.de\\\/?s={search_term_string}\"},\"query-input\":{\"@type\":\"PropertyValueSpecification\",\"valueRequired\":true,\"valueName\":\"search_term_string\"}}],\"inLanguage\":\"en-GB\"},{\"@type\":\"Organization\",\"@id\":\"https:\\\/\\\/cdu-kaarst.de\\\/#organization\",\"name\":\"CDU Kaarst-B\u00fcttgen\",\"url\":\"https:\\\/\\\/cdu-kaarst.de\\\/\",\"logo\":{\"@type\":\"ImageObject\",\"inLanguage\":\"en-GB\",\"@id\":\"https:\\\/\\\/cdu-kaarst.de\\\/#\\\/schema\\\/logo\\\/image\\\/\",\"url\":\"https:\\\/\\\/cdu-kaarst.de\\\/wp-content\\\/uploads\\\/cdu-gesamtlogo.png\",\"contentUrl\":\"https:\\\/\\\/cdu-kaarst.de\\\/wp-content\\\/uploads\\\/cdu-gesamtlogo.png\",\"width\":418,\"height\":120,\"caption\":\"CDU Kaarst-B\u00fcttgen\"},\"image\":{\"@id\":\"https:\\\/\\\/cdu-kaarst.de\\\/#\\\/schema\\\/logo\\\/image\\\/\"}}]}<\/script>\n<!-- \/ Yoast SEO plugin. -->","yoast_head_json":{"title":"Marita Heindrichs-Krusch - CDU Kaarst-B\u00fcttgen","robots":{"index":"index","follow":"follow","max-snippet":"max-snippet:-1","max-image-preview":"max-image-preview:large","max-video-preview":"max-video-preview:-1"},"canonical":"https:\/\/cdu-kaarst.de\/en\/personen\/marita-heindrichs-krusch\/","og_locale":"en_GB","og_type":"article","og_title":"Marita Heindrichs-Krusch - CDU Kaarst-B\u00fcttgen","og_description":"CDU, weil&#8230; die CDU f\u00fcr eine ausgewogene, nachhaltige und zukunftsorientierte Politik steht, in der das F\u00f6rdern und Fordern der B\u00fcrger seinen Platz hat. Motivation \u2013 Warum ehrenamtliche Mitarbeit: Ich m\u00f6chte mit meiner beruflichen Erfahrung, die ich national und international erworben habe, dazu betragen, weiterhin in einem freien Land mit stabilen demokratischen Strukturen leben zu k\u00f6nnen. [&hellip;]","og_url":"https:\/\/cdu-kaarst.de\/en\/personen\/marita-heindrichs-krusch\/","og_site_name":"CDU Kaarst-B\u00fcttgen","article_modified_time":"2025-02-04T15:06:51+00:00","og_image":[{"width":1024,"height":1024,"url":"https:\/\/cdu-kaarst.de\/wp-content\/uploads\/cdu-kaarst_heindrichs-krush-marita.jpg","type":"image\/jpeg"}],"twitter_card":"summary_large_image","twitter_misc":{"Estimated reading time":"1 minute"},"schema":{"@context":"https:\/\/schema.org","@graph":[{"@type":"WebPage","@id":"https:\/\/cdu-kaarst.de\/personen\/marita-heindrichs-krusch\/","url":"https:\/\/cdu-kaarst.de\/personen\/marita-heindrichs-krusch\/","name":"Marita Heindrichs-Krusch - CDU Kaarst-B\u00fcttgen","isPartOf":{"@id":"https:\/\/cdu-kaarst.de\/#website"},"primaryImageOfPage":{"@id":"https:\/\/cdu-kaarst.de\/personen\/marita-heindrichs-krusch\/#primaryimage"},"image":{"@id":"https:\/\/cdu-kaarst.de\/personen\/marita-heindrichs-krusch\/#primaryimage"},"thumbnailUrl":"https:\/\/cdu-kaarst.de\/wp-content\/uploads\/cdu-kaarst_heindrichs-krush-marita.jpg","datePublished":"2024-05-16T11:36:34+00:00","dateModified":"2025-02-04T15:06:51+00:00","breadcrumb":{"@id":"https:\/\/cdu-kaarst.de\/personen\/marita-heindrichs-krusch\/#breadcrumb"},"inLanguage":"en-GB","potentialAction":[{"@type":"ReadAction","target":["https:\/\/cdu-kaarst.de\/personen\/marita-heindrichs-krusch\/"]}]},{"@type":"ImageObject","inLanguage":"en-GB","@id":"https:\/\/cdu-kaarst.de\/personen\/marita-heindrichs-krusch\/#primaryimage","url":"https:\/\/cdu-kaarst.de\/wp-content\/uploads\/cdu-kaarst_heindrichs-krush-marita.jpg","contentUrl":"https:\/\/cdu-kaarst.de\/wp-content\/uploads\/cdu-kaarst_heindrichs-krush-marita.jpg","width":1024,"height":1024,"caption":"Marita Heindrichs-Krusch"},{"@type":"BreadcrumbList","@id":"https:\/\/cdu-kaarst.de\/personen\/marita-heindrichs-krusch\/#breadcrumb","itemListElement":[{"@type":"ListItem","position":1,"name":"Startseite","item":"https:\/\/cdu-kaarst.de\/"},{"@type":"ListItem","position":2,"name":"Personen","item":"https:\/\/cdu-kaarst.de\/personen\/"},{"@type":"ListItem","position":3,"name":"Marita Heindrichs-Krusch"}]},{"@type":"WebSite","@id":"https:\/\/cdu-kaarst.de\/#website","url":"https:\/\/cdu-kaarst.de\/","name":"CDU Kaarst-B\u00fcttgen","description":"living well in Kaarst","publisher":{"@id":"https:\/\/cdu-kaarst.de\/#organization"},"potentialAction":[{"@type":"SearchAction","target":{"@type":"EntryPoint","urlTemplate":"https:\/\/cdu-kaarst.de\/?s={search_term_string}"},"query-input":{"@type":"PropertyValueSpecification","valueRequired":true,"valueName":"search_term_string"}}],"inLanguage":"en-GB"},{"@type":"Organization","@id":"https:\/\/cdu-kaarst.de\/#organization","name":"CDU Kaarst-B\u00fcttgen","url":"https:\/\/cdu-kaarst.de\/","logo":{"@type":"ImageObject","inLanguage":"en-GB","@id":"https:\/\/cdu-kaarst.de\/#\/schema\/logo\/image\/","url":"https:\/\/cdu-kaarst.de\/wp-content\/uploads\/cdu-gesamtlogo.png","contentUrl":"https:\/\/cdu-kaarst.de\/wp-content\/uploads\/cdu-gesamtlogo.png","width":418,"height":120,"caption":"CDU Kaarst-B\u00fcttgen"},"image":{"@id":"https:\/\/cdu-kaarst.de\/#\/schema\/logo\/image\/"}}]}},"_links":{"self":[{"href":"https:\/\/cdu-kaarst.de\/en\/wp-json\/wp\/v2\/personen\/2420","targetHints":{"allow":["GET"]}}],"collection":[{"href":"https:\/\/cdu-kaarst.de\/en\/wp-json\/wp\/v2\/personen"}],"about":[{"href":"https:\/\/cdu-kaarst.de\/en\/wp-json\/wp\/v2\/types\/personen"}],"wp:featuredmedia":[{"embeddable":true,"href":"https:\/\/cdu-kaarst.de\/en\/wp-json\/wp\/v2\/media\/2791"}],"wp:attachment":[{"href":"https:\/\/cdu-kaarst.de\/en\/wp-json\/wp\/v2\/media?parent=2420"}],"wp:term":[{"taxonomy":"ausschusse","embeddable":true,"href":"https:\/\/cdu-kaarst.de\/en\/wp-json\/wp\/v2\/ausschusse?post=2420"},{"taxonomy":"stadt","embeddable":true,"href":"https:\/\/cdu-kaarst.de\/en\/wp-json\/wp\/v2\/stadt?post=2420"}],"curies":[{"name":"wp","href":"https:\/\/api.w.org\/{rel}","templated":true}]}}

<!-- This site is optimized with the Yoast SEO plugin v27.4 - https://yoast.com/product/yoast-seo-wordpress/ -->
<title>Marita Heindrichs-Krusch - CDU Kaarst-Büttgen</title>
<meta name="robots" content="index, follow, max-snippet:-1, max-image-preview:large, max-video-preview:-1" />
<link rel="canonical" href="https://cdu-kaarst.de/en/personen/marita-heindrichs-krusch/" />
<meta property="og:locale" content="en_GB" />
<meta property="og:type" content="article" />
<meta property="og:title" content="Marita Heindrichs-Krusch - CDU Kaarst-Büttgen" />
<meta property="og:description" content="CDU, weil&#8230; die CDU für eine ausgewogene, nachhaltige und zukunftsorientierte Politik steht, in der das Fördern und Fordern der Bürger seinen Platz hat. Motivation – Warum ehrenamtliche Mitarbeit: Ich möchte mit meiner beruflichen Erfahrung, die ich national und international erworben habe, dazu betragen, weiterhin in einem freien Land mit stabilen demokratischen Strukturen leben zu können. [&hellip;]" />
<meta property="og:url" content="https://cdu-kaarst.de/en/personen/marita-heindrichs-krusch/" />
<meta property="og:site_name" content="CDU Kaarst-Büttgen" />
<meta property="article:modified_time" content="2025-02-04T15:06:51+00:00" />
<meta property="og:image" content="https://cdu-kaarst.de/wp-content/uploads/cdu-kaarst_heindrichs-krush-marita.jpg" />
	<meta property="og:image:width" content="1024" />
	<meta property="og:image:height" content="1024" />
	<meta property="og:image:type" content="image/jpeg" />
<meta name="twitter:card" content="summary_large_image" />
<meta name="twitter:label1" content="Estimated reading time" />
	<meta name="twitter:data1" content="1 minute" />
<script type="application/ld+json" class="yoast-schema-graph">{"@context":"https:\/\/schema.org","@graph":[{"@type":"WebPage","@id":"https:\/\/cdu-kaarst.de\/personen\/marita-heindrichs-krusch\/","url":"https:\/\/cdu-kaarst.de\/personen\/marita-heindrichs-krusch\/","name":"Marita Heindrichs-Krusch - CDU Kaarst-Büttgen","isPartOf":{"@id":"https:\/\/cdu-kaarst.de\/#website"},"primaryImageOfPage":{"@id":"https:\/\/cdu-kaarst.de\/personen\/marita-heindrichs-krusch\/#primaryimage"},"image":{"@id":"https:\/\/cdu-kaarst.de\/personen\/marita-heindrichs-krusch\/#primaryimage"},"thumbnailUrl":"https:\/\/cdu-kaarst.de\/wp-content\/uploads\/cdu-kaarst_heindrichs-krush-marita.jpg","datePublished":"2024-05-16T11:36:34+00:00","dateModified":"2025-02-04T15:06:51+00:00","breadcrumb":{"@id":"https:\/\/cdu-kaarst.de\/personen\/marita-heindrichs-krusch\/#breadcrumb"},"inLanguage":"en-GB","potentialAction":[{"@type":"ReadAction","target":["https:\/\/cdu-kaarst.de\/personen\/marita-heindrichs-krusch\/"]}]},{"@type":"ImageObject","inLanguage":"en-GB","@id":"https:\/\/cdu-kaarst.de\/personen\/marita-heindrichs-krusch\/#primaryimage","url":"https:\/\/cdu-kaarst.de\/wp-content\/uploads\/cdu-kaarst_heindrichs-krush-marita.jpg","contentUrl":"https:\/\/cdu-kaarst.de\/wp-content\/uploads\/cdu-kaarst_heindrichs-krush-marita.jpg","width":1024,"height":1024,"caption":"Marita Heindrichs-Krusch"},{"@type":"BreadcrumbList","@id":"https:\/\/cdu-kaarst.de\/personen\/marita-heindrichs-krusch\/#breadcrumb","itemListElement":[{"@type":"ListItem","position":1,"name":"Startseite","item":"https:\/\/cdu-kaarst.de\/"},{"@type":"ListItem","position":2,"name":"Personen","item":"https:\/\/cdu-kaarst.de\/personen\/"},{"@type":"ListItem","position":3,"name":"Marita Heindrichs-Krusch"}]},{"@type":"WebSite","@id":"https:\/\/cdu-kaarst.de\/#website","url":"https:\/\/cdu-kaarst.de\/","name":"CDU Kaarst-Büttgen","description":"gut Leben in Kaarst","publisher":{"@id":"https:\/\/cdu-kaarst.de\/#organization"},"potentialAction":[{"@type":"SearchAction","target":{"@type":"EntryPoint","urlTemplate":"https:\/\/cdu-kaarst.de\/?s={search_term_string}"},"query-input":{"@type":"PropertyValueSpecification","valueRequired":true,"valueName":"search_term_string"}}],"inLanguage":"en-GB"},{"@type":"Organization","@id":"https:\/\/cdu-kaarst.de\/#organization","name":"CDU Kaarst-Büttgen","url":"https:\/\/cdu-kaarst.de\/","logo":{"@type":"ImageObject","inLanguage":"en-GB","@id":"https:\/\/cdu-kaarst.de\/#\/schema\/logo\/image\/","url":"https:\/\/cdu-kaarst.de\/wp-content\/uploads\/cdu-gesamtlogo.png","contentUrl":"https:\/\/cdu-kaarst.de\/wp-content\/uploads\/cdu-gesamtlogo.png","width":418,"height":120,"caption":"CDU Kaarst-Büttgen"},"image":{"@id":"https:\/\/cdu-kaarst.de\/#\/schema\/logo\/image\/"}}]}</script>
<!-- / Yoast SEO plugin. -->

Marita Heindrichs-Krusch - CDU Kaarst-Büttgen

CDU, weil&#8230; die CDU für eine ausgewogene, nachhaltige und zukunftsorientierte Politik steht, in der das Fördern und Fordern der Bürger seinen Platz hat. Motivation – Warum ehrenamtliche Mitarbeit: Ich möchte mit meiner beruflichen Erfahrung, die ich national und international erworben habe, dazu betragen, weiterhin in einem freien Land mit stabilen demokratischen Strukturen leben zu können. [&hellip;]

CDU Kaarst-Büttgen
