{"id":2434,"date":"2024-05-16T13:46:40","date_gmt":"2024-05-16T11:46:40","guid":{"rendered":"http:\/\/cdu-kaarst.de\/?post_type=personen&#038;p=2434"},"modified":"2025-12-19T08:42:11","modified_gmt":"2025-12-19T07:42:11","slug":"sabine-mieruch","status":"publish","type":"personen","link":"https:\/\/cdu-kaarst.de\/en\/personen\/sabine-mieruch\/","title":{"rendered":"Sabine Mieruch"},"content":{"rendered":"<p><strong>CDU, because ...<\/strong><\/p>\n<p>Combining human and economic goals with important values to create a liberal democracy and security<\/p>\n<p><strong>Motivation - Why volunteer: <\/strong><\/p>\n<p>In a healthy, diverse and strong society, it is important that many people contribute their ideas for the common good. Things can only be changed or improved if people get involved. Volunteering is a special form of human interaction that is always enjoyable.<\/p>\n<p><strong>Hobbies: <\/strong><\/p>\n<p>Family, training with the dog, gardening and cooking<\/p>\n<p><strong>What is particularly important to me: <\/strong><\/p>\n<p>To be able to live one's ideas and visions in freedom and with equal rights.<\/p>\n<p><strong>What wish do you have for Kaarst? <\/strong><\/p>\n<p>Kaarst should continue to develop into a modern, versatile and family-friendly town with lots of good ideas, while still retaining the liveable and endearing charm that we have known over the past decades.<\/p>","protected":false},"featured_media":2770,"template":"","ausschusse":[115],"stadt":[62,63,44,64],"class_list":["post-2434","personen","type-personen","status-publish","has-post-thumbnail","hentry","ausschusse-sportausschuss","stadt-fraktionsvorstand","stadt-ratsfraktion","stadt-stadtratsfraktion","stadt-stadtverodnete-wahlkreisbetreuer"],"yoast_head":"<!-- This site is optimized with the Yoast SEO plugin v27.4 - https:\/\/yoast.com\/product\/yoast-seo-wordpress\/ -->\n<title>Sabine Mieruch - CDU Kaarst-B\u00fcttgen<\/title>\n<meta name=\"robots\" content=\"index, follow, max-snippet:-1, max-image-preview:large, max-video-preview:-1\" \/>\n<link rel=\"canonical\" href=\"https:\/\/cdu-kaarst.de\/en\/personen\/sabine-mieruch\/\" \/>\n<meta property=\"og:locale\" content=\"en_GB\" \/>\n<meta property=\"og:type\" content=\"article\" \/>\n<meta property=\"og:title\" content=\"Sabine Mieruch - CDU Kaarst-B\u00fcttgen\" \/>\n<meta property=\"og:description\" content=\"CDU, weil \u2026 Menschliche und wirtschaftliche Ziele mit wichtigen Wertevorstellungen zu einer freiheitlichen Demokratie und Sicherheit verbunden werden Motivation \u2013 Warum ehrenamtliche Mitarbeit: In einer gesunden, vielseitigen und starken Gesellschaft ist es wichtig, dass sich viele Menschen mit Ihren Ideen f\u00fcr das Gemeinwohl einbringen. Dinge k\u00f6nnen nur ge\u00e4ndert oder verbessert werden, wenn man sich engagiert. [&hellip;]\" \/>\n<meta property=\"og:url\" content=\"https:\/\/cdu-kaarst.de\/en\/personen\/sabine-mieruch\/\" \/>\n<meta property=\"og:site_name\" content=\"CDU Kaarst-B\u00fcttgen\" \/>\n<meta property=\"article:modified_time\" content=\"2025-12-19T07:42:11+00:00\" \/>\n<meta property=\"og:image\" content=\"https:\/\/cdu-kaarst.de\/wp-content\/uploads\/cdu-kaarst_mieruch-sabine.jpg\" \/>\n\t<meta property=\"og:image:width\" content=\"1024\" \/>\n\t<meta property=\"og:image:height\" content=\"1024\" \/>\n\t<meta property=\"og:image:type\" content=\"image\/jpeg\" \/>\n<meta name=\"twitter:card\" content=\"summary_large_image\" \/>\n<meta name=\"twitter:label1\" content=\"Estimated reading time\" \/>\n\t<meta name=\"twitter:data1\" content=\"1 minute\" \/>\n<script type=\"application\/ld+json\" class=\"yoast-schema-graph\">{\"@context\":\"https:\\\/\\\/schema.org\",\"@graph\":[{\"@type\":\"WebPage\",\"@id\":\"https:\\\/\\\/cdu-kaarst.de\\\/personen\\\/sabine-mieruch\\\/\",\"url\":\"https:\\\/\\\/cdu-kaarst.de\\\/personen\\\/sabine-mieruch\\\/\",\"name\":\"Sabine Mieruch - CDU Kaarst-B\u00fcttgen\",\"isPartOf\":{\"@id\":\"https:\\\/\\\/cdu-kaarst.de\\\/#website\"},\"primaryImageOfPage\":{\"@id\":\"https:\\\/\\\/cdu-kaarst.de\\\/personen\\\/sabine-mieruch\\\/#primaryimage\"},\"image\":{\"@id\":\"https:\\\/\\\/cdu-kaarst.de\\\/personen\\\/sabine-mieruch\\\/#primaryimage\"},\"thumbnailUrl\":\"https:\\\/\\\/cdu-kaarst.de\\\/wp-content\\\/uploads\\\/cdu-kaarst_mieruch-sabine.jpg\",\"datePublished\":\"2024-05-16T11:46:40+00:00\",\"dateModified\":\"2025-12-19T07:42:11+00:00\",\"breadcrumb\":{\"@id\":\"https:\\\/\\\/cdu-kaarst.de\\\/personen\\\/sabine-mieruch\\\/#breadcrumb\"},\"inLanguage\":\"en-GB\",\"potentialAction\":[{\"@type\":\"ReadAction\",\"target\":[\"https:\\\/\\\/cdu-kaarst.de\\\/personen\\\/sabine-mieruch\\\/\"]}]},{\"@type\":\"ImageObject\",\"inLanguage\":\"en-GB\",\"@id\":\"https:\\\/\\\/cdu-kaarst.de\\\/personen\\\/sabine-mieruch\\\/#primaryimage\",\"url\":\"https:\\\/\\\/cdu-kaarst.de\\\/wp-content\\\/uploads\\\/cdu-kaarst_mieruch-sabine.jpg\",\"contentUrl\":\"https:\\\/\\\/cdu-kaarst.de\\\/wp-content\\\/uploads\\\/cdu-kaarst_mieruch-sabine.jpg\",\"width\":1024,\"height\":1024},{\"@type\":\"BreadcrumbList\",\"@id\":\"https:\\\/\\\/cdu-kaarst.de\\\/personen\\\/sabine-mieruch\\\/#breadcrumb\",\"itemListElement\":[{\"@type\":\"ListItem\",\"position\":1,\"name\":\"Startseite\",\"item\":\"https:\\\/\\\/cdu-kaarst.de\\\/\"},{\"@type\":\"ListItem\",\"position\":2,\"name\":\"Personen\",\"item\":\"https:\\\/\\\/cdu-kaarst.de\\\/personen\\\/\"},{\"@type\":\"ListItem\",\"position\":3,\"name\":\"Sabine Mieruch\"}]},{\"@type\":\"WebSite\",\"@id\":\"https:\\\/\\\/cdu-kaarst.de\\\/#website\",\"url\":\"https:\\\/\\\/cdu-kaarst.de\\\/\",\"name\":\"CDU Kaarst-B\u00fcttgen\",\"description\":\"gut Leben in Kaarst\",\"publisher\":{\"@id\":\"https:\\\/\\\/cdu-kaarst.de\\\/#organization\"},\"potentialAction\":[{\"@type\":\"SearchAction\",\"target\":{\"@type\":\"EntryPoint\",\"urlTemplate\":\"https:\\\/\\\/cdu-kaarst.de\\\/?s={search_term_string}\"},\"query-input\":{\"@type\":\"PropertyValueSpecification\",\"valueRequired\":true,\"valueName\":\"search_term_string\"}}],\"inLanguage\":\"en-GB\"},{\"@type\":\"Organization\",\"@id\":\"https:\\\/\\\/cdu-kaarst.de\\\/#organization\",\"name\":\"CDU Kaarst-B\u00fcttgen\",\"url\":\"https:\\\/\\\/cdu-kaarst.de\\\/\",\"logo\":{\"@type\":\"ImageObject\",\"inLanguage\":\"en-GB\",\"@id\":\"https:\\\/\\\/cdu-kaarst.de\\\/#\\\/schema\\\/logo\\\/image\\\/\",\"url\":\"https:\\\/\\\/cdu-kaarst.de\\\/wp-content\\\/uploads\\\/cdu-gesamtlogo.png\",\"contentUrl\":\"https:\\\/\\\/cdu-kaarst.de\\\/wp-content\\\/uploads\\\/cdu-gesamtlogo.png\",\"width\":418,\"height\":120,\"caption\":\"CDU Kaarst-B\u00fcttgen\"},\"image\":{\"@id\":\"https:\\\/\\\/cdu-kaarst.de\\\/#\\\/schema\\\/logo\\\/image\\\/\"}}]}<\/script>\n<!-- \/ Yoast SEO plugin. -->","yoast_head_json":{"title":"Sabine Mieruch - CDU Kaarst-B\u00fcttgen","robots":{"index":"index","follow":"follow","max-snippet":"max-snippet:-1","max-image-preview":"max-image-preview:large","max-video-preview":"max-video-preview:-1"},"canonical":"https:\/\/cdu-kaarst.de\/en\/personen\/sabine-mieruch\/","og_locale":"en_GB","og_type":"article","og_title":"Sabine Mieruch - CDU Kaarst-B\u00fcttgen","og_description":"CDU, weil \u2026 Menschliche und wirtschaftliche Ziele mit wichtigen Wertevorstellungen zu einer freiheitlichen Demokratie und Sicherheit verbunden werden Motivation \u2013 Warum ehrenamtliche Mitarbeit: In einer gesunden, vielseitigen und starken Gesellschaft ist es wichtig, dass sich viele Menschen mit Ihren Ideen f\u00fcr das Gemeinwohl einbringen. Dinge k\u00f6nnen nur ge\u00e4ndert oder verbessert werden, wenn man sich engagiert. [&hellip;]","og_url":"https:\/\/cdu-kaarst.de\/en\/personen\/sabine-mieruch\/","og_site_name":"CDU Kaarst-B\u00fcttgen","article_modified_time":"2025-12-19T07:42:11+00:00","og_image":[{"width":1024,"height":1024,"url":"https:\/\/cdu-kaarst.de\/wp-content\/uploads\/cdu-kaarst_mieruch-sabine.jpg","type":"image\/jpeg"}],"twitter_card":"summary_large_image","twitter_misc":{"Estimated reading time":"1 minute"},"schema":{"@context":"https:\/\/schema.org","@graph":[{"@type":"WebPage","@id":"https:\/\/cdu-kaarst.de\/personen\/sabine-mieruch\/","url":"https:\/\/cdu-kaarst.de\/personen\/sabine-mieruch\/","name":"Sabine Mieruch - CDU Kaarst-B\u00fcttgen","isPartOf":{"@id":"https:\/\/cdu-kaarst.de\/#website"},"primaryImageOfPage":{"@id":"https:\/\/cdu-kaarst.de\/personen\/sabine-mieruch\/#primaryimage"},"image":{"@id":"https:\/\/cdu-kaarst.de\/personen\/sabine-mieruch\/#primaryimage"},"thumbnailUrl":"https:\/\/cdu-kaarst.de\/wp-content\/uploads\/cdu-kaarst_mieruch-sabine.jpg","datePublished":"2024-05-16T11:46:40+00:00","dateModified":"2025-12-19T07:42:11+00:00","breadcrumb":{"@id":"https:\/\/cdu-kaarst.de\/personen\/sabine-mieruch\/#breadcrumb"},"inLanguage":"en-GB","potentialAction":[{"@type":"ReadAction","target":["https:\/\/cdu-kaarst.de\/personen\/sabine-mieruch\/"]}]},{"@type":"ImageObject","inLanguage":"en-GB","@id":"https:\/\/cdu-kaarst.de\/personen\/sabine-mieruch\/#primaryimage","url":"https:\/\/cdu-kaarst.de\/wp-content\/uploads\/cdu-kaarst_mieruch-sabine.jpg","contentUrl":"https:\/\/cdu-kaarst.de\/wp-content\/uploads\/cdu-kaarst_mieruch-sabine.jpg","width":1024,"height":1024},{"@type":"BreadcrumbList","@id":"https:\/\/cdu-kaarst.de\/personen\/sabine-mieruch\/#breadcrumb","itemListElement":[{"@type":"ListItem","position":1,"name":"Startseite","item":"https:\/\/cdu-kaarst.de\/"},{"@type":"ListItem","position":2,"name":"Personen","item":"https:\/\/cdu-kaarst.de\/personen\/"},{"@type":"ListItem","position":3,"name":"Sabine Mieruch"}]},{"@type":"WebSite","@id":"https:\/\/cdu-kaarst.de\/#website","url":"https:\/\/cdu-kaarst.de\/","name":"CDU Kaarst-B\u00fcttgen","description":"living well in Kaarst","publisher":{"@id":"https:\/\/cdu-kaarst.de\/#organization"},"potentialAction":[{"@type":"SearchAction","target":{"@type":"EntryPoint","urlTemplate":"https:\/\/cdu-kaarst.de\/?s={search_term_string}"},"query-input":{"@type":"PropertyValueSpecification","valueRequired":true,"valueName":"search_term_string"}}],"inLanguage":"en-GB"},{"@type":"Organization","@id":"https:\/\/cdu-kaarst.de\/#organization","name":"CDU Kaarst-B\u00fcttgen","url":"https:\/\/cdu-kaarst.de\/","logo":{"@type":"ImageObject","inLanguage":"en-GB","@id":"https:\/\/cdu-kaarst.de\/#\/schema\/logo\/image\/","url":"https:\/\/cdu-kaarst.de\/wp-content\/uploads\/cdu-gesamtlogo.png","contentUrl":"https:\/\/cdu-kaarst.de\/wp-content\/uploads\/cdu-gesamtlogo.png","width":418,"height":120,"caption":"CDU Kaarst-B\u00fcttgen"},"image":{"@id":"https:\/\/cdu-kaarst.de\/#\/schema\/logo\/image\/"}}]}},"_links":{"self":[{"href":"https:\/\/cdu-kaarst.de\/en\/wp-json\/wp\/v2\/personen\/2434","targetHints":{"allow":["GET"]}}],"collection":[{"href":"https:\/\/cdu-kaarst.de\/en\/wp-json\/wp\/v2\/personen"}],"about":[{"href":"https:\/\/cdu-kaarst.de\/en\/wp-json\/wp\/v2\/types\/personen"}],"wp:featuredmedia":[{"embeddable":true,"href":"https:\/\/cdu-kaarst.de\/en\/wp-json\/wp\/v2\/media\/2770"}],"wp:attachment":[{"href":"https:\/\/cdu-kaarst.de\/en\/wp-json\/wp\/v2\/media?parent=2434"}],"wp:term":[{"taxonomy":"ausschusse","embeddable":true,"href":"https:\/\/cdu-kaarst.de\/en\/wp-json\/wp\/v2\/ausschusse?post=2434"},{"taxonomy":"stadt","embeddable":true,"href":"https:\/\/cdu-kaarst.de\/en\/wp-json\/wp\/v2\/stadt?post=2434"}],"curies":[{"name":"wp","href":"https:\/\/api.w.org\/{rel}","templated":true}]}}

<!-- This site is optimized with the Yoast SEO plugin v27.4 - https://yoast.com/product/yoast-seo-wordpress/ -->
<title>Sabine Mieruch - CDU Kaarst-Büttgen</title>
<meta name="robots" content="index, follow, max-snippet:-1, max-image-preview:large, max-video-preview:-1" />
<link rel="canonical" href="https://cdu-kaarst.de/en/personen/sabine-mieruch/" />
<meta property="og:locale" content="en_GB" />
<meta property="og:type" content="article" />
<meta property="og:title" content="Sabine Mieruch - CDU Kaarst-Büttgen" />
<meta property="og:description" content="CDU, weil … Menschliche und wirtschaftliche Ziele mit wichtigen Wertevorstellungen zu einer freiheitlichen Demokratie und Sicherheit verbunden werden Motivation – Warum ehrenamtliche Mitarbeit: In einer gesunden, vielseitigen und starken Gesellschaft ist es wichtig, dass sich viele Menschen mit Ihren Ideen für das Gemeinwohl einbringen. Dinge können nur geändert oder verbessert werden, wenn man sich engagiert. [&hellip;]" />
<meta property="og:url" content="https://cdu-kaarst.de/en/personen/sabine-mieruch/" />
<meta property="og:site_name" content="CDU Kaarst-Büttgen" />
<meta property="article:modified_time" content="2025-12-19T07:42:11+00:00" />
<meta property="og:image" content="https://cdu-kaarst.de/wp-content/uploads/cdu-kaarst_mieruch-sabine.jpg" />
	<meta property="og:image:width" content="1024" />
	<meta property="og:image:height" content="1024" />
	<meta property="og:image:type" content="image/jpeg" />
<meta name="twitter:card" content="summary_large_image" />
<meta name="twitter:label1" content="Estimated reading time" />
	<meta name="twitter:data1" content="1 minute" />
<script type="application/ld+json" class="yoast-schema-graph">{"@context":"https:\/\/schema.org","@graph":[{"@type":"WebPage","@id":"https:\/\/cdu-kaarst.de\/personen\/sabine-mieruch\/","url":"https:\/\/cdu-kaarst.de\/personen\/sabine-mieruch\/","name":"Sabine Mieruch - CDU Kaarst-Büttgen","isPartOf":{"@id":"https:\/\/cdu-kaarst.de\/#website"},"primaryImageOfPage":{"@id":"https:\/\/cdu-kaarst.de\/personen\/sabine-mieruch\/#primaryimage"},"image":{"@id":"https:\/\/cdu-kaarst.de\/personen\/sabine-mieruch\/#primaryimage"},"thumbnailUrl":"https:\/\/cdu-kaarst.de\/wp-content\/uploads\/cdu-kaarst_mieruch-sabine.jpg","datePublished":"2024-05-16T11:46:40+00:00","dateModified":"2025-12-19T07:42:11+00:00","breadcrumb":{"@id":"https:\/\/cdu-kaarst.de\/personen\/sabine-mieruch\/#breadcrumb"},"inLanguage":"en-GB","potentialAction":[{"@type":"ReadAction","target":["https:\/\/cdu-kaarst.de\/personen\/sabine-mieruch\/"]}]},{"@type":"ImageObject","inLanguage":"en-GB","@id":"https:\/\/cdu-kaarst.de\/personen\/sabine-mieruch\/#primaryimage","url":"https:\/\/cdu-kaarst.de\/wp-content\/uploads\/cdu-kaarst_mieruch-sabine.jpg","contentUrl":"https:\/\/cdu-kaarst.de\/wp-content\/uploads\/cdu-kaarst_mieruch-sabine.jpg","width":1024,"height":1024},{"@type":"BreadcrumbList","@id":"https:\/\/cdu-kaarst.de\/personen\/sabine-mieruch\/#breadcrumb","itemListElement":[{"@type":"ListItem","position":1,"name":"Startseite","item":"https:\/\/cdu-kaarst.de\/"},{"@type":"ListItem","position":2,"name":"Personen","item":"https:\/\/cdu-kaarst.de\/personen\/"},{"@type":"ListItem","position":3,"name":"Sabine Mieruch"}]},{"@type":"WebSite","@id":"https:\/\/cdu-kaarst.de\/#website","url":"https:\/\/cdu-kaarst.de\/","name":"CDU Kaarst-Büttgen","description":"gut Leben in Kaarst","publisher":{"@id":"https:\/\/cdu-kaarst.de\/#organization"},"potentialAction":[{"@type":"SearchAction","target":{"@type":"EntryPoint","urlTemplate":"https:\/\/cdu-kaarst.de\/?s={search_term_string}"},"query-input":{"@type":"PropertyValueSpecification","valueRequired":true,"valueName":"search_term_string"}}],"inLanguage":"en-GB"},{"@type":"Organization","@id":"https:\/\/cdu-kaarst.de\/#organization","name":"CDU Kaarst-Büttgen","url":"https:\/\/cdu-kaarst.de\/","logo":{"@type":"ImageObject","inLanguage":"en-GB","@id":"https:\/\/cdu-kaarst.de\/#\/schema\/logo\/image\/","url":"https:\/\/cdu-kaarst.de\/wp-content\/uploads\/cdu-gesamtlogo.png","contentUrl":"https:\/\/cdu-kaarst.de\/wp-content\/uploads\/cdu-gesamtlogo.png","width":418,"height":120,"caption":"CDU Kaarst-Büttgen"},"image":{"@id":"https:\/\/cdu-kaarst.de\/#\/schema\/logo\/image\/"}}]}</script>
<!-- / Yoast SEO plugin. -->

Sabine Mieruch - CDU Kaarst-Büttgen

CDU, weil … Menschliche und wirtschaftliche Ziele mit wichtigen Wertevorstellungen zu einer freiheitlichen Demokratie und Sicherheit verbunden werden Motivation – Warum ehrenamtliche Mitarbeit: In einer gesunden, vielseitigen und starken Gesellschaft ist es wichtig, dass sich viele Menschen mit Ihren Ideen für das Gemeinwohl einbringen. Dinge können nur geändert oder verbessert werden, wenn man sich engagiert. [&hellip;]

CDU Kaarst-Büttgen
