{"id":2441,"date":"2024-05-16T13:51:53","date_gmt":"2024-05-16T11:51:53","guid":{"rendered":"http:\/\/cdu-kaarst.de\/?post_type=personen&#038;p=2441"},"modified":"2024-06-18T13:45:27","modified_gmt":"2024-06-18T11:45:27","slug":"reimer-schubert","status":"publish","type":"personen","link":"https:\/\/cdu-kaarst.de\/en\/personen\/reimer-schubert\/","title":{"rendered":"Reimer Schubert"},"content":{"rendered":"<p><strong>Motivation: <\/strong><\/p>\n<p>Because I owe a lot to the German state, such as education, security, social care, etc., I would like to give something back. That's why I'm involved in local politics in the town of Kaarst and support the CDU's guidelines.<\/p>\n<p><strong><br \/>\nMandates: <\/strong><\/p>\n<p>Various committees, council mandate and arbitration office until 2018, still on the advisory board of the B\u00fcttgen local association<\/p>\n<p><strong><br \/>\nHobbies: <\/strong><\/p>\n<p>Politics, rowing, gardening<\/p>\n<p><strong><br \/>\nWhat is important to me: <\/strong><\/p>\n<p>With the motto \"Common good before personal good\", I would like to help shape the broad will of the citizens of our municipality. My wish for Kaarst: Implementation of the improvements to the centre of B\u00fcttgen (Bahnstrasse \/ Rathausplatz) planned some time ago and preservation of the fountain<\/p>","protected":false},"featured_media":2776,"template":"","ausschusse":[],"stadt":[65],"class_list":["post-2441","personen","type-personen","status-publish","has-post-thumbnail","hentry","stadt-beisitzer-ortsverband-buettgen"],"yoast_head":"<!-- This site is optimized with the Yoast SEO plugin v27.4 - https:\/\/yoast.com\/product\/yoast-seo-wordpress\/ -->\n<title>Reimer Schubert - CDU Kaarst-B\u00fcttgen<\/title>\n<meta name=\"robots\" content=\"index, follow, max-snippet:-1, max-image-preview:large, max-video-preview:-1\" \/>\n<link rel=\"canonical\" href=\"https:\/\/cdu-kaarst.de\/en\/personen\/reimer-schubert\/\" \/>\n<meta property=\"og:locale\" content=\"en_GB\" \/>\n<meta property=\"og:type\" content=\"article\" \/>\n<meta property=\"og:title\" content=\"Reimer Schubert - CDU Kaarst-B\u00fcttgen\" \/>\n<meta property=\"og:description\" content=\"Motivation: Weil ich dem deutschen Staat viel zu verdanken habe, wie Ausbildung, Sicherheit, soziale Versorgung u. \u00e4., m\u00f6chte ich etwas zur\u00fcckgeben. Daher engagiere ich mich in der Kommunalpolitik der Stadt Kaarst und unterst\u00fctze die Leitlinien der CDU. Mandate: Diverse Aussch\u00fcsse, Ratsmandat und Schiedsamt bis 2018, weiterhin Beirat im Ortsverband B\u00fcttgen Hobbys: Politik, Rudern, Gartenarbeit Was [&hellip;]\" \/>\n<meta property=\"og:url\" content=\"https:\/\/cdu-kaarst.de\/en\/personen\/reimer-schubert\/\" \/>\n<meta property=\"og:site_name\" content=\"CDU Kaarst-B\u00fcttgen\" \/>\n<meta property=\"article:modified_time\" content=\"2024-06-18T11:45:27+00:00\" \/>\n<meta property=\"og:image\" content=\"https:\/\/cdu-kaarst.de\/wp-content\/uploads\/cdu-kaarst_schubert-reimer.jpg\" \/>\n\t<meta property=\"og:image:width\" content=\"1024\" \/>\n\t<meta property=\"og:image:height\" content=\"1024\" \/>\n\t<meta property=\"og:image:type\" content=\"image\/jpeg\" \/>\n<meta name=\"twitter:card\" content=\"summary_large_image\" \/>\n<meta name=\"twitter:label1\" content=\"Estimated reading time\" \/>\n\t<meta name=\"twitter:data1\" content=\"1 minute\" \/>\n<script type=\"application\/ld+json\" class=\"yoast-schema-graph\">{\"@context\":\"https:\\\/\\\/schema.org\",\"@graph\":[{\"@type\":\"WebPage\",\"@id\":\"https:\\\/\\\/cdu-kaarst.de\\\/personen\\\/reimer-schubert\\\/\",\"url\":\"https:\\\/\\\/cdu-kaarst.de\\\/personen\\\/reimer-schubert\\\/\",\"name\":\"Reimer Schubert - CDU Kaarst-B\u00fcttgen\",\"isPartOf\":{\"@id\":\"https:\\\/\\\/cdu-kaarst.de\\\/#website\"},\"primaryImageOfPage\":{\"@id\":\"https:\\\/\\\/cdu-kaarst.de\\\/personen\\\/reimer-schubert\\\/#primaryimage\"},\"image\":{\"@id\":\"https:\\\/\\\/cdu-kaarst.de\\\/personen\\\/reimer-schubert\\\/#primaryimage\"},\"thumbnailUrl\":\"https:\\\/\\\/cdu-kaarst.de\\\/wp-content\\\/uploads\\\/cdu-kaarst_schubert-reimer.jpg\",\"datePublished\":\"2024-05-16T11:51:53+00:00\",\"dateModified\":\"2024-06-18T11:45:27+00:00\",\"breadcrumb\":{\"@id\":\"https:\\\/\\\/cdu-kaarst.de\\\/personen\\\/reimer-schubert\\\/#breadcrumb\"},\"inLanguage\":\"en-GB\",\"potentialAction\":[{\"@type\":\"ReadAction\",\"target\":[\"https:\\\/\\\/cdu-kaarst.de\\\/personen\\\/reimer-schubert\\\/\"]}]},{\"@type\":\"ImageObject\",\"inLanguage\":\"en-GB\",\"@id\":\"https:\\\/\\\/cdu-kaarst.de\\\/personen\\\/reimer-schubert\\\/#primaryimage\",\"url\":\"https:\\\/\\\/cdu-kaarst.de\\\/wp-content\\\/uploads\\\/cdu-kaarst_schubert-reimer.jpg\",\"contentUrl\":\"https:\\\/\\\/cdu-kaarst.de\\\/wp-content\\\/uploads\\\/cdu-kaarst_schubert-reimer.jpg\",\"width\":1024,\"height\":1024,\"caption\":\"Reimer Schubert\"},{\"@type\":\"BreadcrumbList\",\"@id\":\"https:\\\/\\\/cdu-kaarst.de\\\/personen\\\/reimer-schubert\\\/#breadcrumb\",\"itemListElement\":[{\"@type\":\"ListItem\",\"position\":1,\"name\":\"Startseite\",\"item\":\"https:\\\/\\\/cdu-kaarst.de\\\/\"},{\"@type\":\"ListItem\",\"position\":2,\"name\":\"Personen\",\"item\":\"https:\\\/\\\/cdu-kaarst.de\\\/personen\\\/\"},{\"@type\":\"ListItem\",\"position\":3,\"name\":\"Reimer Schubert\"}]},{\"@type\":\"WebSite\",\"@id\":\"https:\\\/\\\/cdu-kaarst.de\\\/#website\",\"url\":\"https:\\\/\\\/cdu-kaarst.de\\\/\",\"name\":\"CDU Kaarst-B\u00fcttgen\",\"description\":\"gut Leben in Kaarst\",\"publisher\":{\"@id\":\"https:\\\/\\\/cdu-kaarst.de\\\/#organization\"},\"potentialAction\":[{\"@type\":\"SearchAction\",\"target\":{\"@type\":\"EntryPoint\",\"urlTemplate\":\"https:\\\/\\\/cdu-kaarst.de\\\/?s={search_term_string}\"},\"query-input\":{\"@type\":\"PropertyValueSpecification\",\"valueRequired\":true,\"valueName\":\"search_term_string\"}}],\"inLanguage\":\"en-GB\"},{\"@type\":\"Organization\",\"@id\":\"https:\\\/\\\/cdu-kaarst.de\\\/#organization\",\"name\":\"CDU Kaarst-B\u00fcttgen\",\"url\":\"https:\\\/\\\/cdu-kaarst.de\\\/\",\"logo\":{\"@type\":\"ImageObject\",\"inLanguage\":\"en-GB\",\"@id\":\"https:\\\/\\\/cdu-kaarst.de\\\/#\\\/schema\\\/logo\\\/image\\\/\",\"url\":\"https:\\\/\\\/cdu-kaarst.de\\\/wp-content\\\/uploads\\\/cdu-gesamtlogo.png\",\"contentUrl\":\"https:\\\/\\\/cdu-kaarst.de\\\/wp-content\\\/uploads\\\/cdu-gesamtlogo.png\",\"width\":418,\"height\":120,\"caption\":\"CDU Kaarst-B\u00fcttgen\"},\"image\":{\"@id\":\"https:\\\/\\\/cdu-kaarst.de\\\/#\\\/schema\\\/logo\\\/image\\\/\"}}]}<\/script>\n<!-- \/ Yoast SEO plugin. -->","yoast_head_json":{"title":"Reimer Schubert - CDU Kaarst-B\u00fcttgen","robots":{"index":"index","follow":"follow","max-snippet":"max-snippet:-1","max-image-preview":"max-image-preview:large","max-video-preview":"max-video-preview:-1"},"canonical":"https:\/\/cdu-kaarst.de\/en\/personen\/reimer-schubert\/","og_locale":"en_GB","og_type":"article","og_title":"Reimer Schubert - CDU Kaarst-B\u00fcttgen","og_description":"Motivation: Weil ich dem deutschen Staat viel zu verdanken habe, wie Ausbildung, Sicherheit, soziale Versorgung u. \u00e4., m\u00f6chte ich etwas zur\u00fcckgeben. Daher engagiere ich mich in der Kommunalpolitik der Stadt Kaarst und unterst\u00fctze die Leitlinien der CDU. Mandate: Diverse Aussch\u00fcsse, Ratsmandat und Schiedsamt bis 2018, weiterhin Beirat im Ortsverband B\u00fcttgen Hobbys: Politik, Rudern, Gartenarbeit Was [&hellip;]","og_url":"https:\/\/cdu-kaarst.de\/en\/personen\/reimer-schubert\/","og_site_name":"CDU Kaarst-B\u00fcttgen","article_modified_time":"2024-06-18T11:45:27+00:00","og_image":[{"width":1024,"height":1024,"url":"https:\/\/cdu-kaarst.de\/wp-content\/uploads\/cdu-kaarst_schubert-reimer.jpg","type":"image\/jpeg"}],"twitter_card":"summary_large_image","twitter_misc":{"Estimated reading time":"1 minute"},"schema":{"@context":"https:\/\/schema.org","@graph":[{"@type":"WebPage","@id":"https:\/\/cdu-kaarst.de\/personen\/reimer-schubert\/","url":"https:\/\/cdu-kaarst.de\/personen\/reimer-schubert\/","name":"Reimer Schubert - CDU Kaarst-B\u00fcttgen","isPartOf":{"@id":"https:\/\/cdu-kaarst.de\/#website"},"primaryImageOfPage":{"@id":"https:\/\/cdu-kaarst.de\/personen\/reimer-schubert\/#primaryimage"},"image":{"@id":"https:\/\/cdu-kaarst.de\/personen\/reimer-schubert\/#primaryimage"},"thumbnailUrl":"https:\/\/cdu-kaarst.de\/wp-content\/uploads\/cdu-kaarst_schubert-reimer.jpg","datePublished":"2024-05-16T11:51:53+00:00","dateModified":"2024-06-18T11:45:27+00:00","breadcrumb":{"@id":"https:\/\/cdu-kaarst.de\/personen\/reimer-schubert\/#breadcrumb"},"inLanguage":"en-GB","potentialAction":[{"@type":"ReadAction","target":["https:\/\/cdu-kaarst.de\/personen\/reimer-schubert\/"]}]},{"@type":"ImageObject","inLanguage":"en-GB","@id":"https:\/\/cdu-kaarst.de\/personen\/reimer-schubert\/#primaryimage","url":"https:\/\/cdu-kaarst.de\/wp-content\/uploads\/cdu-kaarst_schubert-reimer.jpg","contentUrl":"https:\/\/cdu-kaarst.de\/wp-content\/uploads\/cdu-kaarst_schubert-reimer.jpg","width":1024,"height":1024,"caption":"Reimer Schubert"},{"@type":"BreadcrumbList","@id":"https:\/\/cdu-kaarst.de\/personen\/reimer-schubert\/#breadcrumb","itemListElement":[{"@type":"ListItem","position":1,"name":"Startseite","item":"https:\/\/cdu-kaarst.de\/"},{"@type":"ListItem","position":2,"name":"Personen","item":"https:\/\/cdu-kaarst.de\/personen\/"},{"@type":"ListItem","position":3,"name":"Reimer Schubert"}]},{"@type":"WebSite","@id":"https:\/\/cdu-kaarst.de\/#website","url":"https:\/\/cdu-kaarst.de\/","name":"CDU Kaarst-B\u00fcttgen","description":"living well in Kaarst","publisher":{"@id":"https:\/\/cdu-kaarst.de\/#organization"},"potentialAction":[{"@type":"SearchAction","target":{"@type":"EntryPoint","urlTemplate":"https:\/\/cdu-kaarst.de\/?s={search_term_string}"},"query-input":{"@type":"PropertyValueSpecification","valueRequired":true,"valueName":"search_term_string"}}],"inLanguage":"en-GB"},{"@type":"Organization","@id":"https:\/\/cdu-kaarst.de\/#organization","name":"CDU Kaarst-B\u00fcttgen","url":"https:\/\/cdu-kaarst.de\/","logo":{"@type":"ImageObject","inLanguage":"en-GB","@id":"https:\/\/cdu-kaarst.de\/#\/schema\/logo\/image\/","url":"https:\/\/cdu-kaarst.de\/wp-content\/uploads\/cdu-gesamtlogo.png","contentUrl":"https:\/\/cdu-kaarst.de\/wp-content\/uploads\/cdu-gesamtlogo.png","width":418,"height":120,"caption":"CDU Kaarst-B\u00fcttgen"},"image":{"@id":"https:\/\/cdu-kaarst.de\/#\/schema\/logo\/image\/"}}]}},"_links":{"self":[{"href":"https:\/\/cdu-kaarst.de\/en\/wp-json\/wp\/v2\/personen\/2441","targetHints":{"allow":["GET"]}}],"collection":[{"href":"https:\/\/cdu-kaarst.de\/en\/wp-json\/wp\/v2\/personen"}],"about":[{"href":"https:\/\/cdu-kaarst.de\/en\/wp-json\/wp\/v2\/types\/personen"}],"wp:featuredmedia":[{"embeddable":true,"href":"https:\/\/cdu-kaarst.de\/en\/wp-json\/wp\/v2\/media\/2776"}],"wp:attachment":[{"href":"https:\/\/cdu-kaarst.de\/en\/wp-json\/wp\/v2\/media?parent=2441"}],"wp:term":[{"taxonomy":"ausschusse","embeddable":true,"href":"https:\/\/cdu-kaarst.de\/en\/wp-json\/wp\/v2\/ausschusse?post=2441"},{"taxonomy":"stadt","embeddable":true,"href":"https:\/\/cdu-kaarst.de\/en\/wp-json\/wp\/v2\/stadt?post=2441"}],"curies":[{"name":"wp","href":"https:\/\/api.w.org\/{rel}","templated":true}]}}

<p><strong>Motivation: </strong></p>
<p>Because I owe a lot to the German state, such as education, security, social care, etc., I would like to give something back. That's why I'm involved in local politics in the town of Kaarst and support the CDU's guidelines.</p>
<p><strong><br />
Mandates: </strong></p>
<p>Various committees, council mandate and arbitration office until 2018, still on the advisory board of the Büttgen local association</p>
<p><strong><br />
Hobbies: </strong></p>
<p>Politics, rowing, gardening</p>
<p><strong><br />
What is important to me: </strong></p>
<p>With the motto "Common good before personal good", I would like to help shape the broad will of the citizens of our municipality. My wish for Kaarst: Implementation of the improvements to the centre of Büttgen (Bahnstrasse / Rathausplatz) planned some time ago and preservation of the fountain</p>

<!-- This site is optimized with the Yoast SEO plugin v27.4 - https://yoast.com/product/yoast-seo-wordpress/ -->
<title>Reimer Schubert - CDU Kaarst-Büttgen</title>
<meta name="robots" content="index, follow, max-snippet:-1, max-image-preview:large, max-video-preview:-1" />
<link rel="canonical" href="https://cdu-kaarst.de/en/personen/reimer-schubert/" />
<meta property="og:locale" content="en_GB" />
<meta property="og:type" content="article" />
<meta property="og:title" content="Reimer Schubert - CDU Kaarst-Büttgen" />
<meta property="og:description" content="Motivation: Weil ich dem deutschen Staat viel zu verdanken habe, wie Ausbildung, Sicherheit, soziale Versorgung u. ä., möchte ich etwas zurückgeben. Daher engagiere ich mich in der Kommunalpolitik der Stadt Kaarst und unterstütze die Leitlinien der CDU. Mandate: Diverse Ausschüsse, Ratsmandat und Schiedsamt bis 2018, weiterhin Beirat im Ortsverband Büttgen Hobbys: Politik, Rudern, Gartenarbeit Was [&hellip;]" />
<meta property="og:url" content="https://cdu-kaarst.de/en/personen/reimer-schubert/" />
<meta property="og:site_name" content="CDU Kaarst-Büttgen" />
<meta property="article:modified_time" content="2024-06-18T11:45:27+00:00" />
<meta property="og:image" content="https://cdu-kaarst.de/wp-content/uploads/cdu-kaarst_schubert-reimer.jpg" />
	<meta property="og:image:width" content="1024" />
	<meta property="og:image:height" content="1024" />
	<meta property="og:image:type" content="image/jpeg" />
<meta name="twitter:card" content="summary_large_image" />
<meta name="twitter:label1" content="Estimated reading time" />
	<meta name="twitter:data1" content="1 minute" />
<script type="application/ld+json" class="yoast-schema-graph">{"@context":"https:\/\/schema.org","@graph":[{"@type":"WebPage","@id":"https:\/\/cdu-kaarst.de\/personen\/reimer-schubert\/","url":"https:\/\/cdu-kaarst.de\/personen\/reimer-schubert\/","name":"Reimer Schubert - CDU Kaarst-Büttgen","isPartOf":{"@id":"https:\/\/cdu-kaarst.de\/#website"},"primaryImageOfPage":{"@id":"https:\/\/cdu-kaarst.de\/personen\/reimer-schubert\/#primaryimage"},"image":{"@id":"https:\/\/cdu-kaarst.de\/personen\/reimer-schubert\/#primaryimage"},"thumbnailUrl":"https:\/\/cdu-kaarst.de\/wp-content\/uploads\/cdu-kaarst_schubert-reimer.jpg","datePublished":"2024-05-16T11:51:53+00:00","dateModified":"2024-06-18T11:45:27+00:00","breadcrumb":{"@id":"https:\/\/cdu-kaarst.de\/personen\/reimer-schubert\/#breadcrumb"},"inLanguage":"en-GB","potentialAction":[{"@type":"ReadAction","target":["https:\/\/cdu-kaarst.de\/personen\/reimer-schubert\/"]}]},{"@type":"ImageObject","inLanguage":"en-GB","@id":"https:\/\/cdu-kaarst.de\/personen\/reimer-schubert\/#primaryimage","url":"https:\/\/cdu-kaarst.de\/wp-content\/uploads\/cdu-kaarst_schubert-reimer.jpg","contentUrl":"https:\/\/cdu-kaarst.de\/wp-content\/uploads\/cdu-kaarst_schubert-reimer.jpg","width":1024,"height":1024,"caption":"Reimer Schubert"},{"@type":"BreadcrumbList","@id":"https:\/\/cdu-kaarst.de\/personen\/reimer-schubert\/#breadcrumb","itemListElement":[{"@type":"ListItem","position":1,"name":"Startseite","item":"https:\/\/cdu-kaarst.de\/"},{"@type":"ListItem","position":2,"name":"Personen","item":"https:\/\/cdu-kaarst.de\/personen\/"},{"@type":"ListItem","position":3,"name":"Reimer Schubert"}]},{"@type":"WebSite","@id":"https:\/\/cdu-kaarst.de\/#website","url":"https:\/\/cdu-kaarst.de\/","name":"CDU Kaarst-Büttgen","description":"gut Leben in Kaarst","publisher":{"@id":"https:\/\/cdu-kaarst.de\/#organization"},"potentialAction":[{"@type":"SearchAction","target":{"@type":"EntryPoint","urlTemplate":"https:\/\/cdu-kaarst.de\/?s={search_term_string}"},"query-input":{"@type":"PropertyValueSpecification","valueRequired":true,"valueName":"search_term_string"}}],"inLanguage":"en-GB"},{"@type":"Organization","@id":"https:\/\/cdu-kaarst.de\/#organization","name":"CDU Kaarst-Büttgen","url":"https:\/\/cdu-kaarst.de\/","logo":{"@type":"ImageObject","inLanguage":"en-GB","@id":"https:\/\/cdu-kaarst.de\/#\/schema\/logo\/image\/","url":"https:\/\/cdu-kaarst.de\/wp-content\/uploads\/cdu-gesamtlogo.png","contentUrl":"https:\/\/cdu-kaarst.de\/wp-content\/uploads\/cdu-gesamtlogo.png","width":418,"height":120,"caption":"CDU Kaarst-Büttgen"},"image":{"@id":"https:\/\/cdu-kaarst.de\/#\/schema\/logo\/image\/"}}]}</script>
<!-- / Yoast SEO plugin. -->

Reimer Schubert - CDU Kaarst-Büttgen

Motivation: Weil ich dem deutschen Staat viel zu verdanken habe, wie Ausbildung, Sicherheit, soziale Versorgung u. ä., möchte ich etwas zurückgeben. Daher engagiere ich mich in der Kommunalpolitik der Stadt Kaarst und unterstütze die Leitlinien der CDU. Mandate: Diverse Ausschüsse, Ratsmandat und Schiedsamt bis 2018, weiterhin Beirat im Ortsverband Büttgen Hobbys: Politik, Rudern, Gartenarbeit Was [&hellip;]

CDU Kaarst-Büttgen
