{"id":2458,"date":"2024-05-16T13:58:04","date_gmt":"2024-05-16T11:58:04","guid":{"rendered":"http:\/\/cdu-kaarst.de\/?post_type=personen&#038;p=2458"},"modified":"2025-07-07T13:53:59","modified_gmt":"2025-07-07T11:53:59","slug":"markus-steins","status":"publish","type":"personen","link":"https:\/\/cdu-kaarst.de\/en\/personen\/markus-steins\/","title":{"rendered":"Markus Steins"},"content":{"rendered":"<p><strong>CDU, because...<\/strong><\/p>\n<p>... it supports SMEs, the backbone of the German economy<\/p>\n<p><strong>Motivation - Why volunteer:<\/strong><\/p>\n<p>Because you can do a lot of good through voluntary work and also get a lot back from the people you meet, such as the shining eyes of children<\/p>\n<p><strong>Hobbies: <\/strong><\/p>\n<p>Sport, cycling, hiking and reading<\/p>\n<p><strong>What is particularly important to me: <\/strong><\/p>\n<p>Family and friends<\/p>\n<p><strong>What wish do you have for Kaarst?<\/strong><\/p>\n<p>Maintaining good living conditions and positive further development for the benefit of the municipality and its citizens<\/p>\n<div style=\"position: relative; width: 360px; height: 640px; overflow: hidden;\"><iframe style=\"position: absolute; top: 0; left: 50%; transform: translateX(-50%);\" title=\"CDU Kaarst city council candidate Tobias Becker\" src=\"https:\/\/www.youtube-nocookie.com\/embed\/NoNoHYJ_x48\" width=\"854\" height=\"640\" frameborder=\"0\" allowfullscreen=\"allowfullscreen\"><\/iframe><\/div>","protected":false},"featured_media":5453,"template":"","ausschusse":[],"stadt":[74,61],"class_list":["post-2458","personen","type-personen","status-publish","has-post-thumbnail","hentry","stadt-kreistagsabgeordnete","stadt-vorsitzende-der-vereinigungen"],"yoast_head":"<!-- This site is optimized with the Yoast SEO plugin v27.4 - https:\/\/yoast.com\/product\/yoast-seo-wordpress\/ -->\n<title>Markus Steins - CDU Kaarst-B\u00fcttgen<\/title>\n<meta name=\"robots\" content=\"index, follow, max-snippet:-1, max-image-preview:large, max-video-preview:-1\" \/>\n<link rel=\"canonical\" href=\"https:\/\/cdu-kaarst.de\/en\/personen\/markus-steins\/\" \/>\n<meta property=\"og:locale\" content=\"en_GB\" \/>\n<meta property=\"og:type\" content=\"article\" \/>\n<meta property=\"og:title\" content=\"Markus Steins - CDU Kaarst-B\u00fcttgen\" \/>\n<meta property=\"og:description\" content=\"CDU, weil&#8230; &#8230; sie den Mittelstand, das R\u00fcckgrat der deutschen Wirtschaft st\u00fctzt Motivation \u2013 Warum ehrenamtliche Mitarbeit: Weil man durch ehrenamtliche T\u00e4tigkeiten viel gutes bewirken kann und auch viel von den Menschen, die man dabei kennenlernt zur\u00fcckbekommt, wie z.B. leuchtende Kinderaugen Hobbies: Sport, Fahrradfahren, Wandern und lesen Was ist mir besonders wichtig: Familie und Freunde [&hellip;]\" \/>\n<meta property=\"og:url\" content=\"https:\/\/cdu-kaarst.de\/en\/personen\/markus-steins\/\" \/>\n<meta property=\"og:site_name\" content=\"CDU Kaarst-B\u00fcttgen\" \/>\n<meta property=\"article:modified_time\" content=\"2025-07-07T11:53:59+00:00\" \/>\n<meta property=\"og:image\" content=\"https:\/\/cdu-kaarst.de\/wp-content\/uploads\/cdu-kaarst_markus-steins.jpg\" \/>\n\t<meta property=\"og:image:width\" content=\"1024\" \/>\n\t<meta property=\"og:image:height\" content=\"1024\" \/>\n\t<meta property=\"og:image:type\" content=\"image\/jpeg\" \/>\n<meta name=\"twitter:card\" content=\"summary_large_image\" \/>\n<meta name=\"twitter:label1\" content=\"Estimated reading time\" \/>\n\t<meta name=\"twitter:data1\" content=\"1 minute\" \/>\n<script type=\"application\/ld+json\" class=\"yoast-schema-graph\">{\"@context\":\"https:\\\/\\\/schema.org\",\"@graph\":[{\"@type\":\"WebPage\",\"@id\":\"https:\\\/\\\/cdu-kaarst.de\\\/personen\\\/markus-steins\\\/\",\"url\":\"https:\\\/\\\/cdu-kaarst.de\\\/personen\\\/markus-steins\\\/\",\"name\":\"Markus Steins - CDU Kaarst-B\u00fcttgen\",\"isPartOf\":{\"@id\":\"https:\\\/\\\/cdu-kaarst.de\\\/#website\"},\"primaryImageOfPage\":{\"@id\":\"https:\\\/\\\/cdu-kaarst.de\\\/personen\\\/markus-steins\\\/#primaryimage\"},\"image\":{\"@id\":\"https:\\\/\\\/cdu-kaarst.de\\\/personen\\\/markus-steins\\\/#primaryimage\"},\"thumbnailUrl\":\"https:\\\/\\\/cdu-kaarst.de\\\/wp-content\\\/uploads\\\/cdu-kaarst_markus-steins.jpg\",\"datePublished\":\"2024-05-16T11:58:04+00:00\",\"dateModified\":\"2025-07-07T11:53:59+00:00\",\"breadcrumb\":{\"@id\":\"https:\\\/\\\/cdu-kaarst.de\\\/personen\\\/markus-steins\\\/#breadcrumb\"},\"inLanguage\":\"en-GB\",\"potentialAction\":[{\"@type\":\"ReadAction\",\"target\":[\"https:\\\/\\\/cdu-kaarst.de\\\/personen\\\/markus-steins\\\/\"]}]},{\"@type\":\"ImageObject\",\"inLanguage\":\"en-GB\",\"@id\":\"https:\\\/\\\/cdu-kaarst.de\\\/personen\\\/markus-steins\\\/#primaryimage\",\"url\":\"https:\\\/\\\/cdu-kaarst.de\\\/wp-content\\\/uploads\\\/cdu-kaarst_markus-steins.jpg\",\"contentUrl\":\"https:\\\/\\\/cdu-kaarst.de\\\/wp-content\\\/uploads\\\/cdu-kaarst_markus-steins.jpg\",\"width\":1024,\"height\":1024},{\"@type\":\"BreadcrumbList\",\"@id\":\"https:\\\/\\\/cdu-kaarst.de\\\/personen\\\/markus-steins\\\/#breadcrumb\",\"itemListElement\":[{\"@type\":\"ListItem\",\"position\":1,\"name\":\"Startseite\",\"item\":\"https:\\\/\\\/cdu-kaarst.de\\\/\"},{\"@type\":\"ListItem\",\"position\":2,\"name\":\"Personen\",\"item\":\"https:\\\/\\\/cdu-kaarst.de\\\/personen\\\/\"},{\"@type\":\"ListItem\",\"position\":3,\"name\":\"Markus Steins\"}]},{\"@type\":\"WebSite\",\"@id\":\"https:\\\/\\\/cdu-kaarst.de\\\/#website\",\"url\":\"https:\\\/\\\/cdu-kaarst.de\\\/\",\"name\":\"CDU Kaarst-B\u00fcttgen\",\"description\":\"gut Leben in Kaarst\",\"publisher\":{\"@id\":\"https:\\\/\\\/cdu-kaarst.de\\\/#organization\"},\"potentialAction\":[{\"@type\":\"SearchAction\",\"target\":{\"@type\":\"EntryPoint\",\"urlTemplate\":\"https:\\\/\\\/cdu-kaarst.de\\\/?s={search_term_string}\"},\"query-input\":{\"@type\":\"PropertyValueSpecification\",\"valueRequired\":true,\"valueName\":\"search_term_string\"}}],\"inLanguage\":\"en-GB\"},{\"@type\":\"Organization\",\"@id\":\"https:\\\/\\\/cdu-kaarst.de\\\/#organization\",\"name\":\"CDU Kaarst-B\u00fcttgen\",\"url\":\"https:\\\/\\\/cdu-kaarst.de\\\/\",\"logo\":{\"@type\":\"ImageObject\",\"inLanguage\":\"en-GB\",\"@id\":\"https:\\\/\\\/cdu-kaarst.de\\\/#\\\/schema\\\/logo\\\/image\\\/\",\"url\":\"https:\\\/\\\/cdu-kaarst.de\\\/wp-content\\\/uploads\\\/cdu-gesamtlogo.png\",\"contentUrl\":\"https:\\\/\\\/cdu-kaarst.de\\\/wp-content\\\/uploads\\\/cdu-gesamtlogo.png\",\"width\":418,\"height\":120,\"caption\":\"CDU Kaarst-B\u00fcttgen\"},\"image\":{\"@id\":\"https:\\\/\\\/cdu-kaarst.de\\\/#\\\/schema\\\/logo\\\/image\\\/\"}}]}<\/script>\n<!-- \/ Yoast SEO plugin. -->","yoast_head_json":{"title":"Markus Steins - CDU Kaarst-B\u00fcttgen","robots":{"index":"index","follow":"follow","max-snippet":"max-snippet:-1","max-image-preview":"max-image-preview:large","max-video-preview":"max-video-preview:-1"},"canonical":"https:\/\/cdu-kaarst.de\/en\/personen\/markus-steins\/","og_locale":"en_GB","og_type":"article","og_title":"Markus Steins - CDU Kaarst-B\u00fcttgen","og_description":"CDU, weil&#8230; &#8230; sie den Mittelstand, das R\u00fcckgrat der deutschen Wirtschaft st\u00fctzt Motivation \u2013 Warum ehrenamtliche Mitarbeit: Weil man durch ehrenamtliche T\u00e4tigkeiten viel gutes bewirken kann und auch viel von den Menschen, die man dabei kennenlernt zur\u00fcckbekommt, wie z.B. leuchtende Kinderaugen Hobbies: Sport, Fahrradfahren, Wandern und lesen Was ist mir besonders wichtig: Familie und Freunde [&hellip;]","og_url":"https:\/\/cdu-kaarst.de\/en\/personen\/markus-steins\/","og_site_name":"CDU Kaarst-B\u00fcttgen","article_modified_time":"2025-07-07T11:53:59+00:00","og_image":[{"width":1024,"height":1024,"url":"https:\/\/cdu-kaarst.de\/wp-content\/uploads\/cdu-kaarst_markus-steins.jpg","type":"image\/jpeg"}],"twitter_card":"summary_large_image","twitter_misc":{"Estimated reading time":"1 minute"},"schema":{"@context":"https:\/\/schema.org","@graph":[{"@type":"WebPage","@id":"https:\/\/cdu-kaarst.de\/personen\/markus-steins\/","url":"https:\/\/cdu-kaarst.de\/personen\/markus-steins\/","name":"Markus Steins - CDU Kaarst-B\u00fcttgen","isPartOf":{"@id":"https:\/\/cdu-kaarst.de\/#website"},"primaryImageOfPage":{"@id":"https:\/\/cdu-kaarst.de\/personen\/markus-steins\/#primaryimage"},"image":{"@id":"https:\/\/cdu-kaarst.de\/personen\/markus-steins\/#primaryimage"},"thumbnailUrl":"https:\/\/cdu-kaarst.de\/wp-content\/uploads\/cdu-kaarst_markus-steins.jpg","datePublished":"2024-05-16T11:58:04+00:00","dateModified":"2025-07-07T11:53:59+00:00","breadcrumb":{"@id":"https:\/\/cdu-kaarst.de\/personen\/markus-steins\/#breadcrumb"},"inLanguage":"en-GB","potentialAction":[{"@type":"ReadAction","target":["https:\/\/cdu-kaarst.de\/personen\/markus-steins\/"]}]},{"@type":"ImageObject","inLanguage":"en-GB","@id":"https:\/\/cdu-kaarst.de\/personen\/markus-steins\/#primaryimage","url":"https:\/\/cdu-kaarst.de\/wp-content\/uploads\/cdu-kaarst_markus-steins.jpg","contentUrl":"https:\/\/cdu-kaarst.de\/wp-content\/uploads\/cdu-kaarst_markus-steins.jpg","width":1024,"height":1024},{"@type":"BreadcrumbList","@id":"https:\/\/cdu-kaarst.de\/personen\/markus-steins\/#breadcrumb","itemListElement":[{"@type":"ListItem","position":1,"name":"Startseite","item":"https:\/\/cdu-kaarst.de\/"},{"@type":"ListItem","position":2,"name":"Personen","item":"https:\/\/cdu-kaarst.de\/personen\/"},{"@type":"ListItem","position":3,"name":"Markus Steins"}]},{"@type":"WebSite","@id":"https:\/\/cdu-kaarst.de\/#website","url":"https:\/\/cdu-kaarst.de\/","name":"CDU Kaarst-B\u00fcttgen","description":"living well in Kaarst","publisher":{"@id":"https:\/\/cdu-kaarst.de\/#organization"},"potentialAction":[{"@type":"SearchAction","target":{"@type":"EntryPoint","urlTemplate":"https:\/\/cdu-kaarst.de\/?s={search_term_string}"},"query-input":{"@type":"PropertyValueSpecification","valueRequired":true,"valueName":"search_term_string"}}],"inLanguage":"en-GB"},{"@type":"Organization","@id":"https:\/\/cdu-kaarst.de\/#organization","name":"CDU Kaarst-B\u00fcttgen","url":"https:\/\/cdu-kaarst.de\/","logo":{"@type":"ImageObject","inLanguage":"en-GB","@id":"https:\/\/cdu-kaarst.de\/#\/schema\/logo\/image\/","url":"https:\/\/cdu-kaarst.de\/wp-content\/uploads\/cdu-gesamtlogo.png","contentUrl":"https:\/\/cdu-kaarst.de\/wp-content\/uploads\/cdu-gesamtlogo.png","width":418,"height":120,"caption":"CDU Kaarst-B\u00fcttgen"},"image":{"@id":"https:\/\/cdu-kaarst.de\/#\/schema\/logo\/image\/"}}]}},"_links":{"self":[{"href":"https:\/\/cdu-kaarst.de\/en\/wp-json\/wp\/v2\/personen\/2458","targetHints":{"allow":["GET"]}}],"collection":[{"href":"https:\/\/cdu-kaarst.de\/en\/wp-json\/wp\/v2\/personen"}],"about":[{"href":"https:\/\/cdu-kaarst.de\/en\/wp-json\/wp\/v2\/types\/personen"}],"wp:featuredmedia":[{"embeddable":true,"href":"https:\/\/cdu-kaarst.de\/en\/wp-json\/wp\/v2\/media\/5453"}],"wp:attachment":[{"href":"https:\/\/cdu-kaarst.de\/en\/wp-json\/wp\/v2\/media?parent=2458"}],"wp:term":[{"taxonomy":"ausschusse","embeddable":true,"href":"https:\/\/cdu-kaarst.de\/en\/wp-json\/wp\/v2\/ausschusse?post=2458"},{"taxonomy":"stadt","embeddable":true,"href":"https:\/\/cdu-kaarst.de\/en\/wp-json\/wp\/v2\/stadt?post=2458"}],"curies":[{"name":"wp","href":"https:\/\/api.w.org\/{rel}","templated":true}]}}

<!-- This site is optimized with the Yoast SEO plugin v27.4 - https://yoast.com/product/yoast-seo-wordpress/ -->
<title>Markus Steins - CDU Kaarst-Büttgen</title>
<meta name="robots" content="index, follow, max-snippet:-1, max-image-preview:large, max-video-preview:-1" />
<link rel="canonical" href="https://cdu-kaarst.de/en/personen/markus-steins/" />
<meta property="og:locale" content="en_GB" />
<meta property="og:type" content="article" />
<meta property="og:title" content="Markus Steins - CDU Kaarst-Büttgen" />
<meta property="og:description" content="CDU, weil&#8230; &#8230; sie den Mittelstand, das Rückgrat der deutschen Wirtschaft stützt Motivation – Warum ehrenamtliche Mitarbeit: Weil man durch ehrenamtliche Tätigkeiten viel gutes bewirken kann und auch viel von den Menschen, die man dabei kennenlernt zurückbekommt, wie z.B. leuchtende Kinderaugen Hobbies: Sport, Fahrradfahren, Wandern und lesen Was ist mir besonders wichtig: Familie und Freunde [&hellip;]" />
<meta property="og:url" content="https://cdu-kaarst.de/en/personen/markus-steins/" />
<meta property="og:site_name" content="CDU Kaarst-Büttgen" />
<meta property="article:modified_time" content="2025-07-07T11:53:59+00:00" />
<meta property="og:image" content="https://cdu-kaarst.de/wp-content/uploads/cdu-kaarst_markus-steins.jpg" />
	<meta property="og:image:width" content="1024" />
	<meta property="og:image:height" content="1024" />
	<meta property="og:image:type" content="image/jpeg" />
<meta name="twitter:card" content="summary_large_image" />
<meta name="twitter:label1" content="Estimated reading time" />
	<meta name="twitter:data1" content="1 minute" />
<script type="application/ld+json" class="yoast-schema-graph">{"@context":"https:\/\/schema.org","@graph":[{"@type":"WebPage","@id":"https:\/\/cdu-kaarst.de\/personen\/markus-steins\/","url":"https:\/\/cdu-kaarst.de\/personen\/markus-steins\/","name":"Markus Steins - CDU Kaarst-Büttgen","isPartOf":{"@id":"https:\/\/cdu-kaarst.de\/#website"},"primaryImageOfPage":{"@id":"https:\/\/cdu-kaarst.de\/personen\/markus-steins\/#primaryimage"},"image":{"@id":"https:\/\/cdu-kaarst.de\/personen\/markus-steins\/#primaryimage"},"thumbnailUrl":"https:\/\/cdu-kaarst.de\/wp-content\/uploads\/cdu-kaarst_markus-steins.jpg","datePublished":"2024-05-16T11:58:04+00:00","dateModified":"2025-07-07T11:53:59+00:00","breadcrumb":{"@id":"https:\/\/cdu-kaarst.de\/personen\/markus-steins\/#breadcrumb"},"inLanguage":"en-GB","potentialAction":[{"@type":"ReadAction","target":["https:\/\/cdu-kaarst.de\/personen\/markus-steins\/"]}]},{"@type":"ImageObject","inLanguage":"en-GB","@id":"https:\/\/cdu-kaarst.de\/personen\/markus-steins\/#primaryimage","url":"https:\/\/cdu-kaarst.de\/wp-content\/uploads\/cdu-kaarst_markus-steins.jpg","contentUrl":"https:\/\/cdu-kaarst.de\/wp-content\/uploads\/cdu-kaarst_markus-steins.jpg","width":1024,"height":1024},{"@type":"BreadcrumbList","@id":"https:\/\/cdu-kaarst.de\/personen\/markus-steins\/#breadcrumb","itemListElement":[{"@type":"ListItem","position":1,"name":"Startseite","item":"https:\/\/cdu-kaarst.de\/"},{"@type":"ListItem","position":2,"name":"Personen","item":"https:\/\/cdu-kaarst.de\/personen\/"},{"@type":"ListItem","position":3,"name":"Markus Steins"}]},{"@type":"WebSite","@id":"https:\/\/cdu-kaarst.de\/#website","url":"https:\/\/cdu-kaarst.de\/","name":"CDU Kaarst-Büttgen","description":"gut Leben in Kaarst","publisher":{"@id":"https:\/\/cdu-kaarst.de\/#organization"},"potentialAction":[{"@type":"SearchAction","target":{"@type":"EntryPoint","urlTemplate":"https:\/\/cdu-kaarst.de\/?s={search_term_string}"},"query-input":{"@type":"PropertyValueSpecification","valueRequired":true,"valueName":"search_term_string"}}],"inLanguage":"en-GB"},{"@type":"Organization","@id":"https:\/\/cdu-kaarst.de\/#organization","name":"CDU Kaarst-Büttgen","url":"https:\/\/cdu-kaarst.de\/","logo":{"@type":"ImageObject","inLanguage":"en-GB","@id":"https:\/\/cdu-kaarst.de\/#\/schema\/logo\/image\/","url":"https:\/\/cdu-kaarst.de\/wp-content\/uploads\/cdu-gesamtlogo.png","contentUrl":"https:\/\/cdu-kaarst.de\/wp-content\/uploads\/cdu-gesamtlogo.png","width":418,"height":120,"caption":"CDU Kaarst-Büttgen"},"image":{"@id":"https:\/\/cdu-kaarst.de\/#\/schema\/logo\/image\/"}}]}</script>
<!-- / Yoast SEO plugin. -->

Markus Steins - CDU Kaarst-Büttgen

CDU, weil&#8230; &#8230; sie den Mittelstand, das Rückgrat der deutschen Wirtschaft stützt Motivation – Warum ehrenamtliche Mitarbeit: Weil man durch ehrenamtliche Tätigkeiten viel gutes bewirken kann und auch viel von den Menschen, die man dabei kennenlernt zurückbekommt, wie z.B. leuchtende Kinderaugen Hobbies: Sport, Fahrradfahren, Wandern und lesen Was ist mir besonders wichtig: Familie und Freunde [&hellip;]

CDU Kaarst-Büttgen
