{"id":2463,"date":"2024-05-17T07:54:30","date_gmt":"2024-05-17T05:54:30","guid":{"rendered":"http:\/\/cdu-kaarst.de\/?post_type=termin&#038;p=2463"},"modified":"2024-09-27T12:15:42","modified_gmt":"2024-09-27T10:15:42","slug":"cdu-talk-zur-europawahl-in-kaarst","status":"publish","type":"termin","link":"https:\/\/cdu-kaarst.de\/en\/termin\/cdu-talk-zur-europawahl-in-kaarst\/","title":{"rendered":"CDU talk on the European elections in Kaarst"},"content":{"rendered":"<p>Dear friends of the CDU,<br \/>\nLadies and Gentlemen,<\/p>\n<p>A functioning Europe needs strong support from the population and a high turnout in the upcoming elections to the European Parliament. On the occasion of the European elections, we are delighted that our Member of the European Parliament for the town of Kaarst, Dr Stefan Berger, will be joining us. Europe needs a strong voice and only we as the CDU can give it to Europe.<br \/>\nIn view of the current situation, we as the CDU must stand strong and united in order not to leave the field to the extreme forces in Europe. Please feel free to drop by and let Dr Berger know your concerns \/ worries \/ wishes. On 9 June 2024, the motto will be: a strong CDU for a strong Europe!<\/p>\n<p>After a short keynote speech by Dr Stefan Berger MEP, we want to discuss our Europe today, then and in the future. All those present are cordially invited to join in the discussion. Let us talk with him about Europe, our wishes, suggestions and concerns.<\/p>\n<p>Conclusion and exchange with our guests over a small snack and drinks from around 8.30 pm.<\/p>\n<p>We cordially invite you to this exciting evening and look forward to your participation.<\/p>\n<p>Yours sincerely<\/p>\n<p>Christian Horn-Heinemann,<br \/>\nElke Bong,<br \/>\nDennis Oscheja<\/p>","protected":false},"featured_media":2465,"template":"","meta":{"datum":1717113600,"uhr":"19:00","bis":"","platz":"twenty seven Eventlocation","adresse":"Hanns-Martin-Schleyer-Stra\u00dfe 27, 41564 Kaarst\/Holzb\u00fcttgen","button-text":"Mehr Erfahren","einladung-herunterladen":""},"gemeinschaften":[],"class_list":["post-2463","termin","type-termin","status-publish","has-post-thumbnail","hentry"],"yoast_head":"<!-- This site is optimized with the Yoast SEO plugin v27.4 - https:\/\/yoast.com\/product\/yoast-seo-wordpress\/ -->\n<title>CDU-Talk zur Europawahl in Kaarst - CDU Kaarst-B\u00fcttgen<\/title>\n<meta name=\"robots\" content=\"noindex, follow\" \/>\n<meta property=\"og:locale\" content=\"en_GB\" \/>\n<meta property=\"og:type\" content=\"article\" \/>\n<meta property=\"og:title\" content=\"CDU-Talk zur Europawahl in Kaarst - CDU Kaarst-B\u00fcttgen\" \/>\n<meta property=\"og:description\" content=\"Liebe Freundinnen und Freunde der CDU, sehr geehrte Damen und Herren, ein funktionierendes Europa braucht einen starken R\u00fcckhalt in der Bev\u00f6lkerung und eine hohe Beteiligung bei den anstehenden Wahlen zum EU-Parlament. Anl\u00e4sslich der Europawahl freuen wir uns, dass unser Abgeordneter f\u00fcr die Stadt Kaarst im Europaparlament, Herr Dr. Stefan Berger, zu uns kommt. Europa braucht [&hellip;]\" \/>\n<meta property=\"og:url\" content=\"https:\/\/cdu-kaarst.de\/en\/termin\/cdu-talk-zur-europawahl-in-kaarst\/\" \/>\n<meta property=\"og:site_name\" content=\"CDU Kaarst-B\u00fcttgen\" \/>\n<meta property=\"article:modified_time\" content=\"2024-09-27T10:15:42+00:00\" \/>\n<meta property=\"og:image\" content=\"https:\/\/cdu-kaarst.de\/wp-content\/uploads\/dr-stefan-berger-cdu-portrait.jpg\" \/>\n\t<meta property=\"og:image:width\" content=\"1200\" \/>\n\t<meta property=\"og:image:height\" content=\"768\" \/>\n\t<meta property=\"og:image:type\" content=\"image\/jpeg\" \/>\n<meta name=\"twitter:card\" content=\"summary_large_image\" \/>\n<meta name=\"twitter:label1\" content=\"Estimated reading time\" \/>\n\t<meta name=\"twitter:data1\" content=\"1 minute\" \/>\n<script type=\"application\/ld+json\" class=\"yoast-schema-graph\">{\"@context\":\"https:\\\/\\\/schema.org\",\"@graph\":[{\"@type\":\"WebPage\",\"@id\":\"https:\\\/\\\/cdu-kaarst.de\\\/termin\\\/cdu-talk-zur-europawahl-in-kaarst\\\/\",\"url\":\"https:\\\/\\\/cdu-kaarst.de\\\/termin\\\/cdu-talk-zur-europawahl-in-kaarst\\\/\",\"name\":\"CDU-Talk zur Europawahl in Kaarst - CDU Kaarst-B\u00fcttgen\",\"isPartOf\":{\"@id\":\"https:\\\/\\\/cdu-kaarst.de\\\/#website\"},\"primaryImageOfPage\":{\"@id\":\"https:\\\/\\\/cdu-kaarst.de\\\/termin\\\/cdu-talk-zur-europawahl-in-kaarst\\\/#primaryimage\"},\"image\":{\"@id\":\"https:\\\/\\\/cdu-kaarst.de\\\/termin\\\/cdu-talk-zur-europawahl-in-kaarst\\\/#primaryimage\"},\"thumbnailUrl\":\"https:\\\/\\\/cdu-kaarst.de\\\/wp-content\\\/uploads\\\/dr-stefan-berger-cdu-portrait.jpg\",\"datePublished\":\"2024-05-17T05:54:30+00:00\",\"dateModified\":\"2024-09-27T10:15:42+00:00\",\"breadcrumb\":{\"@id\":\"https:\\\/\\\/cdu-kaarst.de\\\/termin\\\/cdu-talk-zur-europawahl-in-kaarst\\\/#breadcrumb\"},\"inLanguage\":\"en-GB\",\"potentialAction\":[{\"@type\":\"ReadAction\",\"target\":[\"https:\\\/\\\/cdu-kaarst.de\\\/termin\\\/cdu-talk-zur-europawahl-in-kaarst\\\/\"]}]},{\"@type\":\"ImageObject\",\"inLanguage\":\"en-GB\",\"@id\":\"https:\\\/\\\/cdu-kaarst.de\\\/termin\\\/cdu-talk-zur-europawahl-in-kaarst\\\/#primaryimage\",\"url\":\"https:\\\/\\\/cdu-kaarst.de\\\/wp-content\\\/uploads\\\/dr-stefan-berger-cdu-portrait.jpg\",\"contentUrl\":\"https:\\\/\\\/cdu-kaarst.de\\\/wp-content\\\/uploads\\\/dr-stefan-berger-cdu-portrait.jpg\",\"width\":1200,\"height\":768},{\"@type\":\"BreadcrumbList\",\"@id\":\"https:\\\/\\\/cdu-kaarst.de\\\/termin\\\/cdu-talk-zur-europawahl-in-kaarst\\\/#breadcrumb\",\"itemListElement\":[{\"@type\":\"ListItem\",\"position\":1,\"name\":\"Startseite\",\"item\":\"https:\\\/\\\/cdu-kaarst.de\\\/\"},{\"@type\":\"ListItem\",\"position\":2,\"name\":\"Termin\",\"item\":\"https:\\\/\\\/cdu-kaarst.de\\\/termin\\\/\"},{\"@type\":\"ListItem\",\"position\":3,\"name\":\"CDU-Talk zur Europawahl in Kaarst\"}]},{\"@type\":\"WebSite\",\"@id\":\"https:\\\/\\\/cdu-kaarst.de\\\/#website\",\"url\":\"https:\\\/\\\/cdu-kaarst.de\\\/\",\"name\":\"CDU Kaarst-B\u00fcttgen\",\"description\":\"gut Leben in Kaarst\",\"publisher\":{\"@id\":\"https:\\\/\\\/cdu-kaarst.de\\\/#organization\"},\"potentialAction\":[{\"@type\":\"SearchAction\",\"target\":{\"@type\":\"EntryPoint\",\"urlTemplate\":\"https:\\\/\\\/cdu-kaarst.de\\\/?s={search_term_string}\"},\"query-input\":{\"@type\":\"PropertyValueSpecification\",\"valueRequired\":true,\"valueName\":\"search_term_string\"}}],\"inLanguage\":\"en-GB\"},{\"@type\":\"Organization\",\"@id\":\"https:\\\/\\\/cdu-kaarst.de\\\/#organization\",\"name\":\"CDU Kaarst-B\u00fcttgen\",\"url\":\"https:\\\/\\\/cdu-kaarst.de\\\/\",\"logo\":{\"@type\":\"ImageObject\",\"inLanguage\":\"en-GB\",\"@id\":\"https:\\\/\\\/cdu-kaarst.de\\\/#\\\/schema\\\/logo\\\/image\\\/\",\"url\":\"https:\\\/\\\/cdu-kaarst.de\\\/wp-content\\\/uploads\\\/cdu-gesamtlogo.png\",\"contentUrl\":\"https:\\\/\\\/cdu-kaarst.de\\\/wp-content\\\/uploads\\\/cdu-gesamtlogo.png\",\"width\":418,\"height\":120,\"caption\":\"CDU Kaarst-B\u00fcttgen\"},\"image\":{\"@id\":\"https:\\\/\\\/cdu-kaarst.de\\\/#\\\/schema\\\/logo\\\/image\\\/\"}}]}<\/script>\n<!-- \/ Yoast SEO plugin. -->","yoast_head_json":{"title":"CDU-Talk zur Europawahl in Kaarst - CDU Kaarst-B\u00fcttgen","robots":{"index":"noindex","follow":"follow"},"og_locale":"en_GB","og_type":"article","og_title":"CDU-Talk zur Europawahl in Kaarst - CDU Kaarst-B\u00fcttgen","og_description":"Liebe Freundinnen und Freunde der CDU, sehr geehrte Damen und Herren, ein funktionierendes Europa braucht einen starken R\u00fcckhalt in der Bev\u00f6lkerung und eine hohe Beteiligung bei den anstehenden Wahlen zum EU-Parlament. Anl\u00e4sslich der Europawahl freuen wir uns, dass unser Abgeordneter f\u00fcr die Stadt Kaarst im Europaparlament, Herr Dr. Stefan Berger, zu uns kommt. Europa braucht [&hellip;]","og_url":"https:\/\/cdu-kaarst.de\/en\/termin\/cdu-talk-zur-europawahl-in-kaarst\/","og_site_name":"CDU Kaarst-B\u00fcttgen","article_modified_time":"2024-09-27T10:15:42+00:00","og_image":[{"width":1200,"height":768,"url":"https:\/\/cdu-kaarst.de\/wp-content\/uploads\/dr-stefan-berger-cdu-portrait.jpg","type":"image\/jpeg"}],"twitter_card":"summary_large_image","twitter_misc":{"Estimated reading time":"1 minute"},"schema":{"@context":"https:\/\/schema.org","@graph":[{"@type":"WebPage","@id":"https:\/\/cdu-kaarst.de\/termin\/cdu-talk-zur-europawahl-in-kaarst\/","url":"https:\/\/cdu-kaarst.de\/termin\/cdu-talk-zur-europawahl-in-kaarst\/","name":"CDU-Talk zur Europawahl in Kaarst - CDU Kaarst-B\u00fcttgen","isPartOf":{"@id":"https:\/\/cdu-kaarst.de\/#website"},"primaryImageOfPage":{"@id":"https:\/\/cdu-kaarst.de\/termin\/cdu-talk-zur-europawahl-in-kaarst\/#primaryimage"},"image":{"@id":"https:\/\/cdu-kaarst.de\/termin\/cdu-talk-zur-europawahl-in-kaarst\/#primaryimage"},"thumbnailUrl":"https:\/\/cdu-kaarst.de\/wp-content\/uploads\/dr-stefan-berger-cdu-portrait.jpg","datePublished":"2024-05-17T05:54:30+00:00","dateModified":"2024-09-27T10:15:42+00:00","breadcrumb":{"@id":"https:\/\/cdu-kaarst.de\/termin\/cdu-talk-zur-europawahl-in-kaarst\/#breadcrumb"},"inLanguage":"en-GB","potentialAction":[{"@type":"ReadAction","target":["https:\/\/cdu-kaarst.de\/termin\/cdu-talk-zur-europawahl-in-kaarst\/"]}]},{"@type":"ImageObject","inLanguage":"en-GB","@id":"https:\/\/cdu-kaarst.de\/termin\/cdu-talk-zur-europawahl-in-kaarst\/#primaryimage","url":"https:\/\/cdu-kaarst.de\/wp-content\/uploads\/dr-stefan-berger-cdu-portrait.jpg","contentUrl":"https:\/\/cdu-kaarst.de\/wp-content\/uploads\/dr-stefan-berger-cdu-portrait.jpg","width":1200,"height":768},{"@type":"BreadcrumbList","@id":"https:\/\/cdu-kaarst.de\/termin\/cdu-talk-zur-europawahl-in-kaarst\/#breadcrumb","itemListElement":[{"@type":"ListItem","position":1,"name":"Startseite","item":"https:\/\/cdu-kaarst.de\/"},{"@type":"ListItem","position":2,"name":"Termin","item":"https:\/\/cdu-kaarst.de\/termin\/"},{"@type":"ListItem","position":3,"name":"CDU-Talk zur Europawahl in Kaarst"}]},{"@type":"WebSite","@id":"https:\/\/cdu-kaarst.de\/#website","url":"https:\/\/cdu-kaarst.de\/","name":"CDU Kaarst-B\u00fcttgen","description":"living well in Kaarst","publisher":{"@id":"https:\/\/cdu-kaarst.de\/#organization"},"potentialAction":[{"@type":"SearchAction","target":{"@type":"EntryPoint","urlTemplate":"https:\/\/cdu-kaarst.de\/?s={search_term_string}"},"query-input":{"@type":"PropertyValueSpecification","valueRequired":true,"valueName":"search_term_string"}}],"inLanguage":"en-GB"},{"@type":"Organization","@id":"https:\/\/cdu-kaarst.de\/#organization","name":"CDU Kaarst-B\u00fcttgen","url":"https:\/\/cdu-kaarst.de\/","logo":{"@type":"ImageObject","inLanguage":"en-GB","@id":"https:\/\/cdu-kaarst.de\/#\/schema\/logo\/image\/","url":"https:\/\/cdu-kaarst.de\/wp-content\/uploads\/cdu-gesamtlogo.png","contentUrl":"https:\/\/cdu-kaarst.de\/wp-content\/uploads\/cdu-gesamtlogo.png","width":418,"height":120,"caption":"CDU Kaarst-B\u00fcttgen"},"image":{"@id":"https:\/\/cdu-kaarst.de\/#\/schema\/logo\/image\/"}}]}},"_links":{"self":[{"href":"https:\/\/cdu-kaarst.de\/en\/wp-json\/wp\/v2\/termin\/2463","targetHints":{"allow":["GET"]}}],"collection":[{"href":"https:\/\/cdu-kaarst.de\/en\/wp-json\/wp\/v2\/termin"}],"about":[{"href":"https:\/\/cdu-kaarst.de\/en\/wp-json\/wp\/v2\/types\/termin"}],"wp:featuredmedia":[{"embeddable":true,"href":"https:\/\/cdu-kaarst.de\/en\/wp-json\/wp\/v2\/media\/2465"}],"wp:attachment":[{"href":"https:\/\/cdu-kaarst.de\/en\/wp-json\/wp\/v2\/media?parent=2463"}],"wp:term":[{"taxonomy":"gemeinschaften","embeddable":true,"href":"https:\/\/cdu-kaarst.de\/en\/wp-json\/wp\/v2\/gemeinschaften?post=2463"}],"curies":[{"name":"wp","href":"https:\/\/api.w.org\/{rel}","templated":true}]}}

Hanns-Martin-Schleyer-Straße 27, 41564 Kaarst/Holzbüttgen

<!-- This site is optimized with the Yoast SEO plugin v27.4 - https://yoast.com/product/yoast-seo-wordpress/ -->
<title>CDU-Talk zur Europawahl in Kaarst - CDU Kaarst-Büttgen</title>
<meta name="robots" content="noindex, follow" />
<meta property="og:locale" content="en_GB" />
<meta property="og:type" content="article" />
<meta property="og:title" content="CDU-Talk zur Europawahl in Kaarst - CDU Kaarst-Büttgen" />
<meta property="og:description" content="Liebe Freundinnen und Freunde der CDU, sehr geehrte Damen und Herren, ein funktionierendes Europa braucht einen starken Rückhalt in der Bevölkerung und eine hohe Beteiligung bei den anstehenden Wahlen zum EU-Parlament. Anlässlich der Europawahl freuen wir uns, dass unser Abgeordneter für die Stadt Kaarst im Europaparlament, Herr Dr. Stefan Berger, zu uns kommt. Europa braucht [&hellip;]" />
<meta property="og:url" content="https://cdu-kaarst.de/en/termin/cdu-talk-zur-europawahl-in-kaarst/" />
<meta property="og:site_name" content="CDU Kaarst-Büttgen" />
<meta property="article:modified_time" content="2024-09-27T10:15:42+00:00" />
<meta property="og:image" content="https://cdu-kaarst.de/wp-content/uploads/dr-stefan-berger-cdu-portrait.jpg" />
	<meta property="og:image:width" content="1200" />
	<meta property="og:image:height" content="768" />
	<meta property="og:image:type" content="image/jpeg" />
<meta name="twitter:card" content="summary_large_image" />
<meta name="twitter:label1" content="Estimated reading time" />
	<meta name="twitter:data1" content="1 minute" />
<script type="application/ld+json" class="yoast-schema-graph">{"@context":"https:\/\/schema.org","@graph":[{"@type":"WebPage","@id":"https:\/\/cdu-kaarst.de\/termin\/cdu-talk-zur-europawahl-in-kaarst\/","url":"https:\/\/cdu-kaarst.de\/termin\/cdu-talk-zur-europawahl-in-kaarst\/","name":"CDU-Talk zur Europawahl in Kaarst - CDU Kaarst-Büttgen","isPartOf":{"@id":"https:\/\/cdu-kaarst.de\/#website"},"primaryImageOfPage":{"@id":"https:\/\/cdu-kaarst.de\/termin\/cdu-talk-zur-europawahl-in-kaarst\/#primaryimage"},"image":{"@id":"https:\/\/cdu-kaarst.de\/termin\/cdu-talk-zur-europawahl-in-kaarst\/#primaryimage"},"thumbnailUrl":"https:\/\/cdu-kaarst.de\/wp-content\/uploads\/dr-stefan-berger-cdu-portrait.jpg","datePublished":"2024-05-17T05:54:30+00:00","dateModified":"2024-09-27T10:15:42+00:00","breadcrumb":{"@id":"https:\/\/cdu-kaarst.de\/termin\/cdu-talk-zur-europawahl-in-kaarst\/#breadcrumb"},"inLanguage":"en-GB","potentialAction":[{"@type":"ReadAction","target":["https:\/\/cdu-kaarst.de\/termin\/cdu-talk-zur-europawahl-in-kaarst\/"]}]},{"@type":"ImageObject","inLanguage":"en-GB","@id":"https:\/\/cdu-kaarst.de\/termin\/cdu-talk-zur-europawahl-in-kaarst\/#primaryimage","url":"https:\/\/cdu-kaarst.de\/wp-content\/uploads\/dr-stefan-berger-cdu-portrait.jpg","contentUrl":"https:\/\/cdu-kaarst.de\/wp-content\/uploads\/dr-stefan-berger-cdu-portrait.jpg","width":1200,"height":768},{"@type":"BreadcrumbList","@id":"https:\/\/cdu-kaarst.de\/termin\/cdu-talk-zur-europawahl-in-kaarst\/#breadcrumb","itemListElement":[{"@type":"ListItem","position":1,"name":"Startseite","item":"https:\/\/cdu-kaarst.de\/"},{"@type":"ListItem","position":2,"name":"Termin","item":"https:\/\/cdu-kaarst.de\/termin\/"},{"@type":"ListItem","position":3,"name":"CDU-Talk zur Europawahl in Kaarst"}]},{"@type":"WebSite","@id":"https:\/\/cdu-kaarst.de\/#website","url":"https:\/\/cdu-kaarst.de\/","name":"CDU Kaarst-Büttgen","description":"gut Leben in Kaarst","publisher":{"@id":"https:\/\/cdu-kaarst.de\/#organization"},"potentialAction":[{"@type":"SearchAction","target":{"@type":"EntryPoint","urlTemplate":"https:\/\/cdu-kaarst.de\/?s={search_term_string}"},"query-input":{"@type":"PropertyValueSpecification","valueRequired":true,"valueName":"search_term_string"}}],"inLanguage":"en-GB"},{"@type":"Organization","@id":"https:\/\/cdu-kaarst.de\/#organization","name":"CDU Kaarst-Büttgen","url":"https:\/\/cdu-kaarst.de\/","logo":{"@type":"ImageObject","inLanguage":"en-GB","@id":"https:\/\/cdu-kaarst.de\/#\/schema\/logo\/image\/","url":"https:\/\/cdu-kaarst.de\/wp-content\/uploads\/cdu-gesamtlogo.png","contentUrl":"https:\/\/cdu-kaarst.de\/wp-content\/uploads\/cdu-gesamtlogo.png","width":418,"height":120,"caption":"CDU Kaarst-Büttgen"},"image":{"@id":"https:\/\/cdu-kaarst.de\/#\/schema\/logo\/image\/"}}]}</script>
<!-- / Yoast SEO plugin. -->

CDU-Talk zur Europawahl in Kaarst - CDU Kaarst-Büttgen

Liebe Freundinnen und Freunde der CDU, sehr geehrte Damen und Herren, ein funktionierendes Europa braucht einen starken Rückhalt in der Bevölkerung und eine hohe Beteiligung bei den anstehenden Wahlen zum EU-Parlament. Anlässlich der Europawahl freuen wir uns, dass unser Abgeordneter für die Stadt Kaarst im Europaparlament, Herr Dr. Stefan Berger, zu uns kommt. Europa braucht [&hellip;]

CDU Kaarst-Büttgen
