{"id":3525,"date":"2024-06-24T09:44:47","date_gmt":"2024-06-24T07:44:47","guid":{"rendered":"https:\/\/cdu-kaarst.de\/?post_type=termin&#038;p=3525"},"modified":"2024-09-27T12:15:28","modified_gmt":"2024-09-27T10:15:28","slug":"frauenunion-pink-breakfast-september","status":"publish","type":"termin","link":"https:\/\/cdu-kaarst.de\/en\/termin\/frauenunion-pink-breakfast-september\/","title":{"rendered":"Women's Union - Pink Breakfast"},"content":{"rendered":"<p><strong>Coffee or tea?<\/strong><br \/>\n<strong>Sparkling wine or seltzer?<\/strong><br \/>\n<strong>Sweet or savoury?<\/strong><\/p>\n<p>We want to enjoy breakfast with you in peace and quiet and talk to you. A warm invitation to all interested women to the Pink Breakfast.<\/p>\n<p>For our planning we ask for your confirmation until <strong>10 September 2024<\/strong> to: <a href=\"mailto:karin.orlich@cdu-kaarst.de\">karin.orlich@cdu-kaarst.de <\/a> or by telephone at: <a href=\"tel:0213163588\">02131\/ 6 35 88<\/a> (answering machine).<\/p>\n<p><strong>We look forward to seeing you!<\/strong><\/p>","protected":false},"featured_media":1138,"template":"","meta":{"datum":1726272000,"uhr":"10:00","bis":"","platz":"CDU-Gesch\u00e4ftsstelle","adresse":"Alte Heerstra\u00dfe 57, Kaarst","button-text":"Mehr Erfahren","einladung-herunterladen":"https:\/\/cdu-kaarst.de\/wp-content\/uploads\/Pink-Breakfast_2024_09.pdf"},"gemeinschaften":[],"class_list":["post-3525","termin","type-termin","status-publish","has-post-thumbnail","hentry"],"yoast_head":"<!-- This site is optimized with the Yoast SEO plugin v27.4 - https:\/\/yoast.com\/product\/yoast-seo-wordpress\/ -->\n<title>Frauen Union - Pink Breakfast - CDU Kaarst-B\u00fcttgen<\/title>\n<meta name=\"robots\" content=\"noindex, follow\" \/>\n<meta property=\"og:locale\" content=\"en_GB\" \/>\n<meta property=\"og:type\" content=\"article\" \/>\n<meta property=\"og:title\" content=\"Frauen Union - Pink Breakfast - CDU Kaarst-B\u00fcttgen\" \/>\n<meta property=\"og:description\" content=\"Kaffee oder Tee? Sekt oder Selters? S\u00fc\u00df oder herzhaft? Wir wollen mit Ihnen in aller Ruhe das Fr\u00fchst\u00fcck genie\u00dfen und mit Ihnen ins Gespr\u00e4ch kommen. Herzliche Einladung an alle interessierten Frauen zum Pink Breakfast. F\u00fcr unsere Planungen bitten wir um Ihre Zusage bis zum 10. September 2024 an: karin.orlich@cdu-kaarst.de oder telefonisch unter: 02131\/ 6 35 [&hellip;]\" \/>\n<meta property=\"og:url\" content=\"https:\/\/cdu-kaarst.de\/en\/termin\/frauenunion-pink-breakfast-september\/\" \/>\n<meta property=\"og:site_name\" content=\"CDU Kaarst-B\u00fcttgen\" \/>\n<meta property=\"article:modified_time\" content=\"2024-09-27T10:15:28+00:00\" \/>\n<meta property=\"og:image\" content=\"https:\/\/cdu-kaarst.de\/wp-content\/uploads\/cdu-kaarst_weg_kirschblueten.jpg\" \/>\n\t<meta property=\"og:image:width\" content=\"1000\" \/>\n\t<meta property=\"og:image:height\" content=\"667\" \/>\n\t<meta property=\"og:image:type\" content=\"image\/jpeg\" \/>\n<meta name=\"twitter:card\" content=\"summary_large_image\" \/>\n<script type=\"application\/ld+json\" class=\"yoast-schema-graph\">{\"@context\":\"https:\\\/\\\/schema.org\",\"@graph\":[{\"@type\":\"WebPage\",\"@id\":\"https:\\\/\\\/cdu-kaarst.de\\\/termin\\\/frauenunion-pink-breakfast-september\\\/\",\"url\":\"https:\\\/\\\/cdu-kaarst.de\\\/termin\\\/frauenunion-pink-breakfast-september\\\/\",\"name\":\"Frauen Union - Pink Breakfast - CDU Kaarst-B\u00fcttgen\",\"isPartOf\":{\"@id\":\"https:\\\/\\\/cdu-kaarst.de\\\/#website\"},\"primaryImageOfPage\":{\"@id\":\"https:\\\/\\\/cdu-kaarst.de\\\/termin\\\/frauenunion-pink-breakfast-september\\\/#primaryimage\"},\"image\":{\"@id\":\"https:\\\/\\\/cdu-kaarst.de\\\/termin\\\/frauenunion-pink-breakfast-september\\\/#primaryimage\"},\"thumbnailUrl\":\"https:\\\/\\\/cdu-kaarst.de\\\/wp-content\\\/uploads\\\/cdu-kaarst_weg_kirschblueten.jpg\",\"datePublished\":\"2024-06-24T07:44:47+00:00\",\"dateModified\":\"2024-09-27T10:15:28+00:00\",\"breadcrumb\":{\"@id\":\"https:\\\/\\\/cdu-kaarst.de\\\/termin\\\/frauenunion-pink-breakfast-september\\\/#breadcrumb\"},\"inLanguage\":\"en-GB\",\"potentialAction\":[{\"@type\":\"ReadAction\",\"target\":[\"https:\\\/\\\/cdu-kaarst.de\\\/termin\\\/frauenunion-pink-breakfast-september\\\/\"]}]},{\"@type\":\"ImageObject\",\"inLanguage\":\"en-GB\",\"@id\":\"https:\\\/\\\/cdu-kaarst.de\\\/termin\\\/frauenunion-pink-breakfast-september\\\/#primaryimage\",\"url\":\"https:\\\/\\\/cdu-kaarst.de\\\/wp-content\\\/uploads\\\/cdu-kaarst_weg_kirschblueten.jpg\",\"contentUrl\":\"https:\\\/\\\/cdu-kaarst.de\\\/wp-content\\\/uploads\\\/cdu-kaarst_weg_kirschblueten.jpg\",\"width\":1000,\"height\":667,\"caption\":\"CDU Kaarst | Kirschbl\u00fcten\"},{\"@type\":\"BreadcrumbList\",\"@id\":\"https:\\\/\\\/cdu-kaarst.de\\\/termin\\\/frauenunion-pink-breakfast-september\\\/#breadcrumb\",\"itemListElement\":[{\"@type\":\"ListItem\",\"position\":1,\"name\":\"Startseite\",\"item\":\"https:\\\/\\\/cdu-kaarst.de\\\/\"},{\"@type\":\"ListItem\",\"position\":2,\"name\":\"Termin\",\"item\":\"https:\\\/\\\/cdu-kaarst.de\\\/termin\\\/\"},{\"@type\":\"ListItem\",\"position\":3,\"name\":\"Frauen Union &#8211; Pink Breakfast\"}]},{\"@type\":\"WebSite\",\"@id\":\"https:\\\/\\\/cdu-kaarst.de\\\/#website\",\"url\":\"https:\\\/\\\/cdu-kaarst.de\\\/\",\"name\":\"CDU Kaarst-B\u00fcttgen\",\"description\":\"gut Leben in Kaarst\",\"publisher\":{\"@id\":\"https:\\\/\\\/cdu-kaarst.de\\\/#organization\"},\"potentialAction\":[{\"@type\":\"SearchAction\",\"target\":{\"@type\":\"EntryPoint\",\"urlTemplate\":\"https:\\\/\\\/cdu-kaarst.de\\\/?s={search_term_string}\"},\"query-input\":{\"@type\":\"PropertyValueSpecification\",\"valueRequired\":true,\"valueName\":\"search_term_string\"}}],\"inLanguage\":\"en-GB\"},{\"@type\":\"Organization\",\"@id\":\"https:\\\/\\\/cdu-kaarst.de\\\/#organization\",\"name\":\"CDU Kaarst-B\u00fcttgen\",\"url\":\"https:\\\/\\\/cdu-kaarst.de\\\/\",\"logo\":{\"@type\":\"ImageObject\",\"inLanguage\":\"en-GB\",\"@id\":\"https:\\\/\\\/cdu-kaarst.de\\\/#\\\/schema\\\/logo\\\/image\\\/\",\"url\":\"https:\\\/\\\/cdu-kaarst.de\\\/wp-content\\\/uploads\\\/cdu-gesamtlogo.png\",\"contentUrl\":\"https:\\\/\\\/cdu-kaarst.de\\\/wp-content\\\/uploads\\\/cdu-gesamtlogo.png\",\"width\":418,\"height\":120,\"caption\":\"CDU Kaarst-B\u00fcttgen\"},\"image\":{\"@id\":\"https:\\\/\\\/cdu-kaarst.de\\\/#\\\/schema\\\/logo\\\/image\\\/\"}}]}<\/script>\n<!-- \/ Yoast SEO plugin. -->","yoast_head_json":{"title":"Frauen Union - Pink Breakfast - CDU Kaarst-B\u00fcttgen","robots":{"index":"noindex","follow":"follow"},"og_locale":"en_GB","og_type":"article","og_title":"Frauen Union - Pink Breakfast - CDU Kaarst-B\u00fcttgen","og_description":"Kaffee oder Tee? Sekt oder Selters? S\u00fc\u00df oder herzhaft? Wir wollen mit Ihnen in aller Ruhe das Fr\u00fchst\u00fcck genie\u00dfen und mit Ihnen ins Gespr\u00e4ch kommen. Herzliche Einladung an alle interessierten Frauen zum Pink Breakfast. F\u00fcr unsere Planungen bitten wir um Ihre Zusage bis zum 10. September 2024 an: karin.orlich@cdu-kaarst.de oder telefonisch unter: 02131\/ 6 35 [&hellip;]","og_url":"https:\/\/cdu-kaarst.de\/en\/termin\/frauenunion-pink-breakfast-september\/","og_site_name":"CDU Kaarst-B\u00fcttgen","article_modified_time":"2024-09-27T10:15:28+00:00","og_image":[{"width":1000,"height":667,"url":"https:\/\/cdu-kaarst.de\/wp-content\/uploads\/cdu-kaarst_weg_kirschblueten.jpg","type":"image\/jpeg"}],"twitter_card":"summary_large_image","schema":{"@context":"https:\/\/schema.org","@graph":[{"@type":"WebPage","@id":"https:\/\/cdu-kaarst.de\/termin\/frauenunion-pink-breakfast-september\/","url":"https:\/\/cdu-kaarst.de\/termin\/frauenunion-pink-breakfast-september\/","name":"Frauen Union - Pink Breakfast - CDU Kaarst-B\u00fcttgen","isPartOf":{"@id":"https:\/\/cdu-kaarst.de\/#website"},"primaryImageOfPage":{"@id":"https:\/\/cdu-kaarst.de\/termin\/frauenunion-pink-breakfast-september\/#primaryimage"},"image":{"@id":"https:\/\/cdu-kaarst.de\/termin\/frauenunion-pink-breakfast-september\/#primaryimage"},"thumbnailUrl":"https:\/\/cdu-kaarst.de\/wp-content\/uploads\/cdu-kaarst_weg_kirschblueten.jpg","datePublished":"2024-06-24T07:44:47+00:00","dateModified":"2024-09-27T10:15:28+00:00","breadcrumb":{"@id":"https:\/\/cdu-kaarst.de\/termin\/frauenunion-pink-breakfast-september\/#breadcrumb"},"inLanguage":"en-GB","potentialAction":[{"@type":"ReadAction","target":["https:\/\/cdu-kaarst.de\/termin\/frauenunion-pink-breakfast-september\/"]}]},{"@type":"ImageObject","inLanguage":"en-GB","@id":"https:\/\/cdu-kaarst.de\/termin\/frauenunion-pink-breakfast-september\/#primaryimage","url":"https:\/\/cdu-kaarst.de\/wp-content\/uploads\/cdu-kaarst_weg_kirschblueten.jpg","contentUrl":"https:\/\/cdu-kaarst.de\/wp-content\/uploads\/cdu-kaarst_weg_kirschblueten.jpg","width":1000,"height":667,"caption":"CDU Kaarst | Kirschbl\u00fcten"},{"@type":"BreadcrumbList","@id":"https:\/\/cdu-kaarst.de\/termin\/frauenunion-pink-breakfast-september\/#breadcrumb","itemListElement":[{"@type":"ListItem","position":1,"name":"Startseite","item":"https:\/\/cdu-kaarst.de\/"},{"@type":"ListItem","position":2,"name":"Termin","item":"https:\/\/cdu-kaarst.de\/termin\/"},{"@type":"ListItem","position":3,"name":"Frauen Union &#8211; Pink Breakfast"}]},{"@type":"WebSite","@id":"https:\/\/cdu-kaarst.de\/#website","url":"https:\/\/cdu-kaarst.de\/","name":"CDU Kaarst-B\u00fcttgen","description":"living well in Kaarst","publisher":{"@id":"https:\/\/cdu-kaarst.de\/#organization"},"potentialAction":[{"@type":"SearchAction","target":{"@type":"EntryPoint","urlTemplate":"https:\/\/cdu-kaarst.de\/?s={search_term_string}"},"query-input":{"@type":"PropertyValueSpecification","valueRequired":true,"valueName":"search_term_string"}}],"inLanguage":"en-GB"},{"@type":"Organization","@id":"https:\/\/cdu-kaarst.de\/#organization","name":"CDU Kaarst-B\u00fcttgen","url":"https:\/\/cdu-kaarst.de\/","logo":{"@type":"ImageObject","inLanguage":"en-GB","@id":"https:\/\/cdu-kaarst.de\/#\/schema\/logo\/image\/","url":"https:\/\/cdu-kaarst.de\/wp-content\/uploads\/cdu-gesamtlogo.png","contentUrl":"https:\/\/cdu-kaarst.de\/wp-content\/uploads\/cdu-gesamtlogo.png","width":418,"height":120,"caption":"CDU Kaarst-B\u00fcttgen"},"image":{"@id":"https:\/\/cdu-kaarst.de\/#\/schema\/logo\/image\/"}}]}},"_links":{"self":[{"href":"https:\/\/cdu-kaarst.de\/en\/wp-json\/wp\/v2\/termin\/3525","targetHints":{"allow":["GET"]}}],"collection":[{"href":"https:\/\/cdu-kaarst.de\/en\/wp-json\/wp\/v2\/termin"}],"about":[{"href":"https:\/\/cdu-kaarst.de\/en\/wp-json\/wp\/v2\/types\/termin"}],"wp:featuredmedia":[{"embeddable":true,"href":"https:\/\/cdu-kaarst.de\/en\/wp-json\/wp\/v2\/media\/1138"}],"wp:attachment":[{"href":"https:\/\/cdu-kaarst.de\/en\/wp-json\/wp\/v2\/media?parent=3525"}],"wp:term":[{"taxonomy":"gemeinschaften","embeddable":true,"href":"https:\/\/cdu-kaarst.de\/en\/wp-json\/wp\/v2\/gemeinschaften?post=3525"}],"curies":[{"name":"wp","href":"https:\/\/api.w.org\/{rel}","templated":true}]}}

CDU-Geschäftsstelle

Alte Heerstraße 57, Kaarst

<!-- This site is optimized with the Yoast SEO plugin v27.4 - https://yoast.com/product/yoast-seo-wordpress/ -->
<title>Frauen Union - Pink Breakfast - CDU Kaarst-Büttgen</title>
<meta name="robots" content="noindex, follow" />
<meta property="og:locale" content="en_GB" />
<meta property="og:type" content="article" />
<meta property="og:title" content="Frauen Union - Pink Breakfast - CDU Kaarst-Büttgen" />
<meta property="og:description" content="Kaffee oder Tee? Sekt oder Selters? Süß oder herzhaft? Wir wollen mit Ihnen in aller Ruhe das Frühstück genießen und mit Ihnen ins Gespräch kommen. Herzliche Einladung an alle interessierten Frauen zum Pink Breakfast. Für unsere Planungen bitten wir um Ihre Zusage bis zum 10. September 2024 an: karin.orlich@cdu-kaarst.de oder telefonisch unter: 02131/ 6 35 [&hellip;]" />
<meta property="og:url" content="https://cdu-kaarst.de/en/termin/frauenunion-pink-breakfast-september/" />
<meta property="og:site_name" content="CDU Kaarst-Büttgen" />
<meta property="article:modified_time" content="2024-09-27T10:15:28+00:00" />
<meta property="og:image" content="https://cdu-kaarst.de/wp-content/uploads/cdu-kaarst_weg_kirschblueten.jpg" />
	<meta property="og:image:width" content="1000" />
	<meta property="og:image:height" content="667" />
	<meta property="og:image:type" content="image/jpeg" />
<meta name="twitter:card" content="summary_large_image" />
<script type="application/ld+json" class="yoast-schema-graph">{"@context":"https:\/\/schema.org","@graph":[{"@type":"WebPage","@id":"https:\/\/cdu-kaarst.de\/termin\/frauenunion-pink-breakfast-september\/","url":"https:\/\/cdu-kaarst.de\/termin\/frauenunion-pink-breakfast-september\/","name":"Frauen Union - Pink Breakfast - CDU Kaarst-Büttgen","isPartOf":{"@id":"https:\/\/cdu-kaarst.de\/#website"},"primaryImageOfPage":{"@id":"https:\/\/cdu-kaarst.de\/termin\/frauenunion-pink-breakfast-september\/#primaryimage"},"image":{"@id":"https:\/\/cdu-kaarst.de\/termin\/frauenunion-pink-breakfast-september\/#primaryimage"},"thumbnailUrl":"https:\/\/cdu-kaarst.de\/wp-content\/uploads\/cdu-kaarst_weg_kirschblueten.jpg","datePublished":"2024-06-24T07:44:47+00:00","dateModified":"2024-09-27T10:15:28+00:00","breadcrumb":{"@id":"https:\/\/cdu-kaarst.de\/termin\/frauenunion-pink-breakfast-september\/#breadcrumb"},"inLanguage":"en-GB","potentialAction":[{"@type":"ReadAction","target":["https:\/\/cdu-kaarst.de\/termin\/frauenunion-pink-breakfast-september\/"]}]},{"@type":"ImageObject","inLanguage":"en-GB","@id":"https:\/\/cdu-kaarst.de\/termin\/frauenunion-pink-breakfast-september\/#primaryimage","url":"https:\/\/cdu-kaarst.de\/wp-content\/uploads\/cdu-kaarst_weg_kirschblueten.jpg","contentUrl":"https:\/\/cdu-kaarst.de\/wp-content\/uploads\/cdu-kaarst_weg_kirschblueten.jpg","width":1000,"height":667,"caption":"CDU Kaarst | Kirschblüten"},{"@type":"BreadcrumbList","@id":"https:\/\/cdu-kaarst.de\/termin\/frauenunion-pink-breakfast-september\/#breadcrumb","itemListElement":[{"@type":"ListItem","position":1,"name":"Startseite","item":"https:\/\/cdu-kaarst.de\/"},{"@type":"ListItem","position":2,"name":"Termin","item":"https:\/\/cdu-kaarst.de\/termin\/"},{"@type":"ListItem","position":3,"name":"Frauen Union &#8211; Pink Breakfast"}]},{"@type":"WebSite","@id":"https:\/\/cdu-kaarst.de\/#website","url":"https:\/\/cdu-kaarst.de\/","name":"CDU Kaarst-Büttgen","description":"gut Leben in Kaarst","publisher":{"@id":"https:\/\/cdu-kaarst.de\/#organization"},"potentialAction":[{"@type":"SearchAction","target":{"@type":"EntryPoint","urlTemplate":"https:\/\/cdu-kaarst.de\/?s={search_term_string}"},"query-input":{"@type":"PropertyValueSpecification","valueRequired":true,"valueName":"search_term_string"}}],"inLanguage":"en-GB"},{"@type":"Organization","@id":"https:\/\/cdu-kaarst.de\/#organization","name":"CDU Kaarst-Büttgen","url":"https:\/\/cdu-kaarst.de\/","logo":{"@type":"ImageObject","inLanguage":"en-GB","@id":"https:\/\/cdu-kaarst.de\/#\/schema\/logo\/image\/","url":"https:\/\/cdu-kaarst.de\/wp-content\/uploads\/cdu-gesamtlogo.png","contentUrl":"https:\/\/cdu-kaarst.de\/wp-content\/uploads\/cdu-gesamtlogo.png","width":418,"height":120,"caption":"CDU Kaarst-Büttgen"},"image":{"@id":"https:\/\/cdu-kaarst.de\/#\/schema\/logo\/image\/"}}]}</script>
<!-- / Yoast SEO plugin. -->

Frauen Union - Pink Breakfast - CDU Kaarst-Büttgen

Kaffee oder Tee? Sekt oder Selters? Süß oder herzhaft? Wir wollen mit Ihnen in aller Ruhe das Frühstück genießen und mit Ihnen ins Gespräch kommen. Herzliche Einladung an alle interessierten Frauen zum Pink Breakfast. Für unsere Planungen bitten wir um Ihre Zusage bis zum 10. September 2024 an: karin.orlich@cdu-kaarst.de oder telefonisch unter: 02131/ 6 35 [&hellip;]

CDU Kaarst-Büttgen

CDU Kaarst | Kirschblüten
