{"id":4043,"date":"2024-08-20T14:18:50","date_gmt":"2024-08-20T12:18:50","guid":{"rendered":"https:\/\/cdu-kaarst.de\/?post_type=termin&#038;p=4043"},"modified":"2024-09-27T12:15:19","modified_gmt":"2024-09-27T10:15:19","slug":"cdu-vor-ort-holzbuettgen-2","status":"publish","type":"termin","link":"https:\/\/cdu-kaarst.de\/en\/termin\/cdu-vor-ort-holzbuettgen-2\/","title":{"rendered":"CDU on site: Holzb\u00fcttgen, public discussion on neighbourhood issues"},"content":{"rendered":"<p>Citizens' dialogue on urban district topics<\/p>","protected":false},"featured_media":0,"template":"","meta":{"datum":1728518400,"uhr":"17:30","bis":"18:30","platz":"Vorplatz, Commerhof","adresse":"Commerhof, Kaarst","button-text":"Mehr Erfahren","einladung-herunterladen":""},"gemeinschaften":[],"class_list":["post-4043","termin","type-termin","status-publish","hentry"],"yoast_head":"<!-- This site is optimized with the Yoast SEO plugin v27.4 - https:\/\/yoast.com\/product\/yoast-seo-wordpress\/ -->\n<title>CDU vor Ort: Holzb\u00fcttgen, B\u00fcrgergespr\u00e4ch zu Stadtteilthemen - CDU Kaarst-B\u00fcttgen<\/title>\n<meta name=\"robots\" content=\"noindex, follow\" \/>\n<meta property=\"og:locale\" content=\"en_GB\" \/>\n<meta property=\"og:type\" content=\"article\" \/>\n<meta property=\"og:title\" content=\"CDU vor Ort: Holzb\u00fcttgen, B\u00fcrgergespr\u00e4ch zu Stadtteilthemen - CDU Kaarst-B\u00fcttgen\" \/>\n<meta property=\"og:description\" content=\"B\u00fcrgergespr\u00e4ch zu Stadtteilthemen\" \/>\n<meta property=\"og:url\" content=\"https:\/\/cdu-kaarst.de\/en\/termin\/cdu-vor-ort-holzbuettgen-2\/\" \/>\n<meta property=\"og:site_name\" content=\"CDU Kaarst-B\u00fcttgen\" \/>\n<meta property=\"article:modified_time\" content=\"2024-09-27T10:15:19+00:00\" \/>\n<meta name=\"twitter:card\" content=\"summary_large_image\" \/>\n<script type=\"application\/ld+json\" class=\"yoast-schema-graph\">{\"@context\":\"https:\\\/\\\/schema.org\",\"@graph\":[{\"@type\":\"WebPage\",\"@id\":\"https:\\\/\\\/cdu-kaarst.de\\\/termin\\\/cdu-vor-ort-holzbuettgen-2\\\/\",\"url\":\"https:\\\/\\\/cdu-kaarst.de\\\/termin\\\/cdu-vor-ort-holzbuettgen-2\\\/\",\"name\":\"CDU vor Ort: Holzb\u00fcttgen, B\u00fcrgergespr\u00e4ch zu Stadtteilthemen - CDU Kaarst-B\u00fcttgen\",\"isPartOf\":{\"@id\":\"https:\\\/\\\/cdu-kaarst.de\\\/#website\"},\"datePublished\":\"2024-08-20T12:18:50+00:00\",\"dateModified\":\"2024-09-27T10:15:19+00:00\",\"breadcrumb\":{\"@id\":\"https:\\\/\\\/cdu-kaarst.de\\\/termin\\\/cdu-vor-ort-holzbuettgen-2\\\/#breadcrumb\"},\"inLanguage\":\"en-GB\",\"potentialAction\":[{\"@type\":\"ReadAction\",\"target\":[\"https:\\\/\\\/cdu-kaarst.de\\\/termin\\\/cdu-vor-ort-holzbuettgen-2\\\/\"]}]},{\"@type\":\"BreadcrumbList\",\"@id\":\"https:\\\/\\\/cdu-kaarst.de\\\/termin\\\/cdu-vor-ort-holzbuettgen-2\\\/#breadcrumb\",\"itemListElement\":[{\"@type\":\"ListItem\",\"position\":1,\"name\":\"Startseite\",\"item\":\"https:\\\/\\\/cdu-kaarst.de\\\/\"},{\"@type\":\"ListItem\",\"position\":2,\"name\":\"Termin\",\"item\":\"https:\\\/\\\/cdu-kaarst.de\\\/termin\\\/\"},{\"@type\":\"ListItem\",\"position\":3,\"name\":\"CDU vor Ort: Holzb\u00fcttgen, B\u00fcrgergespr\u00e4ch zu Stadtteilthemen\"}]},{\"@type\":\"WebSite\",\"@id\":\"https:\\\/\\\/cdu-kaarst.de\\\/#website\",\"url\":\"https:\\\/\\\/cdu-kaarst.de\\\/\",\"name\":\"CDU Kaarst-B\u00fcttgen\",\"description\":\"gut Leben in Kaarst\",\"publisher\":{\"@id\":\"https:\\\/\\\/cdu-kaarst.de\\\/#organization\"},\"potentialAction\":[{\"@type\":\"SearchAction\",\"target\":{\"@type\":\"EntryPoint\",\"urlTemplate\":\"https:\\\/\\\/cdu-kaarst.de\\\/?s={search_term_string}\"},\"query-input\":{\"@type\":\"PropertyValueSpecification\",\"valueRequired\":true,\"valueName\":\"search_term_string\"}}],\"inLanguage\":\"en-GB\"},{\"@type\":\"Organization\",\"@id\":\"https:\\\/\\\/cdu-kaarst.de\\\/#organization\",\"name\":\"CDU Kaarst-B\u00fcttgen\",\"url\":\"https:\\\/\\\/cdu-kaarst.de\\\/\",\"logo\":{\"@type\":\"ImageObject\",\"inLanguage\":\"en-GB\",\"@id\":\"https:\\\/\\\/cdu-kaarst.de\\\/#\\\/schema\\\/logo\\\/image\\\/\",\"url\":\"https:\\\/\\\/cdu-kaarst.de\\\/wp-content\\\/uploads\\\/cdu-gesamtlogo.png\",\"contentUrl\":\"https:\\\/\\\/cdu-kaarst.de\\\/wp-content\\\/uploads\\\/cdu-gesamtlogo.png\",\"width\":418,\"height\":120,\"caption\":\"CDU Kaarst-B\u00fcttgen\"},\"image\":{\"@id\":\"https:\\\/\\\/cdu-kaarst.de\\\/#\\\/schema\\\/logo\\\/image\\\/\"}}]}<\/script>\n<!-- \/ Yoast SEO plugin. -->","yoast_head_json":{"title":"CDU vor Ort: Holzb\u00fcttgen, B\u00fcrgergespr\u00e4ch zu Stadtteilthemen - CDU Kaarst-B\u00fcttgen","robots":{"index":"noindex","follow":"follow"},"og_locale":"en_GB","og_type":"article","og_title":"CDU vor Ort: Holzb\u00fcttgen, B\u00fcrgergespr\u00e4ch zu Stadtteilthemen - CDU Kaarst-B\u00fcttgen","og_description":"B\u00fcrgergespr\u00e4ch zu Stadtteilthemen","og_url":"https:\/\/cdu-kaarst.de\/en\/termin\/cdu-vor-ort-holzbuettgen-2\/","og_site_name":"CDU Kaarst-B\u00fcttgen","article_modified_time":"2024-09-27T10:15:19+00:00","twitter_card":"summary_large_image","schema":{"@context":"https:\/\/schema.org","@graph":[{"@type":"WebPage","@id":"https:\/\/cdu-kaarst.de\/termin\/cdu-vor-ort-holzbuettgen-2\/","url":"https:\/\/cdu-kaarst.de\/termin\/cdu-vor-ort-holzbuettgen-2\/","name":"CDU vor Ort: Holzb\u00fcttgen, B\u00fcrgergespr\u00e4ch zu Stadtteilthemen - CDU Kaarst-B\u00fcttgen","isPartOf":{"@id":"https:\/\/cdu-kaarst.de\/#website"},"datePublished":"2024-08-20T12:18:50+00:00","dateModified":"2024-09-27T10:15:19+00:00","breadcrumb":{"@id":"https:\/\/cdu-kaarst.de\/termin\/cdu-vor-ort-holzbuettgen-2\/#breadcrumb"},"inLanguage":"en-GB","potentialAction":[{"@type":"ReadAction","target":["https:\/\/cdu-kaarst.de\/termin\/cdu-vor-ort-holzbuettgen-2\/"]}]},{"@type":"BreadcrumbList","@id":"https:\/\/cdu-kaarst.de\/termin\/cdu-vor-ort-holzbuettgen-2\/#breadcrumb","itemListElement":[{"@type":"ListItem","position":1,"name":"Startseite","item":"https:\/\/cdu-kaarst.de\/"},{"@type":"ListItem","position":2,"name":"Termin","item":"https:\/\/cdu-kaarst.de\/termin\/"},{"@type":"ListItem","position":3,"name":"CDU vor Ort: Holzb\u00fcttgen, B\u00fcrgergespr\u00e4ch zu Stadtteilthemen"}]},{"@type":"WebSite","@id":"https:\/\/cdu-kaarst.de\/#website","url":"https:\/\/cdu-kaarst.de\/","name":"CDU Kaarst-B\u00fcttgen","description":"living well in Kaarst","publisher":{"@id":"https:\/\/cdu-kaarst.de\/#organization"},"potentialAction":[{"@type":"SearchAction","target":{"@type":"EntryPoint","urlTemplate":"https:\/\/cdu-kaarst.de\/?s={search_term_string}"},"query-input":{"@type":"PropertyValueSpecification","valueRequired":true,"valueName":"search_term_string"}}],"inLanguage":"en-GB"},{"@type":"Organization","@id":"https:\/\/cdu-kaarst.de\/#organization","name":"CDU Kaarst-B\u00fcttgen","url":"https:\/\/cdu-kaarst.de\/","logo":{"@type":"ImageObject","inLanguage":"en-GB","@id":"https:\/\/cdu-kaarst.de\/#\/schema\/logo\/image\/","url":"https:\/\/cdu-kaarst.de\/wp-content\/uploads\/cdu-gesamtlogo.png","contentUrl":"https:\/\/cdu-kaarst.de\/wp-content\/uploads\/cdu-gesamtlogo.png","width":418,"height":120,"caption":"CDU Kaarst-B\u00fcttgen"},"image":{"@id":"https:\/\/cdu-kaarst.de\/#\/schema\/logo\/image\/"}}]}},"_links":{"self":[{"href":"https:\/\/cdu-kaarst.de\/en\/wp-json\/wp\/v2\/termin\/4043","targetHints":{"allow":["GET"]}}],"collection":[{"href":"https:\/\/cdu-kaarst.de\/en\/wp-json\/wp\/v2\/termin"}],"about":[{"href":"https:\/\/cdu-kaarst.de\/en\/wp-json\/wp\/v2\/types\/termin"}],"wp:attachment":[{"href":"https:\/\/cdu-kaarst.de\/en\/wp-json\/wp\/v2\/media?parent=4043"}],"wp:term":[{"taxonomy":"gemeinschaften","embeddable":true,"href":"https:\/\/cdu-kaarst.de\/en\/wp-json\/wp\/v2\/gemeinschaften?post=4043"}],"curies":[{"name":"wp","href":"https:\/\/api.w.org\/{rel}","templated":true}]}}

CDU on site: Holzbüttgen, public discussion on neighbourhood issues

<!-- This site is optimized with the Yoast SEO plugin v27.4 - https://yoast.com/product/yoast-seo-wordpress/ -->
<title>CDU vor Ort: Holzbüttgen, Bürgergespräch zu Stadtteilthemen - CDU Kaarst-Büttgen</title>
<meta name="robots" content="noindex, follow" />
<meta property="og:locale" content="en_GB" />
<meta property="og:type" content="article" />
<meta property="og:title" content="CDU vor Ort: Holzbüttgen, Bürgergespräch zu Stadtteilthemen - CDU Kaarst-Büttgen" />
<meta property="og:description" content="Bürgergespräch zu Stadtteilthemen" />
<meta property="og:url" content="https://cdu-kaarst.de/en/termin/cdu-vor-ort-holzbuettgen-2/" />
<meta property="og:site_name" content="CDU Kaarst-Büttgen" />
<meta property="article:modified_time" content="2024-09-27T10:15:19+00:00" />
<meta name="twitter:card" content="summary_large_image" />
<script type="application/ld+json" class="yoast-schema-graph">{"@context":"https:\/\/schema.org","@graph":[{"@type":"WebPage","@id":"https:\/\/cdu-kaarst.de\/termin\/cdu-vor-ort-holzbuettgen-2\/","url":"https:\/\/cdu-kaarst.de\/termin\/cdu-vor-ort-holzbuettgen-2\/","name":"CDU vor Ort: Holzbüttgen, Bürgergespräch zu Stadtteilthemen - CDU Kaarst-Büttgen","isPartOf":{"@id":"https:\/\/cdu-kaarst.de\/#website"},"datePublished":"2024-08-20T12:18:50+00:00","dateModified":"2024-09-27T10:15:19+00:00","breadcrumb":{"@id":"https:\/\/cdu-kaarst.de\/termin\/cdu-vor-ort-holzbuettgen-2\/#breadcrumb"},"inLanguage":"en-GB","potentialAction":[{"@type":"ReadAction","target":["https:\/\/cdu-kaarst.de\/termin\/cdu-vor-ort-holzbuettgen-2\/"]}]},{"@type":"BreadcrumbList","@id":"https:\/\/cdu-kaarst.de\/termin\/cdu-vor-ort-holzbuettgen-2\/#breadcrumb","itemListElement":[{"@type":"ListItem","position":1,"name":"Startseite","item":"https:\/\/cdu-kaarst.de\/"},{"@type":"ListItem","position":2,"name":"Termin","item":"https:\/\/cdu-kaarst.de\/termin\/"},{"@type":"ListItem","position":3,"name":"CDU vor Ort: Holzbüttgen, Bürgergespräch zu Stadtteilthemen"}]},{"@type":"WebSite","@id":"https:\/\/cdu-kaarst.de\/#website","url":"https:\/\/cdu-kaarst.de\/","name":"CDU Kaarst-Büttgen","description":"gut Leben in Kaarst","publisher":{"@id":"https:\/\/cdu-kaarst.de\/#organization"},"potentialAction":[{"@type":"SearchAction","target":{"@type":"EntryPoint","urlTemplate":"https:\/\/cdu-kaarst.de\/?s={search_term_string}"},"query-input":{"@type":"PropertyValueSpecification","valueRequired":true,"valueName":"search_term_string"}}],"inLanguage":"en-GB"},{"@type":"Organization","@id":"https:\/\/cdu-kaarst.de\/#organization","name":"CDU Kaarst-Büttgen","url":"https:\/\/cdu-kaarst.de\/","logo":{"@type":"ImageObject","inLanguage":"en-GB","@id":"https:\/\/cdu-kaarst.de\/#\/schema\/logo\/image\/","url":"https:\/\/cdu-kaarst.de\/wp-content\/uploads\/cdu-gesamtlogo.png","contentUrl":"https:\/\/cdu-kaarst.de\/wp-content\/uploads\/cdu-gesamtlogo.png","width":418,"height":120,"caption":"CDU Kaarst-Büttgen"},"image":{"@id":"https:\/\/cdu-kaarst.de\/#\/schema\/logo\/image\/"}}]}</script>
<!-- / Yoast SEO plugin. -->

CDU vor Ort: Holzbüttgen, Bürgergespräch zu Stadtteilthemen - CDU Kaarst-Büttgen

Bürgergespräch zu Stadtteilthemen

CDU Kaarst-Büttgen

CDU vor Ort: Holzbüttgen, Bürgergespräch zu Stadtteilthemen
