{"id":4357,"date":"2024-09-06T09:08:42","date_gmt":"2024-09-06T07:08:42","guid":{"rendered":"https:\/\/cdu-kaarst.de\/?post_type=termin&#038;p=4357"},"modified":"2024-09-27T12:15:12","modified_gmt":"2024-09-27T10:15:12","slug":"cdu-mitgliederversammlung-aufstellung-der-cdu-ratskandidaten-und-kandidatinnen-des-ortsverbandes-buettgen","status":"publish","type":"termin","link":"https:\/\/cdu-kaarst.de\/en\/termin\/cdu-mitgliederversammlung-aufstellung-der-cdu-ratskandidaten-und-kandidatinnen-des-ortsverbandes-buettgen\/","title":{"rendered":"CDU general meeting: Nomination of the CDU council candidates of the B\u00fcttgen local association"},"content":{"rendered":"<p>General meeting for the nomination of the CDU council candidates of the B\u00fcttgen local association on Thursday, 19 September 2024 at 19:00 in the Pampusschule B\u00fcttgen (Pampusstr. 1, 41564 Kaarst-B\u00fcttgen)<\/p>","protected":false},"featured_media":4371,"template":"","meta":{"datum":1726704000,"uhr":"19:00","bis":"","platz":"Pampusschule B\u00fcttgen","adresse":"Pampusstr. 1, 41564 Kaarst-B\u00fcttgen","button-text":"Mehr Erfahren","einladung-herunterladen":""},"gemeinschaften":[],"class_list":["post-4357","termin","type-termin","status-publish","has-post-thumbnail","hentry"],"yoast_head":"<!-- This site is optimized with the Yoast SEO plugin v27.4 - https:\/\/yoast.com\/product\/yoast-seo-wordpress\/ -->\n<title>CDU Mitgliederversammlung: Aufstellung der CDU Ratskandidaten und -Kandidatinnen des Ortsverbandes B\u00fcttgen - CDU Kaarst-B\u00fcttgen<\/title>\n<meta name=\"robots\" content=\"noindex, follow\" \/>\n<meta property=\"og:locale\" content=\"en_GB\" \/>\n<meta property=\"og:type\" content=\"article\" \/>\n<meta property=\"og:title\" content=\"CDU Mitgliederversammlung: Aufstellung der CDU Ratskandidaten und -Kandidatinnen des Ortsverbandes B\u00fcttgen - CDU Kaarst-B\u00fcttgen\" \/>\n<meta property=\"og:description\" content=\"Mitgliederversammlung zur Aufstellung der CDU Ratskandidaten und -Kandidatinnen des Ortsverbandes B\u00fcttgen am Donnerstag, den 19.09.2024 um 19.00 Uhr in der Pampusschule B\u00fcttgen (Pampusstr. 1, 41564 Kaarst-B\u00fcttgen)\" \/>\n<meta property=\"og:url\" content=\"https:\/\/cdu-kaarst.de\/en\/termin\/cdu-mitgliederversammlung-aufstellung-der-cdu-ratskandidaten-und-kandidatinnen-des-ortsverbandes-buettgen\/\" \/>\n<meta property=\"og:site_name\" content=\"CDU Kaarst-B\u00fcttgen\" \/>\n<meta property=\"article:modified_time\" content=\"2024-09-27T10:15:12+00:00\" \/>\n<meta property=\"og:image\" content=\"https:\/\/cdu-kaarst.de\/wp-content\/uploads\/cdu-termine-mitgliederversammlung.jpg\" \/>\n\t<meta property=\"og:image:width\" content=\"1000\" \/>\n\t<meta property=\"og:image:height\" content=\"568\" \/>\n\t<meta property=\"og:image:type\" content=\"image\/jpeg\" \/>\n<meta name=\"twitter:card\" content=\"summary_large_image\" \/>\n<script type=\"application\/ld+json\" class=\"yoast-schema-graph\">{\"@context\":\"https:\\\/\\\/schema.org\",\"@graph\":[{\"@type\":\"WebPage\",\"@id\":\"https:\\\/\\\/cdu-kaarst.de\\\/termin\\\/cdu-mitgliederversammlung-aufstellung-der-cdu-ratskandidaten-und-kandidatinnen-des-ortsverbandes-buettgen\\\/\",\"url\":\"https:\\\/\\\/cdu-kaarst.de\\\/termin\\\/cdu-mitgliederversammlung-aufstellung-der-cdu-ratskandidaten-und-kandidatinnen-des-ortsverbandes-buettgen\\\/\",\"name\":\"CDU Mitgliederversammlung: Aufstellung der CDU Ratskandidaten und -Kandidatinnen des Ortsverbandes B\u00fcttgen - CDU Kaarst-B\u00fcttgen\",\"isPartOf\":{\"@id\":\"https:\\\/\\\/cdu-kaarst.de\\\/#website\"},\"primaryImageOfPage\":{\"@id\":\"https:\\\/\\\/cdu-kaarst.de\\\/termin\\\/cdu-mitgliederversammlung-aufstellung-der-cdu-ratskandidaten-und-kandidatinnen-des-ortsverbandes-buettgen\\\/#primaryimage\"},\"image\":{\"@id\":\"https:\\\/\\\/cdu-kaarst.de\\\/termin\\\/cdu-mitgliederversammlung-aufstellung-der-cdu-ratskandidaten-und-kandidatinnen-des-ortsverbandes-buettgen\\\/#primaryimage\"},\"thumbnailUrl\":\"https:\\\/\\\/cdu-kaarst.de\\\/wp-content\\\/uploads\\\/cdu-termine-mitgliederversammlung.jpg\",\"datePublished\":\"2024-09-06T07:08:42+00:00\",\"dateModified\":\"2024-09-27T10:15:12+00:00\",\"breadcrumb\":{\"@id\":\"https:\\\/\\\/cdu-kaarst.de\\\/termin\\\/cdu-mitgliederversammlung-aufstellung-der-cdu-ratskandidaten-und-kandidatinnen-des-ortsverbandes-buettgen\\\/#breadcrumb\"},\"inLanguage\":\"en-GB\",\"potentialAction\":[{\"@type\":\"ReadAction\",\"target\":[\"https:\\\/\\\/cdu-kaarst.de\\\/termin\\\/cdu-mitgliederversammlung-aufstellung-der-cdu-ratskandidaten-und-kandidatinnen-des-ortsverbandes-buettgen\\\/\"]}]},{\"@type\":\"ImageObject\",\"inLanguage\":\"en-GB\",\"@id\":\"https:\\\/\\\/cdu-kaarst.de\\\/termin\\\/cdu-mitgliederversammlung-aufstellung-der-cdu-ratskandidaten-und-kandidatinnen-des-ortsverbandes-buettgen\\\/#primaryimage\",\"url\":\"https:\\\/\\\/cdu-kaarst.de\\\/wp-content\\\/uploads\\\/cdu-termine-mitgliederversammlung.jpg\",\"contentUrl\":\"https:\\\/\\\/cdu-kaarst.de\\\/wp-content\\\/uploads\\\/cdu-termine-mitgliederversammlung.jpg\",\"width\":1000,\"height\":568},{\"@type\":\"BreadcrumbList\",\"@id\":\"https:\\\/\\\/cdu-kaarst.de\\\/termin\\\/cdu-mitgliederversammlung-aufstellung-der-cdu-ratskandidaten-und-kandidatinnen-des-ortsverbandes-buettgen\\\/#breadcrumb\",\"itemListElement\":[{\"@type\":\"ListItem\",\"position\":1,\"name\":\"Startseite\",\"item\":\"https:\\\/\\\/cdu-kaarst.de\\\/\"},{\"@type\":\"ListItem\",\"position\":2,\"name\":\"Termin\",\"item\":\"https:\\\/\\\/cdu-kaarst.de\\\/termin\\\/\"},{\"@type\":\"ListItem\",\"position\":3,\"name\":\"CDU Mitgliederversammlung: Aufstellung der CDU Ratskandidaten und -Kandidatinnen des Ortsverbandes B\u00fcttgen\"}]},{\"@type\":\"WebSite\",\"@id\":\"https:\\\/\\\/cdu-kaarst.de\\\/#website\",\"url\":\"https:\\\/\\\/cdu-kaarst.de\\\/\",\"name\":\"CDU Kaarst-B\u00fcttgen\",\"description\":\"gut Leben in Kaarst\",\"publisher\":{\"@id\":\"https:\\\/\\\/cdu-kaarst.de\\\/#organization\"},\"potentialAction\":[{\"@type\":\"SearchAction\",\"target\":{\"@type\":\"EntryPoint\",\"urlTemplate\":\"https:\\\/\\\/cdu-kaarst.de\\\/?s={search_term_string}\"},\"query-input\":{\"@type\":\"PropertyValueSpecification\",\"valueRequired\":true,\"valueName\":\"search_term_string\"}}],\"inLanguage\":\"en-GB\"},{\"@type\":\"Organization\",\"@id\":\"https:\\\/\\\/cdu-kaarst.de\\\/#organization\",\"name\":\"CDU Kaarst-B\u00fcttgen\",\"url\":\"https:\\\/\\\/cdu-kaarst.de\\\/\",\"logo\":{\"@type\":\"ImageObject\",\"inLanguage\":\"en-GB\",\"@id\":\"https:\\\/\\\/cdu-kaarst.de\\\/#\\\/schema\\\/logo\\\/image\\\/\",\"url\":\"https:\\\/\\\/cdu-kaarst.de\\\/wp-content\\\/uploads\\\/cdu-gesamtlogo.png\",\"contentUrl\":\"https:\\\/\\\/cdu-kaarst.de\\\/wp-content\\\/uploads\\\/cdu-gesamtlogo.png\",\"width\":418,\"height\":120,\"caption\":\"CDU Kaarst-B\u00fcttgen\"},\"image\":{\"@id\":\"https:\\\/\\\/cdu-kaarst.de\\\/#\\\/schema\\\/logo\\\/image\\\/\"}}]}<\/script>\n<!-- \/ Yoast SEO plugin. -->","yoast_head_json":{"title":"CDU Mitgliederversammlung: Aufstellung der CDU Ratskandidaten und -Kandidatinnen des Ortsverbandes B\u00fcttgen - CDU Kaarst-B\u00fcttgen","robots":{"index":"noindex","follow":"follow"},"og_locale":"en_GB","og_type":"article","og_title":"CDU Mitgliederversammlung: Aufstellung der CDU Ratskandidaten und -Kandidatinnen des Ortsverbandes B\u00fcttgen - CDU Kaarst-B\u00fcttgen","og_description":"Mitgliederversammlung zur Aufstellung der CDU Ratskandidaten und -Kandidatinnen des Ortsverbandes B\u00fcttgen am Donnerstag, den 19.09.2024 um 19.00 Uhr in der Pampusschule B\u00fcttgen (Pampusstr. 1, 41564 Kaarst-B\u00fcttgen)","og_url":"https:\/\/cdu-kaarst.de\/en\/termin\/cdu-mitgliederversammlung-aufstellung-der-cdu-ratskandidaten-und-kandidatinnen-des-ortsverbandes-buettgen\/","og_site_name":"CDU Kaarst-B\u00fcttgen","article_modified_time":"2024-09-27T10:15:12+00:00","og_image":[{"width":1000,"height":568,"url":"https:\/\/cdu-kaarst.de\/wp-content\/uploads\/cdu-termine-mitgliederversammlung.jpg","type":"image\/jpeg"}],"twitter_card":"summary_large_image","schema":{"@context":"https:\/\/schema.org","@graph":[{"@type":"WebPage","@id":"https:\/\/cdu-kaarst.de\/termin\/cdu-mitgliederversammlung-aufstellung-der-cdu-ratskandidaten-und-kandidatinnen-des-ortsverbandes-buettgen\/","url":"https:\/\/cdu-kaarst.de\/termin\/cdu-mitgliederversammlung-aufstellung-der-cdu-ratskandidaten-und-kandidatinnen-des-ortsverbandes-buettgen\/","name":"CDU Mitgliederversammlung: Aufstellung der CDU Ratskandidaten und -Kandidatinnen des Ortsverbandes B\u00fcttgen - CDU Kaarst-B\u00fcttgen","isPartOf":{"@id":"https:\/\/cdu-kaarst.de\/#website"},"primaryImageOfPage":{"@id":"https:\/\/cdu-kaarst.de\/termin\/cdu-mitgliederversammlung-aufstellung-der-cdu-ratskandidaten-und-kandidatinnen-des-ortsverbandes-buettgen\/#primaryimage"},"image":{"@id":"https:\/\/cdu-kaarst.de\/termin\/cdu-mitgliederversammlung-aufstellung-der-cdu-ratskandidaten-und-kandidatinnen-des-ortsverbandes-buettgen\/#primaryimage"},"thumbnailUrl":"https:\/\/cdu-kaarst.de\/wp-content\/uploads\/cdu-termine-mitgliederversammlung.jpg","datePublished":"2024-09-06T07:08:42+00:00","dateModified":"2024-09-27T10:15:12+00:00","breadcrumb":{"@id":"https:\/\/cdu-kaarst.de\/termin\/cdu-mitgliederversammlung-aufstellung-der-cdu-ratskandidaten-und-kandidatinnen-des-ortsverbandes-buettgen\/#breadcrumb"},"inLanguage":"en-GB","potentialAction":[{"@type":"ReadAction","target":["https:\/\/cdu-kaarst.de\/termin\/cdu-mitgliederversammlung-aufstellung-der-cdu-ratskandidaten-und-kandidatinnen-des-ortsverbandes-buettgen\/"]}]},{"@type":"ImageObject","inLanguage":"en-GB","@id":"https:\/\/cdu-kaarst.de\/termin\/cdu-mitgliederversammlung-aufstellung-der-cdu-ratskandidaten-und-kandidatinnen-des-ortsverbandes-buettgen\/#primaryimage","url":"https:\/\/cdu-kaarst.de\/wp-content\/uploads\/cdu-termine-mitgliederversammlung.jpg","contentUrl":"https:\/\/cdu-kaarst.de\/wp-content\/uploads\/cdu-termine-mitgliederversammlung.jpg","width":1000,"height":568},{"@type":"BreadcrumbList","@id":"https:\/\/cdu-kaarst.de\/termin\/cdu-mitgliederversammlung-aufstellung-der-cdu-ratskandidaten-und-kandidatinnen-des-ortsverbandes-buettgen\/#breadcrumb","itemListElement":[{"@type":"ListItem","position":1,"name":"Startseite","item":"https:\/\/cdu-kaarst.de\/"},{"@type":"ListItem","position":2,"name":"Termin","item":"https:\/\/cdu-kaarst.de\/termin\/"},{"@type":"ListItem","position":3,"name":"CDU Mitgliederversammlung: Aufstellung der CDU Ratskandidaten und -Kandidatinnen des Ortsverbandes B\u00fcttgen"}]},{"@type":"WebSite","@id":"https:\/\/cdu-kaarst.de\/#website","url":"https:\/\/cdu-kaarst.de\/","name":"CDU Kaarst-B\u00fcttgen","description":"living well in Kaarst","publisher":{"@id":"https:\/\/cdu-kaarst.de\/#organization"},"potentialAction":[{"@type":"SearchAction","target":{"@type":"EntryPoint","urlTemplate":"https:\/\/cdu-kaarst.de\/?s={search_term_string}"},"query-input":{"@type":"PropertyValueSpecification","valueRequired":true,"valueName":"search_term_string"}}],"inLanguage":"en-GB"},{"@type":"Organization","@id":"https:\/\/cdu-kaarst.de\/#organization","name":"CDU Kaarst-B\u00fcttgen","url":"https:\/\/cdu-kaarst.de\/","logo":{"@type":"ImageObject","inLanguage":"en-GB","@id":"https:\/\/cdu-kaarst.de\/#\/schema\/logo\/image\/","url":"https:\/\/cdu-kaarst.de\/wp-content\/uploads\/cdu-gesamtlogo.png","contentUrl":"https:\/\/cdu-kaarst.de\/wp-content\/uploads\/cdu-gesamtlogo.png","width":418,"height":120,"caption":"CDU Kaarst-B\u00fcttgen"},"image":{"@id":"https:\/\/cdu-kaarst.de\/#\/schema\/logo\/image\/"}}]}},"_links":{"self":[{"href":"https:\/\/cdu-kaarst.de\/en\/wp-json\/wp\/v2\/termin\/4357","targetHints":{"allow":["GET"]}}],"collection":[{"href":"https:\/\/cdu-kaarst.de\/en\/wp-json\/wp\/v2\/termin"}],"about":[{"href":"https:\/\/cdu-kaarst.de\/en\/wp-json\/wp\/v2\/types\/termin"}],"wp:featuredmedia":[{"embeddable":true,"href":"https:\/\/cdu-kaarst.de\/en\/wp-json\/wp\/v2\/media\/4371"}],"wp:attachment":[{"href":"https:\/\/cdu-kaarst.de\/en\/wp-json\/wp\/v2\/media?parent=4357"}],"wp:term":[{"taxonomy":"gemeinschaften","embeddable":true,"href":"https:\/\/cdu-kaarst.de\/en\/wp-json\/wp\/v2\/gemeinschaften?post=4357"}],"curies":[{"name":"wp","href":"https:\/\/api.w.org\/{rel}","templated":true}]}}

CDU general meeting: Nomination of the CDU council candidates of the Büttgen local association

<p>General meeting for the nomination of the CDU council candidates of the Büttgen local association on Thursday, 19 September 2024 at 19:00 in the Pampusschule Büttgen (Pampusstr. 1, 41564 Kaarst-Büttgen)</p>

Pampusschule Büttgen

Pampusstr. 1, 41564 Kaarst-Büttgen

<!-- This site is optimized with the Yoast SEO plugin v27.4 - https://yoast.com/product/yoast-seo-wordpress/ -->
<title>CDU Mitgliederversammlung: Aufstellung der CDU Ratskandidaten und -Kandidatinnen des Ortsverbandes Büttgen - CDU Kaarst-Büttgen</title>
<meta name="robots" content="noindex, follow" />
<meta property="og:locale" content="en_GB" />
<meta property="og:type" content="article" />
<meta property="og:title" content="CDU Mitgliederversammlung: Aufstellung der CDU Ratskandidaten und -Kandidatinnen des Ortsverbandes Büttgen - CDU Kaarst-Büttgen" />
<meta property="og:description" content="Mitgliederversammlung zur Aufstellung der CDU Ratskandidaten und -Kandidatinnen des Ortsverbandes Büttgen am Donnerstag, den 19.09.2024 um 19.00 Uhr in der Pampusschule Büttgen (Pampusstr. 1, 41564 Kaarst-Büttgen)" />
<meta property="og:url" content="https://cdu-kaarst.de/en/termin/cdu-mitgliederversammlung-aufstellung-der-cdu-ratskandidaten-und-kandidatinnen-des-ortsverbandes-buettgen/" />
<meta property="og:site_name" content="CDU Kaarst-Büttgen" />
<meta property="article:modified_time" content="2024-09-27T10:15:12+00:00" />
<meta property="og:image" content="https://cdu-kaarst.de/wp-content/uploads/cdu-termine-mitgliederversammlung.jpg" />
	<meta property="og:image:width" content="1000" />
	<meta property="og:image:height" content="568" />
	<meta property="og:image:type" content="image/jpeg" />
<meta name="twitter:card" content="summary_large_image" />
<script type="application/ld+json" class="yoast-schema-graph">{"@context":"https:\/\/schema.org","@graph":[{"@type":"WebPage","@id":"https:\/\/cdu-kaarst.de\/termin\/cdu-mitgliederversammlung-aufstellung-der-cdu-ratskandidaten-und-kandidatinnen-des-ortsverbandes-buettgen\/","url":"https:\/\/cdu-kaarst.de\/termin\/cdu-mitgliederversammlung-aufstellung-der-cdu-ratskandidaten-und-kandidatinnen-des-ortsverbandes-buettgen\/","name":"CDU Mitgliederversammlung: Aufstellung der CDU Ratskandidaten und -Kandidatinnen des Ortsverbandes Büttgen - CDU Kaarst-Büttgen","isPartOf":{"@id":"https:\/\/cdu-kaarst.de\/#website"},"primaryImageOfPage":{"@id":"https:\/\/cdu-kaarst.de\/termin\/cdu-mitgliederversammlung-aufstellung-der-cdu-ratskandidaten-und-kandidatinnen-des-ortsverbandes-buettgen\/#primaryimage"},"image":{"@id":"https:\/\/cdu-kaarst.de\/termin\/cdu-mitgliederversammlung-aufstellung-der-cdu-ratskandidaten-und-kandidatinnen-des-ortsverbandes-buettgen\/#primaryimage"},"thumbnailUrl":"https:\/\/cdu-kaarst.de\/wp-content\/uploads\/cdu-termine-mitgliederversammlung.jpg","datePublished":"2024-09-06T07:08:42+00:00","dateModified":"2024-09-27T10:15:12+00:00","breadcrumb":{"@id":"https:\/\/cdu-kaarst.de\/termin\/cdu-mitgliederversammlung-aufstellung-der-cdu-ratskandidaten-und-kandidatinnen-des-ortsverbandes-buettgen\/#breadcrumb"},"inLanguage":"en-GB","potentialAction":[{"@type":"ReadAction","target":["https:\/\/cdu-kaarst.de\/termin\/cdu-mitgliederversammlung-aufstellung-der-cdu-ratskandidaten-und-kandidatinnen-des-ortsverbandes-buettgen\/"]}]},{"@type":"ImageObject","inLanguage":"en-GB","@id":"https:\/\/cdu-kaarst.de\/termin\/cdu-mitgliederversammlung-aufstellung-der-cdu-ratskandidaten-und-kandidatinnen-des-ortsverbandes-buettgen\/#primaryimage","url":"https:\/\/cdu-kaarst.de\/wp-content\/uploads\/cdu-termine-mitgliederversammlung.jpg","contentUrl":"https:\/\/cdu-kaarst.de\/wp-content\/uploads\/cdu-termine-mitgliederversammlung.jpg","width":1000,"height":568},{"@type":"BreadcrumbList","@id":"https:\/\/cdu-kaarst.de\/termin\/cdu-mitgliederversammlung-aufstellung-der-cdu-ratskandidaten-und-kandidatinnen-des-ortsverbandes-buettgen\/#breadcrumb","itemListElement":[{"@type":"ListItem","position":1,"name":"Startseite","item":"https:\/\/cdu-kaarst.de\/"},{"@type":"ListItem","position":2,"name":"Termin","item":"https:\/\/cdu-kaarst.de\/termin\/"},{"@type":"ListItem","position":3,"name":"CDU Mitgliederversammlung: Aufstellung der CDU Ratskandidaten und -Kandidatinnen des Ortsverbandes Büttgen"}]},{"@type":"WebSite","@id":"https:\/\/cdu-kaarst.de\/#website","url":"https:\/\/cdu-kaarst.de\/","name":"CDU Kaarst-Büttgen","description":"gut Leben in Kaarst","publisher":{"@id":"https:\/\/cdu-kaarst.de\/#organization"},"potentialAction":[{"@type":"SearchAction","target":{"@type":"EntryPoint","urlTemplate":"https:\/\/cdu-kaarst.de\/?s={search_term_string}"},"query-input":{"@type":"PropertyValueSpecification","valueRequired":true,"valueName":"search_term_string"}}],"inLanguage":"en-GB"},{"@type":"Organization","@id":"https:\/\/cdu-kaarst.de\/#organization","name":"CDU Kaarst-Büttgen","url":"https:\/\/cdu-kaarst.de\/","logo":{"@type":"ImageObject","inLanguage":"en-GB","@id":"https:\/\/cdu-kaarst.de\/#\/schema\/logo\/image\/","url":"https:\/\/cdu-kaarst.de\/wp-content\/uploads\/cdu-gesamtlogo.png","contentUrl":"https:\/\/cdu-kaarst.de\/wp-content\/uploads\/cdu-gesamtlogo.png","width":418,"height":120,"caption":"CDU Kaarst-Büttgen"},"image":{"@id":"https:\/\/cdu-kaarst.de\/#\/schema\/logo\/image\/"}}]}</script>
<!-- / Yoast SEO plugin. -->

CDU Mitgliederversammlung: Aufstellung der CDU Ratskandidaten und -Kandidatinnen des Ortsverbandes Büttgen - CDU Kaarst-Büttgen

Mitgliederversammlung zur Aufstellung der CDU Ratskandidaten und -Kandidatinnen des Ortsverbandes Büttgen am Donnerstag, den 19.09.2024 um 19.00 Uhr in der Pampusschule Büttgen (Pampusstr. 1, 41564 Kaarst-Büttgen)

CDU Kaarst-Büttgen

CDU Mitgliederversammlung: Aufstellung der CDU Ratskandidaten und -Kandidatinnen des Ortsverbandes Büttgen
