{"id":4503,"date":"2024-09-13T12:46:14","date_gmt":"2024-09-13T10:46:14","guid":{"rendered":"https:\/\/cdu-kaarst.de\/?post_type=termin&#038;p=4503"},"modified":"2024-10-21T08:51:39","modified_gmt":"2024-10-21T06:51:39","slug":"cdu-vor-ort-after-work-spaetschoppen-gemeinsam-ins-gespraech-kommen","status":"publish","type":"termin","link":"https:\/\/cdu-kaarst.de\/en\/termin\/cdu-vor-ort-after-work-spaetschoppen-gemeinsam-ins-gespraech-kommen\/","title":{"rendered":"*Cancelled* CDU on site: After-Work-Sp\u00e4tschoppen- get into conversation TOGETHER"},"content":{"rendered":"<p>Unfortunately, we cannot realise the date in Vorst as planned.<\/p>","protected":false},"featured_media":4504,"template":"","meta":{"datum":1729641600,"uhr":"19:00","bis":"","platz":"","adresse":"","button-text":"Weitere Infos folgen!","einladung-herunterladen":""},"gemeinschaften":[],"class_list":["post-4503","termin","type-termin","status-publish","has-post-thumbnail","hentry"],"yoast_head":"<!-- This site is optimized with the Yoast SEO plugin v27.4 - https:\/\/yoast.com\/product\/yoast-seo-wordpress\/ -->\n<title>*Abgesagt* CDU vor Ort: After-Work-Sp\u00e4tschoppen- GEMEINSAM ins Gespr\u00e4ch kommen - CDU Kaarst-B\u00fcttgen<\/title>\n<meta name=\"robots\" content=\"noindex, follow\" \/>\n<meta property=\"og:locale\" content=\"en_GB\" \/>\n<meta property=\"og:type\" content=\"article\" \/>\n<meta property=\"og:title\" content=\"*Abgesagt* CDU vor Ort: After-Work-Sp\u00e4tschoppen- GEMEINSAM ins Gespr\u00e4ch kommen - CDU Kaarst-B\u00fcttgen\" \/>\n<meta property=\"og:description\" content=\"Wir k\u00f6nnen den Termin in Vorst leider nicht wie geplant umsetzen.\" \/>\n<meta property=\"og:url\" content=\"https:\/\/cdu-kaarst.de\/en\/termin\/cdu-vor-ort-after-work-spaetschoppen-gemeinsam-ins-gespraech-kommen\/\" \/>\n<meta property=\"og:site_name\" content=\"CDU Kaarst-B\u00fcttgen\" \/>\n<meta property=\"article:modified_time\" content=\"2024-10-21T06:51:39+00:00\" \/>\n<meta property=\"og:image\" content=\"https:\/\/cdu-kaarst.de\/wp-content\/uploads\/cdu-vor-ort-afterwork-spaetschoppen-Termin.jpg\" \/>\n\t<meta property=\"og:image:width\" content=\"810\" \/>\n\t<meta property=\"og:image:height\" content=\"462\" \/>\n\t<meta property=\"og:image:type\" content=\"image\/jpeg\" \/>\n<meta name=\"twitter:card\" content=\"summary_large_image\" \/>\n<script type=\"application\/ld+json\" class=\"yoast-schema-graph\">{\"@context\":\"https:\\\/\\\/schema.org\",\"@graph\":[{\"@type\":\"WebPage\",\"@id\":\"https:\\\/\\\/cdu-kaarst.de\\\/termin\\\/cdu-vor-ort-after-work-spaetschoppen-gemeinsam-ins-gespraech-kommen\\\/\",\"url\":\"https:\\\/\\\/cdu-kaarst.de\\\/termin\\\/cdu-vor-ort-after-work-spaetschoppen-gemeinsam-ins-gespraech-kommen\\\/\",\"name\":\"*Abgesagt* CDU vor Ort: After-Work-Sp\u00e4tschoppen- GEMEINSAM ins Gespr\u00e4ch kommen - CDU Kaarst-B\u00fcttgen\",\"isPartOf\":{\"@id\":\"https:\\\/\\\/cdu-kaarst.de\\\/#website\"},\"primaryImageOfPage\":{\"@id\":\"https:\\\/\\\/cdu-kaarst.de\\\/termin\\\/cdu-vor-ort-after-work-spaetschoppen-gemeinsam-ins-gespraech-kommen\\\/#primaryimage\"},\"image\":{\"@id\":\"https:\\\/\\\/cdu-kaarst.de\\\/termin\\\/cdu-vor-ort-after-work-spaetschoppen-gemeinsam-ins-gespraech-kommen\\\/#primaryimage\"},\"thumbnailUrl\":\"https:\\\/\\\/cdu-kaarst.de\\\/wp-content\\\/uploads\\\/cdu-vor-ort-afterwork-spaetschoppen-Termin.jpg\",\"datePublished\":\"2024-09-13T10:46:14+00:00\",\"dateModified\":\"2024-10-21T06:51:39+00:00\",\"breadcrumb\":{\"@id\":\"https:\\\/\\\/cdu-kaarst.de\\\/termin\\\/cdu-vor-ort-after-work-spaetschoppen-gemeinsam-ins-gespraech-kommen\\\/#breadcrumb\"},\"inLanguage\":\"en-GB\",\"potentialAction\":[{\"@type\":\"ReadAction\",\"target\":[\"https:\\\/\\\/cdu-kaarst.de\\\/termin\\\/cdu-vor-ort-after-work-spaetschoppen-gemeinsam-ins-gespraech-kommen\\\/\"]}]},{\"@type\":\"ImageObject\",\"inLanguage\":\"en-GB\",\"@id\":\"https:\\\/\\\/cdu-kaarst.de\\\/termin\\\/cdu-vor-ort-after-work-spaetschoppen-gemeinsam-ins-gespraech-kommen\\\/#primaryimage\",\"url\":\"https:\\\/\\\/cdu-kaarst.de\\\/wp-content\\\/uploads\\\/cdu-vor-ort-afterwork-spaetschoppen-Termin.jpg\",\"contentUrl\":\"https:\\\/\\\/cdu-kaarst.de\\\/wp-content\\\/uploads\\\/cdu-vor-ort-afterwork-spaetschoppen-Termin.jpg\",\"width\":810,\"height\":462},{\"@type\":\"BreadcrumbList\",\"@id\":\"https:\\\/\\\/cdu-kaarst.de\\\/termin\\\/cdu-vor-ort-after-work-spaetschoppen-gemeinsam-ins-gespraech-kommen\\\/#breadcrumb\",\"itemListElement\":[{\"@type\":\"ListItem\",\"position\":1,\"name\":\"Startseite\",\"item\":\"https:\\\/\\\/cdu-kaarst.de\\\/\"},{\"@type\":\"ListItem\",\"position\":2,\"name\":\"Termin\",\"item\":\"https:\\\/\\\/cdu-kaarst.de\\\/termin\\\/\"},{\"@type\":\"ListItem\",\"position\":3,\"name\":\"*Abgesagt* CDU vor Ort: After-Work-Sp\u00e4tschoppen- GEMEINSAM ins Gespr\u00e4ch kommen\"}]},{\"@type\":\"WebSite\",\"@id\":\"https:\\\/\\\/cdu-kaarst.de\\\/#website\",\"url\":\"https:\\\/\\\/cdu-kaarst.de\\\/\",\"name\":\"CDU Kaarst-B\u00fcttgen\",\"description\":\"gut Leben in Kaarst\",\"publisher\":{\"@id\":\"https:\\\/\\\/cdu-kaarst.de\\\/#organization\"},\"potentialAction\":[{\"@type\":\"SearchAction\",\"target\":{\"@type\":\"EntryPoint\",\"urlTemplate\":\"https:\\\/\\\/cdu-kaarst.de\\\/?s={search_term_string}\"},\"query-input\":{\"@type\":\"PropertyValueSpecification\",\"valueRequired\":true,\"valueName\":\"search_term_string\"}}],\"inLanguage\":\"en-GB\"},{\"@type\":\"Organization\",\"@id\":\"https:\\\/\\\/cdu-kaarst.de\\\/#organization\",\"name\":\"CDU Kaarst-B\u00fcttgen\",\"url\":\"https:\\\/\\\/cdu-kaarst.de\\\/\",\"logo\":{\"@type\":\"ImageObject\",\"inLanguage\":\"en-GB\",\"@id\":\"https:\\\/\\\/cdu-kaarst.de\\\/#\\\/schema\\\/logo\\\/image\\\/\",\"url\":\"https:\\\/\\\/cdu-kaarst.de\\\/wp-content\\\/uploads\\\/cdu-gesamtlogo.png\",\"contentUrl\":\"https:\\\/\\\/cdu-kaarst.de\\\/wp-content\\\/uploads\\\/cdu-gesamtlogo.png\",\"width\":418,\"height\":120,\"caption\":\"CDU Kaarst-B\u00fcttgen\"},\"image\":{\"@id\":\"https:\\\/\\\/cdu-kaarst.de\\\/#\\\/schema\\\/logo\\\/image\\\/\"}}]}<\/script>\n<!-- \/ Yoast SEO plugin. -->","yoast_head_json":{"title":"*Abgesagt* CDU vor Ort: After-Work-Sp\u00e4tschoppen- GEMEINSAM ins Gespr\u00e4ch kommen - CDU Kaarst-B\u00fcttgen","robots":{"index":"noindex","follow":"follow"},"og_locale":"en_GB","og_type":"article","og_title":"*Abgesagt* CDU vor Ort: After-Work-Sp\u00e4tschoppen- GEMEINSAM ins Gespr\u00e4ch kommen - CDU Kaarst-B\u00fcttgen","og_description":"Wir k\u00f6nnen den Termin in Vorst leider nicht wie geplant umsetzen.","og_url":"https:\/\/cdu-kaarst.de\/en\/termin\/cdu-vor-ort-after-work-spaetschoppen-gemeinsam-ins-gespraech-kommen\/","og_site_name":"CDU Kaarst-B\u00fcttgen","article_modified_time":"2024-10-21T06:51:39+00:00","og_image":[{"width":810,"height":462,"url":"https:\/\/cdu-kaarst.de\/wp-content\/uploads\/cdu-vor-ort-afterwork-spaetschoppen-Termin.jpg","type":"image\/jpeg"}],"twitter_card":"summary_large_image","schema":{"@context":"https:\/\/schema.org","@graph":[{"@type":"WebPage","@id":"https:\/\/cdu-kaarst.de\/termin\/cdu-vor-ort-after-work-spaetschoppen-gemeinsam-ins-gespraech-kommen\/","url":"https:\/\/cdu-kaarst.de\/termin\/cdu-vor-ort-after-work-spaetschoppen-gemeinsam-ins-gespraech-kommen\/","name":"*Abgesagt* CDU vor Ort: After-Work-Sp\u00e4tschoppen- GEMEINSAM ins Gespr\u00e4ch kommen - CDU Kaarst-B\u00fcttgen","isPartOf":{"@id":"https:\/\/cdu-kaarst.de\/#website"},"primaryImageOfPage":{"@id":"https:\/\/cdu-kaarst.de\/termin\/cdu-vor-ort-after-work-spaetschoppen-gemeinsam-ins-gespraech-kommen\/#primaryimage"},"image":{"@id":"https:\/\/cdu-kaarst.de\/termin\/cdu-vor-ort-after-work-spaetschoppen-gemeinsam-ins-gespraech-kommen\/#primaryimage"},"thumbnailUrl":"https:\/\/cdu-kaarst.de\/wp-content\/uploads\/cdu-vor-ort-afterwork-spaetschoppen-Termin.jpg","datePublished":"2024-09-13T10:46:14+00:00","dateModified":"2024-10-21T06:51:39+00:00","breadcrumb":{"@id":"https:\/\/cdu-kaarst.de\/termin\/cdu-vor-ort-after-work-spaetschoppen-gemeinsam-ins-gespraech-kommen\/#breadcrumb"},"inLanguage":"en-GB","potentialAction":[{"@type":"ReadAction","target":["https:\/\/cdu-kaarst.de\/termin\/cdu-vor-ort-after-work-spaetschoppen-gemeinsam-ins-gespraech-kommen\/"]}]},{"@type":"ImageObject","inLanguage":"en-GB","@id":"https:\/\/cdu-kaarst.de\/termin\/cdu-vor-ort-after-work-spaetschoppen-gemeinsam-ins-gespraech-kommen\/#primaryimage","url":"https:\/\/cdu-kaarst.de\/wp-content\/uploads\/cdu-vor-ort-afterwork-spaetschoppen-Termin.jpg","contentUrl":"https:\/\/cdu-kaarst.de\/wp-content\/uploads\/cdu-vor-ort-afterwork-spaetschoppen-Termin.jpg","width":810,"height":462},{"@type":"BreadcrumbList","@id":"https:\/\/cdu-kaarst.de\/termin\/cdu-vor-ort-after-work-spaetschoppen-gemeinsam-ins-gespraech-kommen\/#breadcrumb","itemListElement":[{"@type":"ListItem","position":1,"name":"Startseite","item":"https:\/\/cdu-kaarst.de\/"},{"@type":"ListItem","position":2,"name":"Termin","item":"https:\/\/cdu-kaarst.de\/termin\/"},{"@type":"ListItem","position":3,"name":"*Abgesagt* CDU vor Ort: After-Work-Sp\u00e4tschoppen- GEMEINSAM ins Gespr\u00e4ch kommen"}]},{"@type":"WebSite","@id":"https:\/\/cdu-kaarst.de\/#website","url":"https:\/\/cdu-kaarst.de\/","name":"CDU Kaarst-B\u00fcttgen","description":"living well in Kaarst","publisher":{"@id":"https:\/\/cdu-kaarst.de\/#organization"},"potentialAction":[{"@type":"SearchAction","target":{"@type":"EntryPoint","urlTemplate":"https:\/\/cdu-kaarst.de\/?s={search_term_string}"},"query-input":{"@type":"PropertyValueSpecification","valueRequired":true,"valueName":"search_term_string"}}],"inLanguage":"en-GB"},{"@type":"Organization","@id":"https:\/\/cdu-kaarst.de\/#organization","name":"CDU Kaarst-B\u00fcttgen","url":"https:\/\/cdu-kaarst.de\/","logo":{"@type":"ImageObject","inLanguage":"en-GB","@id":"https:\/\/cdu-kaarst.de\/#\/schema\/logo\/image\/","url":"https:\/\/cdu-kaarst.de\/wp-content\/uploads\/cdu-gesamtlogo.png","contentUrl":"https:\/\/cdu-kaarst.de\/wp-content\/uploads\/cdu-gesamtlogo.png","width":418,"height":120,"caption":"CDU Kaarst-B\u00fcttgen"},"image":{"@id":"https:\/\/cdu-kaarst.de\/#\/schema\/logo\/image\/"}}]}},"_links":{"self":[{"href":"https:\/\/cdu-kaarst.de\/en\/wp-json\/wp\/v2\/termin\/4503","targetHints":{"allow":["GET"]}}],"collection":[{"href":"https:\/\/cdu-kaarst.de\/en\/wp-json\/wp\/v2\/termin"}],"about":[{"href":"https:\/\/cdu-kaarst.de\/en\/wp-json\/wp\/v2\/types\/termin"}],"wp:featuredmedia":[{"embeddable":true,"href":"https:\/\/cdu-kaarst.de\/en\/wp-json\/wp\/v2\/media\/4504"}],"wp:attachment":[{"href":"https:\/\/cdu-kaarst.de\/en\/wp-json\/wp\/v2\/media?parent=4503"}],"wp:term":[{"taxonomy":"gemeinschaften","embeddable":true,"href":"https:\/\/cdu-kaarst.de\/en\/wp-json\/wp\/v2\/gemeinschaften?post=4503"}],"curies":[{"name":"wp","href":"https:\/\/api.w.org\/{rel}","templated":true}]}}

*Cancelled* CDU on site: After-Work-Spätschoppen- get into conversation TOGETHER

<!-- This site is optimized with the Yoast SEO plugin v27.4 - https://yoast.com/product/yoast-seo-wordpress/ -->
<title>*Abgesagt* CDU vor Ort: After-Work-Spätschoppen- GEMEINSAM ins Gespräch kommen - CDU Kaarst-Büttgen</title>
<meta name="robots" content="noindex, follow" />
<meta property="og:locale" content="en_GB" />
<meta property="og:type" content="article" />
<meta property="og:title" content="*Abgesagt* CDU vor Ort: After-Work-Spätschoppen- GEMEINSAM ins Gespräch kommen - CDU Kaarst-Büttgen" />
<meta property="og:description" content="Wir können den Termin in Vorst leider nicht wie geplant umsetzen." />
<meta property="og:url" content="https://cdu-kaarst.de/en/termin/cdu-vor-ort-after-work-spaetschoppen-gemeinsam-ins-gespraech-kommen/" />
<meta property="og:site_name" content="CDU Kaarst-Büttgen" />
<meta property="article:modified_time" content="2024-10-21T06:51:39+00:00" />
<meta property="og:image" content="https://cdu-kaarst.de/wp-content/uploads/cdu-vor-ort-afterwork-spaetschoppen-Termin.jpg" />
	<meta property="og:image:width" content="810" />
	<meta property="og:image:height" content="462" />
	<meta property="og:image:type" content="image/jpeg" />
<meta name="twitter:card" content="summary_large_image" />
<script type="application/ld+json" class="yoast-schema-graph">{"@context":"https:\/\/schema.org","@graph":[{"@type":"WebPage","@id":"https:\/\/cdu-kaarst.de\/termin\/cdu-vor-ort-after-work-spaetschoppen-gemeinsam-ins-gespraech-kommen\/","url":"https:\/\/cdu-kaarst.de\/termin\/cdu-vor-ort-after-work-spaetschoppen-gemeinsam-ins-gespraech-kommen\/","name":"*Abgesagt* CDU vor Ort: After-Work-Spätschoppen- GEMEINSAM ins Gespräch kommen - CDU Kaarst-Büttgen","isPartOf":{"@id":"https:\/\/cdu-kaarst.de\/#website"},"primaryImageOfPage":{"@id":"https:\/\/cdu-kaarst.de\/termin\/cdu-vor-ort-after-work-spaetschoppen-gemeinsam-ins-gespraech-kommen\/#primaryimage"},"image":{"@id":"https:\/\/cdu-kaarst.de\/termin\/cdu-vor-ort-after-work-spaetschoppen-gemeinsam-ins-gespraech-kommen\/#primaryimage"},"thumbnailUrl":"https:\/\/cdu-kaarst.de\/wp-content\/uploads\/cdu-vor-ort-afterwork-spaetschoppen-Termin.jpg","datePublished":"2024-09-13T10:46:14+00:00","dateModified":"2024-10-21T06:51:39+00:00","breadcrumb":{"@id":"https:\/\/cdu-kaarst.de\/termin\/cdu-vor-ort-after-work-spaetschoppen-gemeinsam-ins-gespraech-kommen\/#breadcrumb"},"inLanguage":"en-GB","potentialAction":[{"@type":"ReadAction","target":["https:\/\/cdu-kaarst.de\/termin\/cdu-vor-ort-after-work-spaetschoppen-gemeinsam-ins-gespraech-kommen\/"]}]},{"@type":"ImageObject","inLanguage":"en-GB","@id":"https:\/\/cdu-kaarst.de\/termin\/cdu-vor-ort-after-work-spaetschoppen-gemeinsam-ins-gespraech-kommen\/#primaryimage","url":"https:\/\/cdu-kaarst.de\/wp-content\/uploads\/cdu-vor-ort-afterwork-spaetschoppen-Termin.jpg","contentUrl":"https:\/\/cdu-kaarst.de\/wp-content\/uploads\/cdu-vor-ort-afterwork-spaetschoppen-Termin.jpg","width":810,"height":462},{"@type":"BreadcrumbList","@id":"https:\/\/cdu-kaarst.de\/termin\/cdu-vor-ort-after-work-spaetschoppen-gemeinsam-ins-gespraech-kommen\/#breadcrumb","itemListElement":[{"@type":"ListItem","position":1,"name":"Startseite","item":"https:\/\/cdu-kaarst.de\/"},{"@type":"ListItem","position":2,"name":"Termin","item":"https:\/\/cdu-kaarst.de\/termin\/"},{"@type":"ListItem","position":3,"name":"*Abgesagt* CDU vor Ort: After-Work-Spätschoppen- GEMEINSAM ins Gespräch kommen"}]},{"@type":"WebSite","@id":"https:\/\/cdu-kaarst.de\/#website","url":"https:\/\/cdu-kaarst.de\/","name":"CDU Kaarst-Büttgen","description":"gut Leben in Kaarst","publisher":{"@id":"https:\/\/cdu-kaarst.de\/#organization"},"potentialAction":[{"@type":"SearchAction","target":{"@type":"EntryPoint","urlTemplate":"https:\/\/cdu-kaarst.de\/?s={search_term_string}"},"query-input":{"@type":"PropertyValueSpecification","valueRequired":true,"valueName":"search_term_string"}}],"inLanguage":"en-GB"},{"@type":"Organization","@id":"https:\/\/cdu-kaarst.de\/#organization","name":"CDU Kaarst-Büttgen","url":"https:\/\/cdu-kaarst.de\/","logo":{"@type":"ImageObject","inLanguage":"en-GB","@id":"https:\/\/cdu-kaarst.de\/#\/schema\/logo\/image\/","url":"https:\/\/cdu-kaarst.de\/wp-content\/uploads\/cdu-gesamtlogo.png","contentUrl":"https:\/\/cdu-kaarst.de\/wp-content\/uploads\/cdu-gesamtlogo.png","width":418,"height":120,"caption":"CDU Kaarst-Büttgen"},"image":{"@id":"https:\/\/cdu-kaarst.de\/#\/schema\/logo\/image\/"}}]}</script>
<!-- / Yoast SEO plugin. -->

*Abgesagt* CDU vor Ort: After-Work-Spätschoppen- GEMEINSAM ins Gespräch kommen - CDU Kaarst-Büttgen

Wir können den Termin in Vorst leider nicht wie geplant umsetzen.

CDU Kaarst-Büttgen

*Abgesagt* CDU vor Ort: After-Work-Spätschoppen- GEMEINSAM ins Gespräch kommen
