{"id":4949,"date":"2024-10-02T14:20:57","date_gmt":"2024-10-02T12:20:57","guid":{"rendered":"https:\/\/cdu-kaarst.de\/?post_type=termin&#038;p=4949"},"modified":"2024-10-02T14:25:02","modified_gmt":"2024-10-02T12:25:02","slug":"kandidatenvorstellung-fuer-die-landratswahl-1-termin","status":"publish","type":"termin","link":"https:\/\/cdu-kaarst.de\/en\/termin\/kandidatenvorstellung-fuer-die-landratswahl-1-termin\/","title":{"rendered":"Presentation of candidates for the district administrator election, 1st date"},"content":{"rendered":"<blockquote><p>The event will be offered twice to enable as many members as possible to attend. Both evenings are planned with the same programme. Please register at <a href=\"mailto:post@cdu-rheinkreisneuss.de\">post@cdu-rheinkreisneuss.de<\/a>.<\/p>\n<hr \/>\n<\/blockquote>\n<p>Dear friends of the CDU, ladies and gentlemen,<br \/>\nThe next local elections are due in September 2025, and the representatives' meeting to nominate the CDU candidate will take place on 23 November.<br \/>\nAs our District Administrator Hans-J\u00fcrgen Petrauschke is not standing for re-election, you now have the opportunity to get to know the candidates standing for the office. District Director Dirk Br\u00fcgge and First Deputy District Administrator Katharina Reinhold have declared their willingness to stand for election. Take this opportunity to get an idea of the candidates.<br \/>\nPresentation of candidates for the district council election:<br \/>\n<strong>Tuesday, 29 October 2024, from 8.00 p.m. in the Marienhaus, Kapitelstr. 48, 41460 Neuss<\/strong><br \/>\nWednesday, 30 October 2024, from 7 p.m. Realschule Kleinenbroich, Dionysiusstra\u00dfe 11, 41352 Korschenbroich<br \/>\nWe cordially invite you to this exciting evening and look forward to your participation. Please let us know which evening you would like to attend. You can reach us easily at <a href=\"mailto:post@cdu-rheinkreisneuss.de\">post@cdu-rheinkreisneuss.de<\/a> or by telephone on 0 21 31 - 71 88 50.<\/p>\n<p>Ansgar Heveling<br \/>\nChairman<\/p>","protected":false},"featured_media":0,"template":"","meta":{"datum":1730160000,"uhr":"20:00","bis":"","platz":"Marienhaus","adresse":"Marienhaus, Kapitelstr. 48, 41460 Neuss","button-text":"Mehr Erfahren","einladung-herunterladen":"https:\/\/cdu-kaarst.de\/wp-content\/uploads\/Landrat-Kandidatenvorstellung.pdf"},"gemeinschaften":[],"class_list":["post-4949","termin","type-termin","status-publish","hentry"],"yoast_head":"<!-- This site is optimized with the Yoast SEO plugin v27.4 - https:\/\/yoast.com\/product\/yoast-seo-wordpress\/ -->\n<title>Kandidatenvorstellung f\u00fcr die Landratswahl, 1. Termin - CDU Kaarst-B\u00fcttgen<\/title>\n<meta name=\"robots\" content=\"noindex, follow\" \/>\n<meta property=\"og:locale\" content=\"en_GB\" \/>\n<meta property=\"og:type\" content=\"article\" \/>\n<meta property=\"og:title\" content=\"Kandidatenvorstellung f\u00fcr die Landratswahl, 1. Termin - CDU Kaarst-B\u00fcttgen\" \/>\n<meta property=\"og:description\" content=\"Der Termin wird zweimal angeboten, um m\u00f6glichst vielen Mitgliedern die Teilnahme zu erm\u00f6glichen. Beide Abende sind mit dem gleichen Programm vorgesehen. Wir bitten um Anmeldung unter post@cdu-rheinkreisneuss.de. Liebe Freundinnen und Freunde der CDU, sehr geehrte Damen und Herren, im September 2025 stehen die n\u00e4chsten Kommunalwahlen an, bereits am 23. November findet die Vertreterversammlung zur Aufstellung [&hellip;]\" \/>\n<meta property=\"og:url\" content=\"https:\/\/cdu-kaarst.de\/en\/termin\/kandidatenvorstellung-fuer-die-landratswahl-1-termin\/\" \/>\n<meta property=\"og:site_name\" content=\"CDU Kaarst-B\u00fcttgen\" \/>\n<meta property=\"article:modified_time\" content=\"2024-10-02T12:25:02+00:00\" \/>\n<meta name=\"twitter:card\" content=\"summary_large_image\" \/>\n<meta name=\"twitter:label1\" content=\"Estimated reading time\" \/>\n\t<meta name=\"twitter:data1\" content=\"1 minute\" \/>\n<script type=\"application\/ld+json\" class=\"yoast-schema-graph\">{\"@context\":\"https:\\\/\\\/schema.org\",\"@graph\":[{\"@type\":\"WebPage\",\"@id\":\"https:\\\/\\\/cdu-kaarst.de\\\/termin\\\/kandidatenvorstellung-fuer-die-landratswahl-1-termin\\\/\",\"url\":\"https:\\\/\\\/cdu-kaarst.de\\\/termin\\\/kandidatenvorstellung-fuer-die-landratswahl-1-termin\\\/\",\"name\":\"Kandidatenvorstellung f\u00fcr die Landratswahl, 1. Termin - CDU Kaarst-B\u00fcttgen\",\"isPartOf\":{\"@id\":\"https:\\\/\\\/cdu-kaarst.de\\\/#website\"},\"datePublished\":\"2024-10-02T12:20:57+00:00\",\"dateModified\":\"2024-10-02T12:25:02+00:00\",\"breadcrumb\":{\"@id\":\"https:\\\/\\\/cdu-kaarst.de\\\/termin\\\/kandidatenvorstellung-fuer-die-landratswahl-1-termin\\\/#breadcrumb\"},\"inLanguage\":\"en-GB\",\"potentialAction\":[{\"@type\":\"ReadAction\",\"target\":[\"https:\\\/\\\/cdu-kaarst.de\\\/termin\\\/kandidatenvorstellung-fuer-die-landratswahl-1-termin\\\/\"]}]},{\"@type\":\"BreadcrumbList\",\"@id\":\"https:\\\/\\\/cdu-kaarst.de\\\/termin\\\/kandidatenvorstellung-fuer-die-landratswahl-1-termin\\\/#breadcrumb\",\"itemListElement\":[{\"@type\":\"ListItem\",\"position\":1,\"name\":\"Startseite\",\"item\":\"https:\\\/\\\/cdu-kaarst.de\\\/\"},{\"@type\":\"ListItem\",\"position\":2,\"name\":\"Termin\",\"item\":\"https:\\\/\\\/cdu-kaarst.de\\\/termin\\\/\"},{\"@type\":\"ListItem\",\"position\":3,\"name\":\"Kandidatenvorstellung f\u00fcr die Landratswahl, 1. Termin\"}]},{\"@type\":\"WebSite\",\"@id\":\"https:\\\/\\\/cdu-kaarst.de\\\/#website\",\"url\":\"https:\\\/\\\/cdu-kaarst.de\\\/\",\"name\":\"CDU Kaarst-B\u00fcttgen\",\"description\":\"gut Leben in Kaarst\",\"publisher\":{\"@id\":\"https:\\\/\\\/cdu-kaarst.de\\\/#organization\"},\"potentialAction\":[{\"@type\":\"SearchAction\",\"target\":{\"@type\":\"EntryPoint\",\"urlTemplate\":\"https:\\\/\\\/cdu-kaarst.de\\\/?s={search_term_string}\"},\"query-input\":{\"@type\":\"PropertyValueSpecification\",\"valueRequired\":true,\"valueName\":\"search_term_string\"}}],\"inLanguage\":\"en-GB\"},{\"@type\":\"Organization\",\"@id\":\"https:\\\/\\\/cdu-kaarst.de\\\/#organization\",\"name\":\"CDU Kaarst-B\u00fcttgen\",\"url\":\"https:\\\/\\\/cdu-kaarst.de\\\/\",\"logo\":{\"@type\":\"ImageObject\",\"inLanguage\":\"en-GB\",\"@id\":\"https:\\\/\\\/cdu-kaarst.de\\\/#\\\/schema\\\/logo\\\/image\\\/\",\"url\":\"https:\\\/\\\/cdu-kaarst.de\\\/wp-content\\\/uploads\\\/cdu-gesamtlogo.png\",\"contentUrl\":\"https:\\\/\\\/cdu-kaarst.de\\\/wp-content\\\/uploads\\\/cdu-gesamtlogo.png\",\"width\":418,\"height\":120,\"caption\":\"CDU Kaarst-B\u00fcttgen\"},\"image\":{\"@id\":\"https:\\\/\\\/cdu-kaarst.de\\\/#\\\/schema\\\/logo\\\/image\\\/\"}}]}<\/script>\n<!-- \/ Yoast SEO plugin. -->","yoast_head_json":{"title":"Kandidatenvorstellung f\u00fcr die Landratswahl, 1. Termin - CDU Kaarst-B\u00fcttgen","robots":{"index":"noindex","follow":"follow"},"og_locale":"en_GB","og_type":"article","og_title":"Kandidatenvorstellung f\u00fcr die Landratswahl, 1. Termin - CDU Kaarst-B\u00fcttgen","og_description":"Der Termin wird zweimal angeboten, um m\u00f6glichst vielen Mitgliedern die Teilnahme zu erm\u00f6glichen. Beide Abende sind mit dem gleichen Programm vorgesehen. Wir bitten um Anmeldung unter post@cdu-rheinkreisneuss.de. Liebe Freundinnen und Freunde der CDU, sehr geehrte Damen und Herren, im September 2025 stehen die n\u00e4chsten Kommunalwahlen an, bereits am 23. November findet die Vertreterversammlung zur Aufstellung [&hellip;]","og_url":"https:\/\/cdu-kaarst.de\/en\/termin\/kandidatenvorstellung-fuer-die-landratswahl-1-termin\/","og_site_name":"CDU Kaarst-B\u00fcttgen","article_modified_time":"2024-10-02T12:25:02+00:00","twitter_card":"summary_large_image","twitter_misc":{"Estimated reading time":"1 minute"},"schema":{"@context":"https:\/\/schema.org","@graph":[{"@type":"WebPage","@id":"https:\/\/cdu-kaarst.de\/termin\/kandidatenvorstellung-fuer-die-landratswahl-1-termin\/","url":"https:\/\/cdu-kaarst.de\/termin\/kandidatenvorstellung-fuer-die-landratswahl-1-termin\/","name":"Kandidatenvorstellung f\u00fcr die Landratswahl, 1. Termin - CDU Kaarst-B\u00fcttgen","isPartOf":{"@id":"https:\/\/cdu-kaarst.de\/#website"},"datePublished":"2024-10-02T12:20:57+00:00","dateModified":"2024-10-02T12:25:02+00:00","breadcrumb":{"@id":"https:\/\/cdu-kaarst.de\/termin\/kandidatenvorstellung-fuer-die-landratswahl-1-termin\/#breadcrumb"},"inLanguage":"en-GB","potentialAction":[{"@type":"ReadAction","target":["https:\/\/cdu-kaarst.de\/termin\/kandidatenvorstellung-fuer-die-landratswahl-1-termin\/"]}]},{"@type":"BreadcrumbList","@id":"https:\/\/cdu-kaarst.de\/termin\/kandidatenvorstellung-fuer-die-landratswahl-1-termin\/#breadcrumb","itemListElement":[{"@type":"ListItem","position":1,"name":"Startseite","item":"https:\/\/cdu-kaarst.de\/"},{"@type":"ListItem","position":2,"name":"Termin","item":"https:\/\/cdu-kaarst.de\/termin\/"},{"@type":"ListItem","position":3,"name":"Kandidatenvorstellung f\u00fcr die Landratswahl, 1. Termin"}]},{"@type":"WebSite","@id":"https:\/\/cdu-kaarst.de\/#website","url":"https:\/\/cdu-kaarst.de\/","name":"CDU Kaarst-B\u00fcttgen","description":"living well in Kaarst","publisher":{"@id":"https:\/\/cdu-kaarst.de\/#organization"},"potentialAction":[{"@type":"SearchAction","target":{"@type":"EntryPoint","urlTemplate":"https:\/\/cdu-kaarst.de\/?s={search_term_string}"},"query-input":{"@type":"PropertyValueSpecification","valueRequired":true,"valueName":"search_term_string"}}],"inLanguage":"en-GB"},{"@type":"Organization","@id":"https:\/\/cdu-kaarst.de\/#organization","name":"CDU Kaarst-B\u00fcttgen","url":"https:\/\/cdu-kaarst.de\/","logo":{"@type":"ImageObject","inLanguage":"en-GB","@id":"https:\/\/cdu-kaarst.de\/#\/schema\/logo\/image\/","url":"https:\/\/cdu-kaarst.de\/wp-content\/uploads\/cdu-gesamtlogo.png","contentUrl":"https:\/\/cdu-kaarst.de\/wp-content\/uploads\/cdu-gesamtlogo.png","width":418,"height":120,"caption":"CDU Kaarst-B\u00fcttgen"},"image":{"@id":"https:\/\/cdu-kaarst.de\/#\/schema\/logo\/image\/"}}]}},"_links":{"self":[{"href":"https:\/\/cdu-kaarst.de\/en\/wp-json\/wp\/v2\/termin\/4949","targetHints":{"allow":["GET"]}}],"collection":[{"href":"https:\/\/cdu-kaarst.de\/en\/wp-json\/wp\/v2\/termin"}],"about":[{"href":"https:\/\/cdu-kaarst.de\/en\/wp-json\/wp\/v2\/types\/termin"}],"wp:attachment":[{"href":"https:\/\/cdu-kaarst.de\/en\/wp-json\/wp\/v2\/media?parent=4949"}],"wp:term":[{"taxonomy":"gemeinschaften","embeddable":true,"href":"https:\/\/cdu-kaarst.de\/en\/wp-json\/wp\/v2\/gemeinschaften?post=4949"}],"curies":[{"name":"wp","href":"https:\/\/api.w.org\/{rel}","templated":true}]}}

<blockquote><p>The event will be offered twice to enable as many members as possible to attend. Both evenings are planned with the same programme. Please register at <a href="mailto:post@cdu-rheinkreisneuss.de">post@cdu-rheinkreisneuss.de</a>.</p>
<hr />
</blockquote>
<p>Dear friends of the CDU, ladies and gentlemen,<br />
The next local elections are due in September 2025, and the representatives' meeting to nominate the CDU candidate will take place on 23 November.<br />
As our District Administrator Hans-Jürgen Petrauschke is not standing for re-election, you now have the opportunity to get to know the candidates standing for the office. District Director Dirk Brügge and First Deputy District Administrator Katharina Reinhold have declared their willingness to stand for election. Take this opportunity to get an idea of the candidates.<br />
Presentation of candidates for the district council election:<br />
<strong>Tuesday, 29 October 2024, from 8.00 p.m. in the Marienhaus, Kapitelstr. 48, 41460 Neuss</strong><br />
Wednesday, 30 October 2024, from 7 p.m. Realschule Kleinenbroich, Dionysiusstraße 11, 41352 Korschenbroich<br />
We cordially invite you to this exciting evening and look forward to your participation. Please let us know which evening you would like to attend. You can reach us easily at <a href="mailto:post@cdu-rheinkreisneuss.de">post@cdu-rheinkreisneuss.de</a> or by telephone on 0 21 31 - 71 88 50.</p>
<p>Ansgar Heveling<br />
Chairman</p>

<!-- This site is optimized with the Yoast SEO plugin v27.4 - https://yoast.com/product/yoast-seo-wordpress/ -->
<title>Kandidatenvorstellung für die Landratswahl, 1. Termin - CDU Kaarst-Büttgen</title>
<meta name="robots" content="noindex, follow" />
<meta property="og:locale" content="en_GB" />
<meta property="og:type" content="article" />
<meta property="og:title" content="Kandidatenvorstellung für die Landratswahl, 1. Termin - CDU Kaarst-Büttgen" />
<meta property="og:description" content="Der Termin wird zweimal angeboten, um möglichst vielen Mitgliedern die Teilnahme zu ermöglichen. Beide Abende sind mit dem gleichen Programm vorgesehen. Wir bitten um Anmeldung unter post@cdu-rheinkreisneuss.de. Liebe Freundinnen und Freunde der CDU, sehr geehrte Damen und Herren, im September 2025 stehen die nächsten Kommunalwahlen an, bereits am 23. November findet die Vertreterversammlung zur Aufstellung [&hellip;]" />
<meta property="og:url" content="https://cdu-kaarst.de/en/termin/kandidatenvorstellung-fuer-die-landratswahl-1-termin/" />
<meta property="og:site_name" content="CDU Kaarst-Büttgen" />
<meta property="article:modified_time" content="2024-10-02T12:25:02+00:00" />
<meta name="twitter:card" content="summary_large_image" />
<meta name="twitter:label1" content="Estimated reading time" />
	<meta name="twitter:data1" content="1 minute" />
<script type="application/ld+json" class="yoast-schema-graph">{"@context":"https:\/\/schema.org","@graph":[{"@type":"WebPage","@id":"https:\/\/cdu-kaarst.de\/termin\/kandidatenvorstellung-fuer-die-landratswahl-1-termin\/","url":"https:\/\/cdu-kaarst.de\/termin\/kandidatenvorstellung-fuer-die-landratswahl-1-termin\/","name":"Kandidatenvorstellung für die Landratswahl, 1. Termin - CDU Kaarst-Büttgen","isPartOf":{"@id":"https:\/\/cdu-kaarst.de\/#website"},"datePublished":"2024-10-02T12:20:57+00:00","dateModified":"2024-10-02T12:25:02+00:00","breadcrumb":{"@id":"https:\/\/cdu-kaarst.de\/termin\/kandidatenvorstellung-fuer-die-landratswahl-1-termin\/#breadcrumb"},"inLanguage":"en-GB","potentialAction":[{"@type":"ReadAction","target":["https:\/\/cdu-kaarst.de\/termin\/kandidatenvorstellung-fuer-die-landratswahl-1-termin\/"]}]},{"@type":"BreadcrumbList","@id":"https:\/\/cdu-kaarst.de\/termin\/kandidatenvorstellung-fuer-die-landratswahl-1-termin\/#breadcrumb","itemListElement":[{"@type":"ListItem","position":1,"name":"Startseite","item":"https:\/\/cdu-kaarst.de\/"},{"@type":"ListItem","position":2,"name":"Termin","item":"https:\/\/cdu-kaarst.de\/termin\/"},{"@type":"ListItem","position":3,"name":"Kandidatenvorstellung für die Landratswahl, 1. Termin"}]},{"@type":"WebSite","@id":"https:\/\/cdu-kaarst.de\/#website","url":"https:\/\/cdu-kaarst.de\/","name":"CDU Kaarst-Büttgen","description":"gut Leben in Kaarst","publisher":{"@id":"https:\/\/cdu-kaarst.de\/#organization"},"potentialAction":[{"@type":"SearchAction","target":{"@type":"EntryPoint","urlTemplate":"https:\/\/cdu-kaarst.de\/?s={search_term_string}"},"query-input":{"@type":"PropertyValueSpecification","valueRequired":true,"valueName":"search_term_string"}}],"inLanguage":"en-GB"},{"@type":"Organization","@id":"https:\/\/cdu-kaarst.de\/#organization","name":"CDU Kaarst-Büttgen","url":"https:\/\/cdu-kaarst.de\/","logo":{"@type":"ImageObject","inLanguage":"en-GB","@id":"https:\/\/cdu-kaarst.de\/#\/schema\/logo\/image\/","url":"https:\/\/cdu-kaarst.de\/wp-content\/uploads\/cdu-gesamtlogo.png","contentUrl":"https:\/\/cdu-kaarst.de\/wp-content\/uploads\/cdu-gesamtlogo.png","width":418,"height":120,"caption":"CDU Kaarst-Büttgen"},"image":{"@id":"https:\/\/cdu-kaarst.de\/#\/schema\/logo\/image\/"}}]}</script>
<!-- / Yoast SEO plugin. -->

Kandidatenvorstellung für die Landratswahl, 1. Termin - CDU Kaarst-Büttgen

Der Termin wird zweimal angeboten, um möglichst vielen Mitgliedern die Teilnahme zu ermöglichen. Beide Abende sind mit dem gleichen Programm vorgesehen. Wir bitten um Anmeldung unter post@cdu-rheinkreisneuss.de. Liebe Freundinnen und Freunde der CDU, sehr geehrte Damen und Herren, im September 2025 stehen die nächsten Kommunalwahlen an, bereits am 23. November findet die Vertreterversammlung zur Aufstellung [&hellip;]

CDU Kaarst-Büttgen

Kandidatenvorstellung für die Landratswahl, 1. Termin
