{"id":5105,"date":"2024-10-14T12:27:41","date_gmt":"2024-10-14T10:27:41","guid":{"rendered":"https:\/\/cdu-kaarst.de\/?post_type=termin&#038;p=5105"},"modified":"2024-11-11T11:33:36","modified_gmt":"2024-11-11T10:33:36","slug":"ratsam-gemeinsam-im-gespraech-bleiben-fuer-den-stadtrat-am-31-oktober","status":"publish","type":"termin","link":"https:\/\/cdu-kaarst.de\/en\/termin\/ratsam-gemeinsam-im-gespraech-bleiben-fuer-den-stadtrat-am-31-oktober\/","title":{"rendered":"\"RAT \"sam - The pre-council meeting discussion for the city council"},"content":{"rendered":"<p>Before every council meeting, we are ready to take up and process your concerns. We are committed to raising your issues with the City Council and following up on them. We will of course inform you of the results and answers at the next meeting or in person.<\/p>\n<p>Link:<a href=\"https:\/\/ris-kaarst.itk-rheinland.de\/sessionnetkaabi\/gr0040.asp\"> Calendar of meetings in the council information system of the city of Kaarst<\/a><\/p>\n<p>Please note that the calendar of meetings in the City of Kaarst's council information system is updated on an ongoing basis. Meetings may be cancelled, added or postponed. Please check back regularly to stay up to date.<\/p>\n<p>&nbsp;<\/p>","protected":false},"featured_media":5106,"template":"","meta":{"datum":1732320000,"uhr":"07:30","bis":"09:00","platz":"Nahkauf Lange K\u00f6nigstra\u00dfe 10, 41564 Kaarst","adresse":"K\u00f6nigstra\u00dfe 10, 41564 Kaarst","button-text":"Mehr Erfahren","einladung-herunterladen":"https:\/\/cdu-kaarst.de\/wp-content\/uploads\/Ratssitzung.pdf"},"gemeinschaften":[],"class_list":["post-5105","termin","type-termin","status-publish","has-post-thumbnail","hentry"],"yoast_head":"<!-- This site is optimized with the Yoast SEO plugin v27.4 - https:\/\/yoast.com\/product\/yoast-seo-wordpress\/ -->\n<title>&quot;RAT&quot;sam - Das Vor-Ratssitzungs-Gespr\u00e4ch f\u00fcr den Stadtrat - CDU Kaarst-B\u00fcttgen<\/title>\n<meta name=\"robots\" content=\"noindex, follow\" \/>\n<meta property=\"og:locale\" content=\"en_GB\" \/>\n<meta property=\"og:type\" content=\"article\" \/>\n<meta property=\"og:title\" content=\"&quot;RAT&quot;sam - Das Vor-Ratssitzungs-Gespr\u00e4ch f\u00fcr den Stadtrat - CDU Kaarst-B\u00fcttgen\" \/>\n<meta property=\"og:description\" content=\"Vor jeder Ratssitzung stehen wir bereit, um Ihre Anliegen aufzunehmen und aufzubereiten. Wir setzen uns daf\u00fcr ein, Ihre Themen im Stadtrat anzusprechen und nachzuhaken. Selbstverst\u00e4ndlich informieren wir Sie im n\u00e4chsten Termin oder auch pers\u00f6nlich \u00fcber die Ergebnisse und Antworten. Link: Sitzungskalender im Ratsinformationssystem der Stadt Kaarst Bitte beachten Sie, dass der Sitzungskalender im Ratsinformationssystem der [&hellip;]\" \/>\n<meta property=\"og:url\" content=\"https:\/\/cdu-kaarst.de\/en\/termin\/ratsam-gemeinsam-im-gespraech-bleiben-fuer-den-stadtrat-am-31-oktober\/\" \/>\n<meta property=\"og:site_name\" content=\"CDU Kaarst-B\u00fcttgen\" \/>\n<meta property=\"article:modified_time\" content=\"2024-11-11T10:33:36+00:00\" \/>\n<meta property=\"og:image\" content=\"https:\/\/cdu-kaarst.de\/wp-content\/uploads\/WhatsApp-Bild-2024-10-13-um-17.09.27_9a4dbeb2.jpg\" \/>\n\t<meta property=\"og:image:width\" content=\"1080\" \/>\n\t<meta property=\"og:image:height\" content=\"1080\" \/>\n\t<meta property=\"og:image:type\" content=\"image\/jpeg\" \/>\n<meta name=\"twitter:card\" content=\"summary_large_image\" \/>\n<script type=\"application\/ld+json\" class=\"yoast-schema-graph\">{\"@context\":\"https:\\\/\\\/schema.org\",\"@graph\":[{\"@type\":\"WebPage\",\"@id\":\"https:\\\/\\\/cdu-kaarst.de\\\/termin\\\/ratsam-gemeinsam-im-gespraech-bleiben-fuer-den-stadtrat-am-31-oktober\\\/\",\"url\":\"https:\\\/\\\/cdu-kaarst.de\\\/termin\\\/ratsam-gemeinsam-im-gespraech-bleiben-fuer-den-stadtrat-am-31-oktober\\\/\",\"name\":\"\\\"RAT\\\"sam - Das Vor-Ratssitzungs-Gespr\u00e4ch f\u00fcr den Stadtrat - CDU Kaarst-B\u00fcttgen\",\"isPartOf\":{\"@id\":\"https:\\\/\\\/cdu-kaarst.de\\\/#website\"},\"primaryImageOfPage\":{\"@id\":\"https:\\\/\\\/cdu-kaarst.de\\\/termin\\\/ratsam-gemeinsam-im-gespraech-bleiben-fuer-den-stadtrat-am-31-oktober\\\/#primaryimage\"},\"image\":{\"@id\":\"https:\\\/\\\/cdu-kaarst.de\\\/termin\\\/ratsam-gemeinsam-im-gespraech-bleiben-fuer-den-stadtrat-am-31-oktober\\\/#primaryimage\"},\"thumbnailUrl\":\"https:\\\/\\\/cdu-kaarst.de\\\/wp-content\\\/uploads\\\/WhatsApp-Bild-2024-10-13-um-17.09.27_9a4dbeb2.jpg\",\"datePublished\":\"2024-10-14T10:27:41+00:00\",\"dateModified\":\"2024-11-11T10:33:36+00:00\",\"breadcrumb\":{\"@id\":\"https:\\\/\\\/cdu-kaarst.de\\\/termin\\\/ratsam-gemeinsam-im-gespraech-bleiben-fuer-den-stadtrat-am-31-oktober\\\/#breadcrumb\"},\"inLanguage\":\"en-GB\",\"potentialAction\":[{\"@type\":\"ReadAction\",\"target\":[\"https:\\\/\\\/cdu-kaarst.de\\\/termin\\\/ratsam-gemeinsam-im-gespraech-bleiben-fuer-den-stadtrat-am-31-oktober\\\/\"]}]},{\"@type\":\"ImageObject\",\"inLanguage\":\"en-GB\",\"@id\":\"https:\\\/\\\/cdu-kaarst.de\\\/termin\\\/ratsam-gemeinsam-im-gespraech-bleiben-fuer-den-stadtrat-am-31-oktober\\\/#primaryimage\",\"url\":\"https:\\\/\\\/cdu-kaarst.de\\\/wp-content\\\/uploads\\\/WhatsApp-Bild-2024-10-13-um-17.09.27_9a4dbeb2.jpg\",\"contentUrl\":\"https:\\\/\\\/cdu-kaarst.de\\\/wp-content\\\/uploads\\\/WhatsApp-Bild-2024-10-13-um-17.09.27_9a4dbeb2.jpg\",\"width\":1080,\"height\":1080},{\"@type\":\"BreadcrumbList\",\"@id\":\"https:\\\/\\\/cdu-kaarst.de\\\/termin\\\/ratsam-gemeinsam-im-gespraech-bleiben-fuer-den-stadtrat-am-31-oktober\\\/#breadcrumb\",\"itemListElement\":[{\"@type\":\"ListItem\",\"position\":1,\"name\":\"Startseite\",\"item\":\"https:\\\/\\\/cdu-kaarst.de\\\/\"},{\"@type\":\"ListItem\",\"position\":2,\"name\":\"Termin\",\"item\":\"https:\\\/\\\/cdu-kaarst.de\\\/termin\\\/\"},{\"@type\":\"ListItem\",\"position\":3,\"name\":\"&#8220;RAT&#8221;sam &#8211; Das Vor-Ratssitzungs-Gespr\u00e4ch f\u00fcr den Stadtrat\"}]},{\"@type\":\"WebSite\",\"@id\":\"https:\\\/\\\/cdu-kaarst.de\\\/#website\",\"url\":\"https:\\\/\\\/cdu-kaarst.de\\\/\",\"name\":\"CDU Kaarst-B\u00fcttgen\",\"description\":\"gut Leben in Kaarst\",\"publisher\":{\"@id\":\"https:\\\/\\\/cdu-kaarst.de\\\/#organization\"},\"potentialAction\":[{\"@type\":\"SearchAction\",\"target\":{\"@type\":\"EntryPoint\",\"urlTemplate\":\"https:\\\/\\\/cdu-kaarst.de\\\/?s={search_term_string}\"},\"query-input\":{\"@type\":\"PropertyValueSpecification\",\"valueRequired\":true,\"valueName\":\"search_term_string\"}}],\"inLanguage\":\"en-GB\"},{\"@type\":\"Organization\",\"@id\":\"https:\\\/\\\/cdu-kaarst.de\\\/#organization\",\"name\":\"CDU Kaarst-B\u00fcttgen\",\"url\":\"https:\\\/\\\/cdu-kaarst.de\\\/\",\"logo\":{\"@type\":\"ImageObject\",\"inLanguage\":\"en-GB\",\"@id\":\"https:\\\/\\\/cdu-kaarst.de\\\/#\\\/schema\\\/logo\\\/image\\\/\",\"url\":\"https:\\\/\\\/cdu-kaarst.de\\\/wp-content\\\/uploads\\\/cdu-gesamtlogo.png\",\"contentUrl\":\"https:\\\/\\\/cdu-kaarst.de\\\/wp-content\\\/uploads\\\/cdu-gesamtlogo.png\",\"width\":418,\"height\":120,\"caption\":\"CDU Kaarst-B\u00fcttgen\"},\"image\":{\"@id\":\"https:\\\/\\\/cdu-kaarst.de\\\/#\\\/schema\\\/logo\\\/image\\\/\"}}]}<\/script>\n<!-- \/ Yoast SEO plugin. -->","yoast_head_json":{"title":"\"RAT\"sam - Das Vor-Ratssitzungs-Gespr\u00e4ch f\u00fcr den Stadtrat - CDU Kaarst-B\u00fcttgen","robots":{"index":"noindex","follow":"follow"},"og_locale":"en_GB","og_type":"article","og_title":"\"RAT\"sam - Das Vor-Ratssitzungs-Gespr\u00e4ch f\u00fcr den Stadtrat - CDU Kaarst-B\u00fcttgen","og_description":"Vor jeder Ratssitzung stehen wir bereit, um Ihre Anliegen aufzunehmen und aufzubereiten. Wir setzen uns daf\u00fcr ein, Ihre Themen im Stadtrat anzusprechen und nachzuhaken. Selbstverst\u00e4ndlich informieren wir Sie im n\u00e4chsten Termin oder auch pers\u00f6nlich \u00fcber die Ergebnisse und Antworten. Link: Sitzungskalender im Ratsinformationssystem der Stadt Kaarst Bitte beachten Sie, dass der Sitzungskalender im Ratsinformationssystem der [&hellip;]","og_url":"https:\/\/cdu-kaarst.de\/en\/termin\/ratsam-gemeinsam-im-gespraech-bleiben-fuer-den-stadtrat-am-31-oktober\/","og_site_name":"CDU Kaarst-B\u00fcttgen","article_modified_time":"2024-11-11T10:33:36+00:00","og_image":[{"width":1080,"height":1080,"url":"https:\/\/cdu-kaarst.de\/wp-content\/uploads\/WhatsApp-Bild-2024-10-13-um-17.09.27_9a4dbeb2.jpg","type":"image\/jpeg"}],"twitter_card":"summary_large_image","schema":{"@context":"https:\/\/schema.org","@graph":[{"@type":"WebPage","@id":"https:\/\/cdu-kaarst.de\/termin\/ratsam-gemeinsam-im-gespraech-bleiben-fuer-den-stadtrat-am-31-oktober\/","url":"https:\/\/cdu-kaarst.de\/termin\/ratsam-gemeinsam-im-gespraech-bleiben-fuer-den-stadtrat-am-31-oktober\/","name":"\"RAT\"sam - Das Vor-Ratssitzungs-Gespr\u00e4ch f\u00fcr den Stadtrat - CDU Kaarst-B\u00fcttgen","isPartOf":{"@id":"https:\/\/cdu-kaarst.de\/#website"},"primaryImageOfPage":{"@id":"https:\/\/cdu-kaarst.de\/termin\/ratsam-gemeinsam-im-gespraech-bleiben-fuer-den-stadtrat-am-31-oktober\/#primaryimage"},"image":{"@id":"https:\/\/cdu-kaarst.de\/termin\/ratsam-gemeinsam-im-gespraech-bleiben-fuer-den-stadtrat-am-31-oktober\/#primaryimage"},"thumbnailUrl":"https:\/\/cdu-kaarst.de\/wp-content\/uploads\/WhatsApp-Bild-2024-10-13-um-17.09.27_9a4dbeb2.jpg","datePublished":"2024-10-14T10:27:41+00:00","dateModified":"2024-11-11T10:33:36+00:00","breadcrumb":{"@id":"https:\/\/cdu-kaarst.de\/termin\/ratsam-gemeinsam-im-gespraech-bleiben-fuer-den-stadtrat-am-31-oktober\/#breadcrumb"},"inLanguage":"en-GB","potentialAction":[{"@type":"ReadAction","target":["https:\/\/cdu-kaarst.de\/termin\/ratsam-gemeinsam-im-gespraech-bleiben-fuer-den-stadtrat-am-31-oktober\/"]}]},{"@type":"ImageObject","inLanguage":"en-GB","@id":"https:\/\/cdu-kaarst.de\/termin\/ratsam-gemeinsam-im-gespraech-bleiben-fuer-den-stadtrat-am-31-oktober\/#primaryimage","url":"https:\/\/cdu-kaarst.de\/wp-content\/uploads\/WhatsApp-Bild-2024-10-13-um-17.09.27_9a4dbeb2.jpg","contentUrl":"https:\/\/cdu-kaarst.de\/wp-content\/uploads\/WhatsApp-Bild-2024-10-13-um-17.09.27_9a4dbeb2.jpg","width":1080,"height":1080},{"@type":"BreadcrumbList","@id":"https:\/\/cdu-kaarst.de\/termin\/ratsam-gemeinsam-im-gespraech-bleiben-fuer-den-stadtrat-am-31-oktober\/#breadcrumb","itemListElement":[{"@type":"ListItem","position":1,"name":"Startseite","item":"https:\/\/cdu-kaarst.de\/"},{"@type":"ListItem","position":2,"name":"Termin","item":"https:\/\/cdu-kaarst.de\/termin\/"},{"@type":"ListItem","position":3,"name":"&#8220;RAT&#8221;sam &#8211; Das Vor-Ratssitzungs-Gespr\u00e4ch f\u00fcr den Stadtrat"}]},{"@type":"WebSite","@id":"https:\/\/cdu-kaarst.de\/#website","url":"https:\/\/cdu-kaarst.de\/","name":"CDU Kaarst-B\u00fcttgen","description":"living well in Kaarst","publisher":{"@id":"https:\/\/cdu-kaarst.de\/#organization"},"potentialAction":[{"@type":"SearchAction","target":{"@type":"EntryPoint","urlTemplate":"https:\/\/cdu-kaarst.de\/?s={search_term_string}"},"query-input":{"@type":"PropertyValueSpecification","valueRequired":true,"valueName":"search_term_string"}}],"inLanguage":"en-GB"},{"@type":"Organization","@id":"https:\/\/cdu-kaarst.de\/#organization","name":"CDU Kaarst-B\u00fcttgen","url":"https:\/\/cdu-kaarst.de\/","logo":{"@type":"ImageObject","inLanguage":"en-GB","@id":"https:\/\/cdu-kaarst.de\/#\/schema\/logo\/image\/","url":"https:\/\/cdu-kaarst.de\/wp-content\/uploads\/cdu-gesamtlogo.png","contentUrl":"https:\/\/cdu-kaarst.de\/wp-content\/uploads\/cdu-gesamtlogo.png","width":418,"height":120,"caption":"CDU Kaarst-B\u00fcttgen"},"image":{"@id":"https:\/\/cdu-kaarst.de\/#\/schema\/logo\/image\/"}}]}},"_links":{"self":[{"href":"https:\/\/cdu-kaarst.de\/en\/wp-json\/wp\/v2\/termin\/5105","targetHints":{"allow":["GET"]}}],"collection":[{"href":"https:\/\/cdu-kaarst.de\/en\/wp-json\/wp\/v2\/termin"}],"about":[{"href":"https:\/\/cdu-kaarst.de\/en\/wp-json\/wp\/v2\/types\/termin"}],"wp:featuredmedia":[{"embeddable":true,"href":"https:\/\/cdu-kaarst.de\/en\/wp-json\/wp\/v2\/media\/5106"}],"wp:attachment":[{"href":"https:\/\/cdu-kaarst.de\/en\/wp-json\/wp\/v2\/media?parent=5105"}],"wp:term":[{"taxonomy":"gemeinschaften","embeddable":true,"href":"https:\/\/cdu-kaarst.de\/en\/wp-json\/wp\/v2\/gemeinschaften?post=5105"}],"curies":[{"name":"wp","href":"https:\/\/api.w.org\/{rel}","templated":true}]}}

Nahkauf Lange Königstraße 10, 41564 Kaarst

Königstraße 10, 41564 Kaarst

<!-- This site is optimized with the Yoast SEO plugin v27.4 - https://yoast.com/product/yoast-seo-wordpress/ -->
<title>&quot;RAT&quot;sam - Das Vor-Ratssitzungs-Gespräch für den Stadtrat - CDU Kaarst-Büttgen</title>
<meta name="robots" content="noindex, follow" />
<meta property="og:locale" content="en_GB" />
<meta property="og:type" content="article" />
<meta property="og:title" content="&quot;RAT&quot;sam - Das Vor-Ratssitzungs-Gespräch für den Stadtrat - CDU Kaarst-Büttgen" />
<meta property="og:description" content="Vor jeder Ratssitzung stehen wir bereit, um Ihre Anliegen aufzunehmen und aufzubereiten. Wir setzen uns dafür ein, Ihre Themen im Stadtrat anzusprechen und nachzuhaken. Selbstverständlich informieren wir Sie im nächsten Termin oder auch persönlich über die Ergebnisse und Antworten. Link: Sitzungskalender im Ratsinformationssystem der Stadt Kaarst Bitte beachten Sie, dass der Sitzungskalender im Ratsinformationssystem der [&hellip;]" />
<meta property="og:url" content="https://cdu-kaarst.de/en/termin/ratsam-gemeinsam-im-gespraech-bleiben-fuer-den-stadtrat-am-31-oktober/" />
<meta property="og:site_name" content="CDU Kaarst-Büttgen" />
<meta property="article:modified_time" content="2024-11-11T10:33:36+00:00" />
<meta property="og:image" content="https://cdu-kaarst.de/wp-content/uploads/WhatsApp-Bild-2024-10-13-um-17.09.27_9a4dbeb2.jpg" />
	<meta property="og:image:width" content="1080" />
	<meta property="og:image:height" content="1080" />
	<meta property="og:image:type" content="image/jpeg" />
<meta name="twitter:card" content="summary_large_image" />
<script type="application/ld+json" class="yoast-schema-graph">{"@context":"https:\/\/schema.org","@graph":[{"@type":"WebPage","@id":"https:\/\/cdu-kaarst.de\/termin\/ratsam-gemeinsam-im-gespraech-bleiben-fuer-den-stadtrat-am-31-oktober\/","url":"https:\/\/cdu-kaarst.de\/termin\/ratsam-gemeinsam-im-gespraech-bleiben-fuer-den-stadtrat-am-31-oktober\/","name":"\"RAT\"sam - Das Vor-Ratssitzungs-Gespräch für den Stadtrat - CDU Kaarst-Büttgen","isPartOf":{"@id":"https:\/\/cdu-kaarst.de\/#website"},"primaryImageOfPage":{"@id":"https:\/\/cdu-kaarst.de\/termin\/ratsam-gemeinsam-im-gespraech-bleiben-fuer-den-stadtrat-am-31-oktober\/#primaryimage"},"image":{"@id":"https:\/\/cdu-kaarst.de\/termin\/ratsam-gemeinsam-im-gespraech-bleiben-fuer-den-stadtrat-am-31-oktober\/#primaryimage"},"thumbnailUrl":"https:\/\/cdu-kaarst.de\/wp-content\/uploads\/WhatsApp-Bild-2024-10-13-um-17.09.27_9a4dbeb2.jpg","datePublished":"2024-10-14T10:27:41+00:00","dateModified":"2024-11-11T10:33:36+00:00","breadcrumb":{"@id":"https:\/\/cdu-kaarst.de\/termin\/ratsam-gemeinsam-im-gespraech-bleiben-fuer-den-stadtrat-am-31-oktober\/#breadcrumb"},"inLanguage":"en-GB","potentialAction":[{"@type":"ReadAction","target":["https:\/\/cdu-kaarst.de\/termin\/ratsam-gemeinsam-im-gespraech-bleiben-fuer-den-stadtrat-am-31-oktober\/"]}]},{"@type":"ImageObject","inLanguage":"en-GB","@id":"https:\/\/cdu-kaarst.de\/termin\/ratsam-gemeinsam-im-gespraech-bleiben-fuer-den-stadtrat-am-31-oktober\/#primaryimage","url":"https:\/\/cdu-kaarst.de\/wp-content\/uploads\/WhatsApp-Bild-2024-10-13-um-17.09.27_9a4dbeb2.jpg","contentUrl":"https:\/\/cdu-kaarst.de\/wp-content\/uploads\/WhatsApp-Bild-2024-10-13-um-17.09.27_9a4dbeb2.jpg","width":1080,"height":1080},{"@type":"BreadcrumbList","@id":"https:\/\/cdu-kaarst.de\/termin\/ratsam-gemeinsam-im-gespraech-bleiben-fuer-den-stadtrat-am-31-oktober\/#breadcrumb","itemListElement":[{"@type":"ListItem","position":1,"name":"Startseite","item":"https:\/\/cdu-kaarst.de\/"},{"@type":"ListItem","position":2,"name":"Termin","item":"https:\/\/cdu-kaarst.de\/termin\/"},{"@type":"ListItem","position":3,"name":"&#8220;RAT&#8221;sam &#8211; Das Vor-Ratssitzungs-Gespräch für den Stadtrat"}]},{"@type":"WebSite","@id":"https:\/\/cdu-kaarst.de\/#website","url":"https:\/\/cdu-kaarst.de\/","name":"CDU Kaarst-Büttgen","description":"gut Leben in Kaarst","publisher":{"@id":"https:\/\/cdu-kaarst.de\/#organization"},"potentialAction":[{"@type":"SearchAction","target":{"@type":"EntryPoint","urlTemplate":"https:\/\/cdu-kaarst.de\/?s={search_term_string}"},"query-input":{"@type":"PropertyValueSpecification","valueRequired":true,"valueName":"search_term_string"}}],"inLanguage":"en-GB"},{"@type":"Organization","@id":"https:\/\/cdu-kaarst.de\/#organization","name":"CDU Kaarst-Büttgen","url":"https:\/\/cdu-kaarst.de\/","logo":{"@type":"ImageObject","inLanguage":"en-GB","@id":"https:\/\/cdu-kaarst.de\/#\/schema\/logo\/image\/","url":"https:\/\/cdu-kaarst.de\/wp-content\/uploads\/cdu-gesamtlogo.png","contentUrl":"https:\/\/cdu-kaarst.de\/wp-content\/uploads\/cdu-gesamtlogo.png","width":418,"height":120,"caption":"CDU Kaarst-Büttgen"},"image":{"@id":"https:\/\/cdu-kaarst.de\/#\/schema\/logo\/image\/"}}]}</script>
<!-- / Yoast SEO plugin. -->

"RAT"sam - Das Vor-Ratssitzungs-Gespräch für den Stadtrat - CDU Kaarst-Büttgen

Vor jeder Ratssitzung stehen wir bereit, um Ihre Anliegen aufzunehmen und aufzubereiten. Wir setzen uns dafür ein, Ihre Themen im Stadtrat anzusprechen und nachzuhaken. Selbstverständlich informieren wir Sie im nächsten Termin oder auch persönlich über die Ergebnisse und Antworten. Link: Sitzungskalender im Ratsinformationssystem der Stadt Kaarst Bitte beachten Sie, dass der Sitzungskalender im Ratsinformationssystem der [&hellip;]

CDU Kaarst-Büttgen

&#8220;RAT&#8221;sam &#8211; Das Vor-Ratssitzungs-Gespräch für den Stadtrat
