{"id":6113,"date":"2025-02-17T12:18:57","date_gmt":"2025-02-17T11:18:57","guid":{"rendered":"https:\/\/cdu-kaarst.de\/?post_type=termin&#038;p=6113"},"modified":"2025-03-17T08:47:55","modified_gmt":"2025-03-17T07:47:55","slug":"pink-breakfast-der-cdu-frauen","status":"publish","type":"termin","link":"https:\/\/cdu-kaarst.de\/en\/termin\/pink-breakfast-der-cdu-frauen\/","title":{"rendered":"Pink Breakfast organised by the CDU women"},"content":{"rendered":"<p>We want to enjoy breakfast with you in peace and quiet and get into conversation. A warm invitation to all interested women to the<\/p>\n<p><strong>Pink Breakfast<\/strong><br \/>\n<strong>Saturday, 5 April 2025, 10:00 a.m.<\/strong><br \/>\n<strong>CDU office, Alte Heerstr. 57, Kaarst<\/strong><\/p>\n<p>The office is located on the 1st floor and <strong>is not barrier-free<\/strong>.<\/p>\n<p>At the suggestion of the breakfast participants, we will set up a piggy bank: Anyone who likes can make a small contribution as a food subsidy.<\/p>\n<p>For our planning <strong>please send your confirmation by 1 April 2025 to<\/strong><\/p>\n<p><a href=\"mailto:karin.orlich@cdu-kaarst.de\">karin.orlich@cdu-kaarst.de<\/a><br \/>\n<a href=\"tel:0213163588\">02131\/ 6 35 88<\/a> (answering machine).<\/p>\n<p>We look forward to seeing you!<\/p>","protected":false},"featured_media":5157,"template":"","meta":{"datum":1743811200,"uhr":"08:00","bis":"","platz":"CDU-Gesch\u00e4ftsstelle","adresse":"Alte Heerstr. 57, Kaarst","button-text":"Mehr Erfahren","einladung-herunterladen":"https:\/\/cdu-kaarst.de\/wp-content\/uploads\/cdu-kaarst-pink_breakfast_2025-04-05.pdf"},"gemeinschaften":[],"class_list":["post-6113","termin","type-termin","status-publish","has-post-thumbnail","hentry"],"yoast_head":"<!-- This site is optimized with the Yoast SEO plugin v27.4 - https:\/\/yoast.com\/product\/yoast-seo-wordpress\/ -->\n<title>Pink-Breakfast der CDU-Frauen - CDU Kaarst-B\u00fcttgen<\/title>\n<meta name=\"robots\" content=\"noindex, follow\" \/>\n<meta property=\"og:locale\" content=\"en_GB\" \/>\n<meta property=\"og:type\" content=\"article\" \/>\n<meta property=\"og:title\" content=\"Pink-Breakfast der CDU-Frauen - CDU Kaarst-B\u00fcttgen\" \/>\n<meta property=\"og:description\" content=\"Wir wollen mit Ihnen in aller Ruhe das Fr\u00fchst\u00fcck genie\u00dfen und ins Gespr\u00e4ch kommen. Herzliche Einladung an alle interessierten Frauen zum Pink Breakfast Samstag, 5. April 2025, 10:00 Uhr CDU-Gesch\u00e4ftsstelle, Alte Heerstr. 57, Kaarst Die Gesch\u00e4ftsstelle befindet sich im 1. Obergeschoss und ist nicht barrierefrei. Wir werden auf Anregung der Fr\u00fchst\u00fccksteilnehmerinnen ein Sparschwein aufstellen: Wer [&hellip;]\" \/>\n<meta property=\"og:url\" content=\"https:\/\/cdu-kaarst.de\/en\/termin\/pink-breakfast-der-cdu-frauen\/\" \/>\n<meta property=\"og:site_name\" content=\"CDU Kaarst-B\u00fcttgen\" \/>\n<meta property=\"article:modified_time\" content=\"2025-03-17T07:47:55+00:00\" \/>\n<meta property=\"og:image\" content=\"https:\/\/cdu-kaarst.de\/wp-content\/uploads\/cdu-frauen-union-termine.jpg\" \/>\n\t<meta property=\"og:image:width\" content=\"1080\" \/>\n\t<meta property=\"og:image:height\" content=\"648\" \/>\n\t<meta property=\"og:image:type\" content=\"image\/jpeg\" \/>\n<meta name=\"twitter:card\" content=\"summary_large_image\" \/>\n<script type=\"application\/ld+json\" class=\"yoast-schema-graph\">{\"@context\":\"https:\\\/\\\/schema.org\",\"@graph\":[{\"@type\":\"WebPage\",\"@id\":\"https:\\\/\\\/cdu-kaarst.de\\\/termin\\\/pink-breakfast-der-cdu-frauen\\\/\",\"url\":\"https:\\\/\\\/cdu-kaarst.de\\\/termin\\\/pink-breakfast-der-cdu-frauen\\\/\",\"name\":\"Pink-Breakfast der CDU-Frauen - CDU Kaarst-B\u00fcttgen\",\"isPartOf\":{\"@id\":\"https:\\\/\\\/cdu-kaarst.de\\\/#website\"},\"primaryImageOfPage\":{\"@id\":\"https:\\\/\\\/cdu-kaarst.de\\\/termin\\\/pink-breakfast-der-cdu-frauen\\\/#primaryimage\"},\"image\":{\"@id\":\"https:\\\/\\\/cdu-kaarst.de\\\/termin\\\/pink-breakfast-der-cdu-frauen\\\/#primaryimage\"},\"thumbnailUrl\":\"https:\\\/\\\/cdu-kaarst.de\\\/wp-content\\\/uploads\\\/cdu-frauen-union-termine.jpg\",\"datePublished\":\"2025-02-17T11:18:57+00:00\",\"dateModified\":\"2025-03-17T07:47:55+00:00\",\"breadcrumb\":{\"@id\":\"https:\\\/\\\/cdu-kaarst.de\\\/termin\\\/pink-breakfast-der-cdu-frauen\\\/#breadcrumb\"},\"inLanguage\":\"en-GB\",\"potentialAction\":[{\"@type\":\"ReadAction\",\"target\":[\"https:\\\/\\\/cdu-kaarst.de\\\/termin\\\/pink-breakfast-der-cdu-frauen\\\/\"]}]},{\"@type\":\"ImageObject\",\"inLanguage\":\"en-GB\",\"@id\":\"https:\\\/\\\/cdu-kaarst.de\\\/termin\\\/pink-breakfast-der-cdu-frauen\\\/#primaryimage\",\"url\":\"https:\\\/\\\/cdu-kaarst.de\\\/wp-content\\\/uploads\\\/cdu-frauen-union-termine.jpg\",\"contentUrl\":\"https:\\\/\\\/cdu-kaarst.de\\\/wp-content\\\/uploads\\\/cdu-frauen-union-termine.jpg\",\"width\":1080,\"height\":648},{\"@type\":\"BreadcrumbList\",\"@id\":\"https:\\\/\\\/cdu-kaarst.de\\\/termin\\\/pink-breakfast-der-cdu-frauen\\\/#breadcrumb\",\"itemListElement\":[{\"@type\":\"ListItem\",\"position\":1,\"name\":\"Startseite\",\"item\":\"https:\\\/\\\/cdu-kaarst.de\\\/\"},{\"@type\":\"ListItem\",\"position\":2,\"name\":\"Termin\",\"item\":\"https:\\\/\\\/cdu-kaarst.de\\\/termin\\\/\"},{\"@type\":\"ListItem\",\"position\":3,\"name\":\"Pink-Breakfast der CDU-Frauen\"}]},{\"@type\":\"WebSite\",\"@id\":\"https:\\\/\\\/cdu-kaarst.de\\\/#website\",\"url\":\"https:\\\/\\\/cdu-kaarst.de\\\/\",\"name\":\"CDU Kaarst-B\u00fcttgen\",\"description\":\"gut Leben in Kaarst\",\"publisher\":{\"@id\":\"https:\\\/\\\/cdu-kaarst.de\\\/#organization\"},\"potentialAction\":[{\"@type\":\"SearchAction\",\"target\":{\"@type\":\"EntryPoint\",\"urlTemplate\":\"https:\\\/\\\/cdu-kaarst.de\\\/?s={search_term_string}\"},\"query-input\":{\"@type\":\"PropertyValueSpecification\",\"valueRequired\":true,\"valueName\":\"search_term_string\"}}],\"inLanguage\":\"en-GB\"},{\"@type\":\"Organization\",\"@id\":\"https:\\\/\\\/cdu-kaarst.de\\\/#organization\",\"name\":\"CDU Kaarst-B\u00fcttgen\",\"url\":\"https:\\\/\\\/cdu-kaarst.de\\\/\",\"logo\":{\"@type\":\"ImageObject\",\"inLanguage\":\"en-GB\",\"@id\":\"https:\\\/\\\/cdu-kaarst.de\\\/#\\\/schema\\\/logo\\\/image\\\/\",\"url\":\"https:\\\/\\\/cdu-kaarst.de\\\/wp-content\\\/uploads\\\/cdu-gesamtlogo.png\",\"contentUrl\":\"https:\\\/\\\/cdu-kaarst.de\\\/wp-content\\\/uploads\\\/cdu-gesamtlogo.png\",\"width\":418,\"height\":120,\"caption\":\"CDU Kaarst-B\u00fcttgen\"},\"image\":{\"@id\":\"https:\\\/\\\/cdu-kaarst.de\\\/#\\\/schema\\\/logo\\\/image\\\/\"}}]}<\/script>\n<!-- \/ Yoast SEO plugin. -->","yoast_head_json":{"title":"Pink-Breakfast der CDU-Frauen - CDU Kaarst-B\u00fcttgen","robots":{"index":"noindex","follow":"follow"},"og_locale":"en_GB","og_type":"article","og_title":"Pink-Breakfast der CDU-Frauen - CDU Kaarst-B\u00fcttgen","og_description":"Wir wollen mit Ihnen in aller Ruhe das Fr\u00fchst\u00fcck genie\u00dfen und ins Gespr\u00e4ch kommen. Herzliche Einladung an alle interessierten Frauen zum Pink Breakfast Samstag, 5. April 2025, 10:00 Uhr CDU-Gesch\u00e4ftsstelle, Alte Heerstr. 57, Kaarst Die Gesch\u00e4ftsstelle befindet sich im 1. Obergeschoss und ist nicht barrierefrei. Wir werden auf Anregung der Fr\u00fchst\u00fccksteilnehmerinnen ein Sparschwein aufstellen: Wer [&hellip;]","og_url":"https:\/\/cdu-kaarst.de\/en\/termin\/pink-breakfast-der-cdu-frauen\/","og_site_name":"CDU Kaarst-B\u00fcttgen","article_modified_time":"2025-03-17T07:47:55+00:00","og_image":[{"width":1080,"height":648,"url":"https:\/\/cdu-kaarst.de\/wp-content\/uploads\/cdu-frauen-union-termine.jpg","type":"image\/jpeg"}],"twitter_card":"summary_large_image","schema":{"@context":"https:\/\/schema.org","@graph":[{"@type":"WebPage","@id":"https:\/\/cdu-kaarst.de\/termin\/pink-breakfast-der-cdu-frauen\/","url":"https:\/\/cdu-kaarst.de\/termin\/pink-breakfast-der-cdu-frauen\/","name":"Pink-Breakfast der CDU-Frauen - CDU Kaarst-B\u00fcttgen","isPartOf":{"@id":"https:\/\/cdu-kaarst.de\/#website"},"primaryImageOfPage":{"@id":"https:\/\/cdu-kaarst.de\/termin\/pink-breakfast-der-cdu-frauen\/#primaryimage"},"image":{"@id":"https:\/\/cdu-kaarst.de\/termin\/pink-breakfast-der-cdu-frauen\/#primaryimage"},"thumbnailUrl":"https:\/\/cdu-kaarst.de\/wp-content\/uploads\/cdu-frauen-union-termine.jpg","datePublished":"2025-02-17T11:18:57+00:00","dateModified":"2025-03-17T07:47:55+00:00","breadcrumb":{"@id":"https:\/\/cdu-kaarst.de\/termin\/pink-breakfast-der-cdu-frauen\/#breadcrumb"},"inLanguage":"en-GB","potentialAction":[{"@type":"ReadAction","target":["https:\/\/cdu-kaarst.de\/termin\/pink-breakfast-der-cdu-frauen\/"]}]},{"@type":"ImageObject","inLanguage":"en-GB","@id":"https:\/\/cdu-kaarst.de\/termin\/pink-breakfast-der-cdu-frauen\/#primaryimage","url":"https:\/\/cdu-kaarst.de\/wp-content\/uploads\/cdu-frauen-union-termine.jpg","contentUrl":"https:\/\/cdu-kaarst.de\/wp-content\/uploads\/cdu-frauen-union-termine.jpg","width":1080,"height":648},{"@type":"BreadcrumbList","@id":"https:\/\/cdu-kaarst.de\/termin\/pink-breakfast-der-cdu-frauen\/#breadcrumb","itemListElement":[{"@type":"ListItem","position":1,"name":"Startseite","item":"https:\/\/cdu-kaarst.de\/"},{"@type":"ListItem","position":2,"name":"Termin","item":"https:\/\/cdu-kaarst.de\/termin\/"},{"@type":"ListItem","position":3,"name":"Pink-Breakfast der CDU-Frauen"}]},{"@type":"WebSite","@id":"https:\/\/cdu-kaarst.de\/#website","url":"https:\/\/cdu-kaarst.de\/","name":"CDU Kaarst-B\u00fcttgen","description":"living well in Kaarst","publisher":{"@id":"https:\/\/cdu-kaarst.de\/#organization"},"potentialAction":[{"@type":"SearchAction","target":{"@type":"EntryPoint","urlTemplate":"https:\/\/cdu-kaarst.de\/?s={search_term_string}"},"query-input":{"@type":"PropertyValueSpecification","valueRequired":true,"valueName":"search_term_string"}}],"inLanguage":"en-GB"},{"@type":"Organization","@id":"https:\/\/cdu-kaarst.de\/#organization","name":"CDU Kaarst-B\u00fcttgen","url":"https:\/\/cdu-kaarst.de\/","logo":{"@type":"ImageObject","inLanguage":"en-GB","@id":"https:\/\/cdu-kaarst.de\/#\/schema\/logo\/image\/","url":"https:\/\/cdu-kaarst.de\/wp-content\/uploads\/cdu-gesamtlogo.png","contentUrl":"https:\/\/cdu-kaarst.de\/wp-content\/uploads\/cdu-gesamtlogo.png","width":418,"height":120,"caption":"CDU Kaarst-B\u00fcttgen"},"image":{"@id":"https:\/\/cdu-kaarst.de\/#\/schema\/logo\/image\/"}}]}},"_links":{"self":[{"href":"https:\/\/cdu-kaarst.de\/en\/wp-json\/wp\/v2\/termin\/6113","targetHints":{"allow":["GET"]}}],"collection":[{"href":"https:\/\/cdu-kaarst.de\/en\/wp-json\/wp\/v2\/termin"}],"about":[{"href":"https:\/\/cdu-kaarst.de\/en\/wp-json\/wp\/v2\/types\/termin"}],"wp:featuredmedia":[{"embeddable":true,"href":"https:\/\/cdu-kaarst.de\/en\/wp-json\/wp\/v2\/media\/5157"}],"wp:attachment":[{"href":"https:\/\/cdu-kaarst.de\/en\/wp-json\/wp\/v2\/media?parent=6113"}],"wp:term":[{"taxonomy":"gemeinschaften","embeddable":true,"href":"https:\/\/cdu-kaarst.de\/en\/wp-json\/wp\/v2\/gemeinschaften?post=6113"}],"curies":[{"name":"wp","href":"https:\/\/api.w.org\/{rel}","templated":true}]}}

CDU-Geschäftsstelle

<!-- This site is optimized with the Yoast SEO plugin v27.4 - https://yoast.com/product/yoast-seo-wordpress/ -->
<title>Pink-Breakfast der CDU-Frauen - CDU Kaarst-Büttgen</title>
<meta name="robots" content="noindex, follow" />
<meta property="og:locale" content="en_GB" />
<meta property="og:type" content="article" />
<meta property="og:title" content="Pink-Breakfast der CDU-Frauen - CDU Kaarst-Büttgen" />
<meta property="og:description" content="Wir wollen mit Ihnen in aller Ruhe das Frühstück genießen und ins Gespräch kommen. Herzliche Einladung an alle interessierten Frauen zum Pink Breakfast Samstag, 5. April 2025, 10:00 Uhr CDU-Geschäftsstelle, Alte Heerstr. 57, Kaarst Die Geschäftsstelle befindet sich im 1. Obergeschoss und ist nicht barrierefrei. Wir werden auf Anregung der Frühstücksteilnehmerinnen ein Sparschwein aufstellen: Wer [&hellip;]" />
<meta property="og:url" content="https://cdu-kaarst.de/en/termin/pink-breakfast-der-cdu-frauen/" />
<meta property="og:site_name" content="CDU Kaarst-Büttgen" />
<meta property="article:modified_time" content="2025-03-17T07:47:55+00:00" />
<meta property="og:image" content="https://cdu-kaarst.de/wp-content/uploads/cdu-frauen-union-termine.jpg" />
	<meta property="og:image:width" content="1080" />
	<meta property="og:image:height" content="648" />
	<meta property="og:image:type" content="image/jpeg" />
<meta name="twitter:card" content="summary_large_image" />
<script type="application/ld+json" class="yoast-schema-graph">{"@context":"https:\/\/schema.org","@graph":[{"@type":"WebPage","@id":"https:\/\/cdu-kaarst.de\/termin\/pink-breakfast-der-cdu-frauen\/","url":"https:\/\/cdu-kaarst.de\/termin\/pink-breakfast-der-cdu-frauen\/","name":"Pink-Breakfast der CDU-Frauen - CDU Kaarst-Büttgen","isPartOf":{"@id":"https:\/\/cdu-kaarst.de\/#website"},"primaryImageOfPage":{"@id":"https:\/\/cdu-kaarst.de\/termin\/pink-breakfast-der-cdu-frauen\/#primaryimage"},"image":{"@id":"https:\/\/cdu-kaarst.de\/termin\/pink-breakfast-der-cdu-frauen\/#primaryimage"},"thumbnailUrl":"https:\/\/cdu-kaarst.de\/wp-content\/uploads\/cdu-frauen-union-termine.jpg","datePublished":"2025-02-17T11:18:57+00:00","dateModified":"2025-03-17T07:47:55+00:00","breadcrumb":{"@id":"https:\/\/cdu-kaarst.de\/termin\/pink-breakfast-der-cdu-frauen\/#breadcrumb"},"inLanguage":"en-GB","potentialAction":[{"@type":"ReadAction","target":["https:\/\/cdu-kaarst.de\/termin\/pink-breakfast-der-cdu-frauen\/"]}]},{"@type":"ImageObject","inLanguage":"en-GB","@id":"https:\/\/cdu-kaarst.de\/termin\/pink-breakfast-der-cdu-frauen\/#primaryimage","url":"https:\/\/cdu-kaarst.de\/wp-content\/uploads\/cdu-frauen-union-termine.jpg","contentUrl":"https:\/\/cdu-kaarst.de\/wp-content\/uploads\/cdu-frauen-union-termine.jpg","width":1080,"height":648},{"@type":"BreadcrumbList","@id":"https:\/\/cdu-kaarst.de\/termin\/pink-breakfast-der-cdu-frauen\/#breadcrumb","itemListElement":[{"@type":"ListItem","position":1,"name":"Startseite","item":"https:\/\/cdu-kaarst.de\/"},{"@type":"ListItem","position":2,"name":"Termin","item":"https:\/\/cdu-kaarst.de\/termin\/"},{"@type":"ListItem","position":3,"name":"Pink-Breakfast der CDU-Frauen"}]},{"@type":"WebSite","@id":"https:\/\/cdu-kaarst.de\/#website","url":"https:\/\/cdu-kaarst.de\/","name":"CDU Kaarst-Büttgen","description":"gut Leben in Kaarst","publisher":{"@id":"https:\/\/cdu-kaarst.de\/#organization"},"potentialAction":[{"@type":"SearchAction","target":{"@type":"EntryPoint","urlTemplate":"https:\/\/cdu-kaarst.de\/?s={search_term_string}"},"query-input":{"@type":"PropertyValueSpecification","valueRequired":true,"valueName":"search_term_string"}}],"inLanguage":"en-GB"},{"@type":"Organization","@id":"https:\/\/cdu-kaarst.de\/#organization","name":"CDU Kaarst-Büttgen","url":"https:\/\/cdu-kaarst.de\/","logo":{"@type":"ImageObject","inLanguage":"en-GB","@id":"https:\/\/cdu-kaarst.de\/#\/schema\/logo\/image\/","url":"https:\/\/cdu-kaarst.de\/wp-content\/uploads\/cdu-gesamtlogo.png","contentUrl":"https:\/\/cdu-kaarst.de\/wp-content\/uploads\/cdu-gesamtlogo.png","width":418,"height":120,"caption":"CDU Kaarst-Büttgen"},"image":{"@id":"https:\/\/cdu-kaarst.de\/#\/schema\/logo\/image\/"}}]}</script>
<!-- / Yoast SEO plugin. -->

Pink-Breakfast der CDU-Frauen - CDU Kaarst-Büttgen

Wir wollen mit Ihnen in aller Ruhe das Frühstück genießen und ins Gespräch kommen. Herzliche Einladung an alle interessierten Frauen zum Pink Breakfast Samstag, 5. April 2025, 10:00 Uhr CDU-Geschäftsstelle, Alte Heerstr. 57, Kaarst Die Geschäftsstelle befindet sich im 1. Obergeschoss und ist nicht barrierefrei. Wir werden auf Anregung der Frühstücksteilnehmerinnen ein Sparschwein aufstellen: Wer [&hellip;]

CDU Kaarst-Büttgen
