{"id":6272,"date":"2025-03-04T09:55:47","date_gmt":"2025-03-04T08:55:47","guid":{"rendered":"https:\/\/cdu-kaarst.de\/?post_type=termin&#038;p=6272"},"modified":"2025-06-17T14:28:11","modified_gmt":"2025-06-17T12:28:11","slug":"ihre-anliegen-fuer-den-stadtrat-3","status":"publish","type":"termin","link":"https:\/\/cdu-kaarst.de\/en\/termin\/ihre-anliegen-fuer-den-stadtrat-3\/","title":{"rendered":"Your concerns for the city council"},"content":{"rendered":"<p><strong>WE take YOUR concerns to the city council - TOGETHER WE follow up<\/strong><\/p>\n<p>We are available to address your concerns before every council meeting. We take up your issues, prepare them and follow up with the city council. Of course, we will inform you of the results and answers at the next meeting or in person!<\/p>","protected":false},"featured_media":6269,"template":"","meta":{"datum":1757721600,"uhr":"07:30","bis":"09:00","platz":"Nahkauf Lange","adresse":"K\u00f6nigsstra\u00dfe 10, 41564 Kaarst","button-text":"Mehr Erfahren","einladung-herunterladen":"https:\/\/cdu-kaarst.de\/wp-content\/uploads\/cdu_flyer-ratsam_210x297mm_01-2025_RZ_ANSICHT.pdf"},"gemeinschaften":[],"class_list":["post-6272","termin","type-termin","status-publish","has-post-thumbnail","hentry"],"yoast_head":"<!-- This site is optimized with the Yoast SEO plugin v27.4 - https:\/\/yoast.com\/product\/yoast-seo-wordpress\/ -->\n<title>Ihre Anliegen f\u00fcr den Stadtrat - CDU Kaarst-B\u00fcttgen<\/title>\n<meta name=\"robots\" content=\"noindex, follow\" \/>\n<meta property=\"og:locale\" content=\"en_GB\" \/>\n<meta property=\"og:type\" content=\"article\" \/>\n<meta property=\"og:title\" content=\"Ihre Anliegen f\u00fcr den Stadtrat - CDU Kaarst-B\u00fcttgen\" \/>\n<meta property=\"og:description\" content=\"IHRE Anliegen nehmen WIR mit in den Stadtrat \u2013 GEMEINSAM haken WIR nach Wir stehen vor jeder Ratssitzung f\u00fcr Ihre Anliegen bereit. Wir nehmen Ihre Themen auf, bereiten sie auf und haken im Stadtrat nach. Selbstverst\u00e4ndlich informieren wir im n\u00e4chsten Termin oder pers\u00f6nlich \u00fcber die Ergebnisse und Antworten!\" \/>\n<meta property=\"og:url\" content=\"https:\/\/cdu-kaarst.de\/en\/termin\/ihre-anliegen-fuer-den-stadtrat-3\/\" \/>\n<meta property=\"og:site_name\" content=\"CDU Kaarst-B\u00fcttgen\" \/>\n<meta property=\"article:modified_time\" content=\"2025-06-17T12:28:11+00:00\" \/>\n<meta property=\"og:image\" content=\"https:\/\/cdu-kaarst.de\/wp-content\/uploads\/Thumb_.jpg\" \/>\n\t<meta property=\"og:image:width\" content=\"1024\" \/>\n\t<meta property=\"og:image:height\" content=\"1024\" \/>\n\t<meta property=\"og:image:type\" content=\"image\/jpeg\" \/>\n<meta name=\"twitter:card\" content=\"summary_large_image\" \/>\n<script type=\"application\/ld+json\" class=\"yoast-schema-graph\">{\"@context\":\"https:\\\/\\\/schema.org\",\"@graph\":[{\"@type\":\"WebPage\",\"@id\":\"https:\\\/\\\/cdu-kaarst.de\\\/termin\\\/ihre-anliegen-fuer-den-stadtrat-3\\\/\",\"url\":\"https:\\\/\\\/cdu-kaarst.de\\\/termin\\\/ihre-anliegen-fuer-den-stadtrat-3\\\/\",\"name\":\"Ihre Anliegen f\u00fcr den Stadtrat - CDU Kaarst-B\u00fcttgen\",\"isPartOf\":{\"@id\":\"https:\\\/\\\/cdu-kaarst.de\\\/#website\"},\"primaryImageOfPage\":{\"@id\":\"https:\\\/\\\/cdu-kaarst.de\\\/termin\\\/ihre-anliegen-fuer-den-stadtrat-3\\\/#primaryimage\"},\"image\":{\"@id\":\"https:\\\/\\\/cdu-kaarst.de\\\/termin\\\/ihre-anliegen-fuer-den-stadtrat-3\\\/#primaryimage\"},\"thumbnailUrl\":\"https:\\\/\\\/cdu-kaarst.de\\\/wp-content\\\/uploads\\\/Thumb_.jpg\",\"datePublished\":\"2025-03-04T08:55:47+00:00\",\"dateModified\":\"2025-06-17T12:28:11+00:00\",\"breadcrumb\":{\"@id\":\"https:\\\/\\\/cdu-kaarst.de\\\/termin\\\/ihre-anliegen-fuer-den-stadtrat-3\\\/#breadcrumb\"},\"inLanguage\":\"en-GB\",\"potentialAction\":[{\"@type\":\"ReadAction\",\"target\":[\"https:\\\/\\\/cdu-kaarst.de\\\/termin\\\/ihre-anliegen-fuer-den-stadtrat-3\\\/\"]}]},{\"@type\":\"ImageObject\",\"inLanguage\":\"en-GB\",\"@id\":\"https:\\\/\\\/cdu-kaarst.de\\\/termin\\\/ihre-anliegen-fuer-den-stadtrat-3\\\/#primaryimage\",\"url\":\"https:\\\/\\\/cdu-kaarst.de\\\/wp-content\\\/uploads\\\/Thumb_.jpg\",\"contentUrl\":\"https:\\\/\\\/cdu-kaarst.de\\\/wp-content\\\/uploads\\\/Thumb_.jpg\",\"width\":1024,\"height\":1024},{\"@type\":\"BreadcrumbList\",\"@id\":\"https:\\\/\\\/cdu-kaarst.de\\\/termin\\\/ihre-anliegen-fuer-den-stadtrat-3\\\/#breadcrumb\",\"itemListElement\":[{\"@type\":\"ListItem\",\"position\":1,\"name\":\"Startseite\",\"item\":\"https:\\\/\\\/cdu-kaarst.de\\\/\"},{\"@type\":\"ListItem\",\"position\":2,\"name\":\"Termin\",\"item\":\"https:\\\/\\\/cdu-kaarst.de\\\/termin\\\/\"},{\"@type\":\"ListItem\",\"position\":3,\"name\":\"Ihre Anliegen f\u00fcr den Stadtrat\"}]},{\"@type\":\"WebSite\",\"@id\":\"https:\\\/\\\/cdu-kaarst.de\\\/#website\",\"url\":\"https:\\\/\\\/cdu-kaarst.de\\\/\",\"name\":\"CDU Kaarst-B\u00fcttgen\",\"description\":\"gut Leben in Kaarst\",\"publisher\":{\"@id\":\"https:\\\/\\\/cdu-kaarst.de\\\/#organization\"},\"potentialAction\":[{\"@type\":\"SearchAction\",\"target\":{\"@type\":\"EntryPoint\",\"urlTemplate\":\"https:\\\/\\\/cdu-kaarst.de\\\/?s={search_term_string}\"},\"query-input\":{\"@type\":\"PropertyValueSpecification\",\"valueRequired\":true,\"valueName\":\"search_term_string\"}}],\"inLanguage\":\"en-GB\"},{\"@type\":\"Organization\",\"@id\":\"https:\\\/\\\/cdu-kaarst.de\\\/#organization\",\"name\":\"CDU Kaarst-B\u00fcttgen\",\"url\":\"https:\\\/\\\/cdu-kaarst.de\\\/\",\"logo\":{\"@type\":\"ImageObject\",\"inLanguage\":\"en-GB\",\"@id\":\"https:\\\/\\\/cdu-kaarst.de\\\/#\\\/schema\\\/logo\\\/image\\\/\",\"url\":\"https:\\\/\\\/cdu-kaarst.de\\\/wp-content\\\/uploads\\\/cdu-gesamtlogo.png\",\"contentUrl\":\"https:\\\/\\\/cdu-kaarst.de\\\/wp-content\\\/uploads\\\/cdu-gesamtlogo.png\",\"width\":418,\"height\":120,\"caption\":\"CDU Kaarst-B\u00fcttgen\"},\"image\":{\"@id\":\"https:\\\/\\\/cdu-kaarst.de\\\/#\\\/schema\\\/logo\\\/image\\\/\"}}]}<\/script>\n<!-- \/ Yoast SEO plugin. -->","yoast_head_json":{"title":"Ihre Anliegen f\u00fcr den Stadtrat - CDU Kaarst-B\u00fcttgen","robots":{"index":"noindex","follow":"follow"},"og_locale":"en_GB","og_type":"article","og_title":"Ihre Anliegen f\u00fcr den Stadtrat - CDU Kaarst-B\u00fcttgen","og_description":"IHRE Anliegen nehmen WIR mit in den Stadtrat \u2013 GEMEINSAM haken WIR nach Wir stehen vor jeder Ratssitzung f\u00fcr Ihre Anliegen bereit. Wir nehmen Ihre Themen auf, bereiten sie auf und haken im Stadtrat nach. Selbstverst\u00e4ndlich informieren wir im n\u00e4chsten Termin oder pers\u00f6nlich \u00fcber die Ergebnisse und Antworten!","og_url":"https:\/\/cdu-kaarst.de\/en\/termin\/ihre-anliegen-fuer-den-stadtrat-3\/","og_site_name":"CDU Kaarst-B\u00fcttgen","article_modified_time":"2025-06-17T12:28:11+00:00","og_image":[{"width":1024,"height":1024,"url":"https:\/\/cdu-kaarst.de\/wp-content\/uploads\/Thumb_.jpg","type":"image\/jpeg"}],"twitter_card":"summary_large_image","schema":{"@context":"https:\/\/schema.org","@graph":[{"@type":"WebPage","@id":"https:\/\/cdu-kaarst.de\/termin\/ihre-anliegen-fuer-den-stadtrat-3\/","url":"https:\/\/cdu-kaarst.de\/termin\/ihre-anliegen-fuer-den-stadtrat-3\/","name":"Ihre Anliegen f\u00fcr den Stadtrat - CDU Kaarst-B\u00fcttgen","isPartOf":{"@id":"https:\/\/cdu-kaarst.de\/#website"},"primaryImageOfPage":{"@id":"https:\/\/cdu-kaarst.de\/termin\/ihre-anliegen-fuer-den-stadtrat-3\/#primaryimage"},"image":{"@id":"https:\/\/cdu-kaarst.de\/termin\/ihre-anliegen-fuer-den-stadtrat-3\/#primaryimage"},"thumbnailUrl":"https:\/\/cdu-kaarst.de\/wp-content\/uploads\/Thumb_.jpg","datePublished":"2025-03-04T08:55:47+00:00","dateModified":"2025-06-17T12:28:11+00:00","breadcrumb":{"@id":"https:\/\/cdu-kaarst.de\/termin\/ihre-anliegen-fuer-den-stadtrat-3\/#breadcrumb"},"inLanguage":"en-GB","potentialAction":[{"@type":"ReadAction","target":["https:\/\/cdu-kaarst.de\/termin\/ihre-anliegen-fuer-den-stadtrat-3\/"]}]},{"@type":"ImageObject","inLanguage":"en-GB","@id":"https:\/\/cdu-kaarst.de\/termin\/ihre-anliegen-fuer-den-stadtrat-3\/#primaryimage","url":"https:\/\/cdu-kaarst.de\/wp-content\/uploads\/Thumb_.jpg","contentUrl":"https:\/\/cdu-kaarst.de\/wp-content\/uploads\/Thumb_.jpg","width":1024,"height":1024},{"@type":"BreadcrumbList","@id":"https:\/\/cdu-kaarst.de\/termin\/ihre-anliegen-fuer-den-stadtrat-3\/#breadcrumb","itemListElement":[{"@type":"ListItem","position":1,"name":"Startseite","item":"https:\/\/cdu-kaarst.de\/"},{"@type":"ListItem","position":2,"name":"Termin","item":"https:\/\/cdu-kaarst.de\/termin\/"},{"@type":"ListItem","position":3,"name":"Ihre Anliegen f\u00fcr den Stadtrat"}]},{"@type":"WebSite","@id":"https:\/\/cdu-kaarst.de\/#website","url":"https:\/\/cdu-kaarst.de\/","name":"CDU Kaarst-B\u00fcttgen","description":"living well in Kaarst","publisher":{"@id":"https:\/\/cdu-kaarst.de\/#organization"},"potentialAction":[{"@type":"SearchAction","target":{"@type":"EntryPoint","urlTemplate":"https:\/\/cdu-kaarst.de\/?s={search_term_string}"},"query-input":{"@type":"PropertyValueSpecification","valueRequired":true,"valueName":"search_term_string"}}],"inLanguage":"en-GB"},{"@type":"Organization","@id":"https:\/\/cdu-kaarst.de\/#organization","name":"CDU Kaarst-B\u00fcttgen","url":"https:\/\/cdu-kaarst.de\/","logo":{"@type":"ImageObject","inLanguage":"en-GB","@id":"https:\/\/cdu-kaarst.de\/#\/schema\/logo\/image\/","url":"https:\/\/cdu-kaarst.de\/wp-content\/uploads\/cdu-gesamtlogo.png","contentUrl":"https:\/\/cdu-kaarst.de\/wp-content\/uploads\/cdu-gesamtlogo.png","width":418,"height":120,"caption":"CDU Kaarst-B\u00fcttgen"},"image":{"@id":"https:\/\/cdu-kaarst.de\/#\/schema\/logo\/image\/"}}]}},"_links":{"self":[{"href":"https:\/\/cdu-kaarst.de\/en\/wp-json\/wp\/v2\/termin\/6272","targetHints":{"allow":["GET"]}}],"collection":[{"href":"https:\/\/cdu-kaarst.de\/en\/wp-json\/wp\/v2\/termin"}],"about":[{"href":"https:\/\/cdu-kaarst.de\/en\/wp-json\/wp\/v2\/types\/termin"}],"wp:featuredmedia":[{"embeddable":true,"href":"https:\/\/cdu-kaarst.de\/en\/wp-json\/wp\/v2\/media\/6269"}],"wp:attachment":[{"href":"https:\/\/cdu-kaarst.de\/en\/wp-json\/wp\/v2\/media?parent=6272"}],"wp:term":[{"taxonomy":"gemeinschaften","embeddable":true,"href":"https:\/\/cdu-kaarst.de\/en\/wp-json\/wp\/v2\/gemeinschaften?post=6272"}],"curies":[{"name":"wp","href":"https:\/\/api.w.org\/{rel}","templated":true}]}}

Königsstraße 10, 41564 Kaarst

<!-- This site is optimized with the Yoast SEO plugin v27.4 - https://yoast.com/product/yoast-seo-wordpress/ -->
<title>Ihre Anliegen für den Stadtrat - CDU Kaarst-Büttgen</title>
<meta name="robots" content="noindex, follow" />
<meta property="og:locale" content="en_GB" />
<meta property="og:type" content="article" />
<meta property="og:title" content="Ihre Anliegen für den Stadtrat - CDU Kaarst-Büttgen" />
<meta property="og:description" content="IHRE Anliegen nehmen WIR mit in den Stadtrat – GEMEINSAM haken WIR nach Wir stehen vor jeder Ratssitzung für Ihre Anliegen bereit. Wir nehmen Ihre Themen auf, bereiten sie auf und haken im Stadtrat nach. Selbstverständlich informieren wir im nächsten Termin oder persönlich über die Ergebnisse und Antworten!" />
<meta property="og:url" content="https://cdu-kaarst.de/en/termin/ihre-anliegen-fuer-den-stadtrat-3/" />
<meta property="og:site_name" content="CDU Kaarst-Büttgen" />
<meta property="article:modified_time" content="2025-06-17T12:28:11+00:00" />
<meta property="og:image" content="https://cdu-kaarst.de/wp-content/uploads/Thumb_.jpg" />
	<meta property="og:image:width" content="1024" />
	<meta property="og:image:height" content="1024" />
	<meta property="og:image:type" content="image/jpeg" />
<meta name="twitter:card" content="summary_large_image" />
<script type="application/ld+json" class="yoast-schema-graph">{"@context":"https:\/\/schema.org","@graph":[{"@type":"WebPage","@id":"https:\/\/cdu-kaarst.de\/termin\/ihre-anliegen-fuer-den-stadtrat-3\/","url":"https:\/\/cdu-kaarst.de\/termin\/ihre-anliegen-fuer-den-stadtrat-3\/","name":"Ihre Anliegen für den Stadtrat - CDU Kaarst-Büttgen","isPartOf":{"@id":"https:\/\/cdu-kaarst.de\/#website"},"primaryImageOfPage":{"@id":"https:\/\/cdu-kaarst.de\/termin\/ihre-anliegen-fuer-den-stadtrat-3\/#primaryimage"},"image":{"@id":"https:\/\/cdu-kaarst.de\/termin\/ihre-anliegen-fuer-den-stadtrat-3\/#primaryimage"},"thumbnailUrl":"https:\/\/cdu-kaarst.de\/wp-content\/uploads\/Thumb_.jpg","datePublished":"2025-03-04T08:55:47+00:00","dateModified":"2025-06-17T12:28:11+00:00","breadcrumb":{"@id":"https:\/\/cdu-kaarst.de\/termin\/ihre-anliegen-fuer-den-stadtrat-3\/#breadcrumb"},"inLanguage":"en-GB","potentialAction":[{"@type":"ReadAction","target":["https:\/\/cdu-kaarst.de\/termin\/ihre-anliegen-fuer-den-stadtrat-3\/"]}]},{"@type":"ImageObject","inLanguage":"en-GB","@id":"https:\/\/cdu-kaarst.de\/termin\/ihre-anliegen-fuer-den-stadtrat-3\/#primaryimage","url":"https:\/\/cdu-kaarst.de\/wp-content\/uploads\/Thumb_.jpg","contentUrl":"https:\/\/cdu-kaarst.de\/wp-content\/uploads\/Thumb_.jpg","width":1024,"height":1024},{"@type":"BreadcrumbList","@id":"https:\/\/cdu-kaarst.de\/termin\/ihre-anliegen-fuer-den-stadtrat-3\/#breadcrumb","itemListElement":[{"@type":"ListItem","position":1,"name":"Startseite","item":"https:\/\/cdu-kaarst.de\/"},{"@type":"ListItem","position":2,"name":"Termin","item":"https:\/\/cdu-kaarst.de\/termin\/"},{"@type":"ListItem","position":3,"name":"Ihre Anliegen für den Stadtrat"}]},{"@type":"WebSite","@id":"https:\/\/cdu-kaarst.de\/#website","url":"https:\/\/cdu-kaarst.de\/","name":"CDU Kaarst-Büttgen","description":"gut Leben in Kaarst","publisher":{"@id":"https:\/\/cdu-kaarst.de\/#organization"},"potentialAction":[{"@type":"SearchAction","target":{"@type":"EntryPoint","urlTemplate":"https:\/\/cdu-kaarst.de\/?s={search_term_string}"},"query-input":{"@type":"PropertyValueSpecification","valueRequired":true,"valueName":"search_term_string"}}],"inLanguage":"en-GB"},{"@type":"Organization","@id":"https:\/\/cdu-kaarst.de\/#organization","name":"CDU Kaarst-Büttgen","url":"https:\/\/cdu-kaarst.de\/","logo":{"@type":"ImageObject","inLanguage":"en-GB","@id":"https:\/\/cdu-kaarst.de\/#\/schema\/logo\/image\/","url":"https:\/\/cdu-kaarst.de\/wp-content\/uploads\/cdu-gesamtlogo.png","contentUrl":"https:\/\/cdu-kaarst.de\/wp-content\/uploads\/cdu-gesamtlogo.png","width":418,"height":120,"caption":"CDU Kaarst-Büttgen"},"image":{"@id":"https:\/\/cdu-kaarst.de\/#\/schema\/logo\/image\/"}}]}</script>
<!-- / Yoast SEO plugin. -->

Ihre Anliegen für den Stadtrat - CDU Kaarst-Büttgen

IHRE Anliegen nehmen WIR mit in den Stadtrat – GEMEINSAM haken WIR nach Wir stehen vor jeder Ratssitzung für Ihre Anliegen bereit. Wir nehmen Ihre Themen auf, bereiten sie auf und haken im Stadtrat nach. Selbstverständlich informieren wir im nächsten Termin oder persönlich über die Ergebnisse und Antworten!

CDU Kaarst-Büttgen

Ihre Anliegen für den Stadtrat
