{"id":6310,"date":"2025-03-13T17:59:23","date_gmt":"2025-03-13T16:59:23","guid":{"rendered":"https:\/\/cdu-kaarst.de\/?post_type=termin&#038;p=6310"},"modified":"2025-04-28T11:07:33","modified_gmt":"2025-04-28T09:07:33","slug":"buergerversammlung-6","status":"publish","type":"termin","link":"https:\/\/cdu-kaarst.de\/en\/termin\/buergerversammlung-6\/","title":{"rendered":"Citizens' meeting in Holzb\u00fcttgen"},"content":{"rendered":"<p class=\"\" data-start=\"137\" data-end=\"250\">On 3 June, the CDU Holzb\u00fcttgen invites you to a citizens' meeting in the Schmiede Schmitz. The meeting starts at 7.00 pm.<\/p>\n<p class=\"\" data-start=\"252\" data-end=\"501\">During the event, current topics from Holzb\u00fcttgen and the city of Kaarst will be presented and discussed together with interested citizens. The CDU is looking forward to an open exchange and many suggestions from the citizens.<\/p>","protected":false},"featured_media":0,"template":"","meta":{"datum":1748908800,"uhr":"19:00","bis":"","platz":"Schmiede Schmitz","adresse":"K\u00f6nigstra\u00dfe 11, 41564 Kaarst","button-text":"Mehr Erfahren","einladung-herunterladen":""},"gemeinschaften":[],"class_list":["post-6310","termin","type-termin","status-publish","hentry"],"yoast_head":"<!-- This site is optimized with the Yoast SEO plugin v27.4 - https:\/\/yoast.com\/product\/yoast-seo-wordpress\/ -->\n<title>B\u00fcrgerversammlung in Holzb\u00fcttgen - CDU Kaarst-B\u00fcttgen<\/title>\n<meta name=\"robots\" content=\"noindex, follow\" \/>\n<meta property=\"og:locale\" content=\"en_GB\" \/>\n<meta property=\"og:type\" content=\"article\" \/>\n<meta property=\"og:title\" content=\"B\u00fcrgerversammlung in Holzb\u00fcttgen - CDU Kaarst-B\u00fcttgen\" \/>\n<meta property=\"og:description\" content=\"Am 3. Juni l\u00e4dt die CDU Holzb\u00fcttgen zur B\u00fcrgerversammlung in die Schmiede Schmitz ein. Beginn ist um 19.00 Uhr. Im Rahmen der Veranstaltung sollen aktuelle Themen aus Holzb\u00fcttgen und der Stadt Kaarst vorgestellt und gemeinsam mit interessierten B\u00fcrgern diskutiert werden. Die CDU freut sich auf einen offenen Austausch und viele Anregungen aus der B\u00fcrgerschaft.\" \/>\n<meta property=\"og:url\" content=\"https:\/\/cdu-kaarst.de\/en\/termin\/buergerversammlung-6\/\" \/>\n<meta property=\"og:site_name\" content=\"CDU Kaarst-B\u00fcttgen\" \/>\n<meta property=\"article:modified_time\" content=\"2025-04-28T09:07:33+00:00\" \/>\n<meta name=\"twitter:card\" content=\"summary_large_image\" \/>\n<script type=\"application\/ld+json\" class=\"yoast-schema-graph\">{\"@context\":\"https:\\\/\\\/schema.org\",\"@graph\":[{\"@type\":\"WebPage\",\"@id\":\"https:\\\/\\\/cdu-kaarst.de\\\/termin\\\/buergerversammlung-6\\\/\",\"url\":\"https:\\\/\\\/cdu-kaarst.de\\\/termin\\\/buergerversammlung-6\\\/\",\"name\":\"B\u00fcrgerversammlung in Holzb\u00fcttgen - CDU Kaarst-B\u00fcttgen\",\"isPartOf\":{\"@id\":\"https:\\\/\\\/cdu-kaarst.de\\\/#website\"},\"datePublished\":\"2025-03-13T16:59:23+00:00\",\"dateModified\":\"2025-04-28T09:07:33+00:00\",\"breadcrumb\":{\"@id\":\"https:\\\/\\\/cdu-kaarst.de\\\/termin\\\/buergerversammlung-6\\\/#breadcrumb\"},\"inLanguage\":\"en-GB\",\"potentialAction\":[{\"@type\":\"ReadAction\",\"target\":[\"https:\\\/\\\/cdu-kaarst.de\\\/termin\\\/buergerversammlung-6\\\/\"]}]},{\"@type\":\"BreadcrumbList\",\"@id\":\"https:\\\/\\\/cdu-kaarst.de\\\/termin\\\/buergerversammlung-6\\\/#breadcrumb\",\"itemListElement\":[{\"@type\":\"ListItem\",\"position\":1,\"name\":\"Startseite\",\"item\":\"https:\\\/\\\/cdu-kaarst.de\\\/\"},{\"@type\":\"ListItem\",\"position\":2,\"name\":\"Termin\",\"item\":\"https:\\\/\\\/cdu-kaarst.de\\\/termin\\\/\"},{\"@type\":\"ListItem\",\"position\":3,\"name\":\"B\u00fcrgerversammlung in Holzb\u00fcttgen\"}]},{\"@type\":\"WebSite\",\"@id\":\"https:\\\/\\\/cdu-kaarst.de\\\/#website\",\"url\":\"https:\\\/\\\/cdu-kaarst.de\\\/\",\"name\":\"CDU Kaarst-B\u00fcttgen\",\"description\":\"gut Leben in Kaarst\",\"publisher\":{\"@id\":\"https:\\\/\\\/cdu-kaarst.de\\\/#organization\"},\"potentialAction\":[{\"@type\":\"SearchAction\",\"target\":{\"@type\":\"EntryPoint\",\"urlTemplate\":\"https:\\\/\\\/cdu-kaarst.de\\\/?s={search_term_string}\"},\"query-input\":{\"@type\":\"PropertyValueSpecification\",\"valueRequired\":true,\"valueName\":\"search_term_string\"}}],\"inLanguage\":\"en-GB\"},{\"@type\":\"Organization\",\"@id\":\"https:\\\/\\\/cdu-kaarst.de\\\/#organization\",\"name\":\"CDU Kaarst-B\u00fcttgen\",\"url\":\"https:\\\/\\\/cdu-kaarst.de\\\/\",\"logo\":{\"@type\":\"ImageObject\",\"inLanguage\":\"en-GB\",\"@id\":\"https:\\\/\\\/cdu-kaarst.de\\\/#\\\/schema\\\/logo\\\/image\\\/\",\"url\":\"https:\\\/\\\/cdu-kaarst.de\\\/wp-content\\\/uploads\\\/cdu-gesamtlogo.png\",\"contentUrl\":\"https:\\\/\\\/cdu-kaarst.de\\\/wp-content\\\/uploads\\\/cdu-gesamtlogo.png\",\"width\":418,\"height\":120,\"caption\":\"CDU Kaarst-B\u00fcttgen\"},\"image\":{\"@id\":\"https:\\\/\\\/cdu-kaarst.de\\\/#\\\/schema\\\/logo\\\/image\\\/\"}}]}<\/script>\n<!-- \/ Yoast SEO plugin. -->","yoast_head_json":{"title":"Citizens' meeting in Holzb\u00fcttgen - CDU Kaarst-B\u00fcttgen","robots":{"index":"noindex","follow":"follow"},"og_locale":"en_GB","og_type":"article","og_title":"B\u00fcrgerversammlung in Holzb\u00fcttgen - CDU Kaarst-B\u00fcttgen","og_description":"Am 3. Juni l\u00e4dt die CDU Holzb\u00fcttgen zur B\u00fcrgerversammlung in die Schmiede Schmitz ein. Beginn ist um 19.00 Uhr. Im Rahmen der Veranstaltung sollen aktuelle Themen aus Holzb\u00fcttgen und der Stadt Kaarst vorgestellt und gemeinsam mit interessierten B\u00fcrgern diskutiert werden. Die CDU freut sich auf einen offenen Austausch und viele Anregungen aus der B\u00fcrgerschaft.","og_url":"https:\/\/cdu-kaarst.de\/en\/termin\/buergerversammlung-6\/","og_site_name":"CDU Kaarst-B\u00fcttgen","article_modified_time":"2025-04-28T09:07:33+00:00","twitter_card":"summary_large_image","schema":{"@context":"https:\/\/schema.org","@graph":[{"@type":"WebPage","@id":"https:\/\/cdu-kaarst.de\/termin\/buergerversammlung-6\/","url":"https:\/\/cdu-kaarst.de\/termin\/buergerversammlung-6\/","name":"Citizens' meeting in Holzb\u00fcttgen - CDU Kaarst-B\u00fcttgen","isPartOf":{"@id":"https:\/\/cdu-kaarst.de\/#website"},"datePublished":"2025-03-13T16:59:23+00:00","dateModified":"2025-04-28T09:07:33+00:00","breadcrumb":{"@id":"https:\/\/cdu-kaarst.de\/termin\/buergerversammlung-6\/#breadcrumb"},"inLanguage":"en-GB","potentialAction":[{"@type":"ReadAction","target":["https:\/\/cdu-kaarst.de\/termin\/buergerversammlung-6\/"]}]},{"@type":"BreadcrumbList","@id":"https:\/\/cdu-kaarst.de\/termin\/buergerversammlung-6\/#breadcrumb","itemListElement":[{"@type":"ListItem","position":1,"name":"Startseite","item":"https:\/\/cdu-kaarst.de\/"},{"@type":"ListItem","position":2,"name":"Termin","item":"https:\/\/cdu-kaarst.de\/termin\/"},{"@type":"ListItem","position":3,"name":"B\u00fcrgerversammlung in Holzb\u00fcttgen"}]},{"@type":"WebSite","@id":"https:\/\/cdu-kaarst.de\/#website","url":"https:\/\/cdu-kaarst.de\/","name":"CDU Kaarst-B\u00fcttgen","description":"living well in Kaarst","publisher":{"@id":"https:\/\/cdu-kaarst.de\/#organization"},"potentialAction":[{"@type":"SearchAction","target":{"@type":"EntryPoint","urlTemplate":"https:\/\/cdu-kaarst.de\/?s={search_term_string}"},"query-input":{"@type":"PropertyValueSpecification","valueRequired":true,"valueName":"search_term_string"}}],"inLanguage":"en-GB"},{"@type":"Organization","@id":"https:\/\/cdu-kaarst.de\/#organization","name":"CDU Kaarst-B\u00fcttgen","url":"https:\/\/cdu-kaarst.de\/","logo":{"@type":"ImageObject","inLanguage":"en-GB","@id":"https:\/\/cdu-kaarst.de\/#\/schema\/logo\/image\/","url":"https:\/\/cdu-kaarst.de\/wp-content\/uploads\/cdu-gesamtlogo.png","contentUrl":"https:\/\/cdu-kaarst.de\/wp-content\/uploads\/cdu-gesamtlogo.png","width":418,"height":120,"caption":"CDU Kaarst-B\u00fcttgen"},"image":{"@id":"https:\/\/cdu-kaarst.de\/#\/schema\/logo\/image\/"}}]}},"_links":{"self":[{"href":"https:\/\/cdu-kaarst.de\/en\/wp-json\/wp\/v2\/termin\/6310","targetHints":{"allow":["GET"]}}],"collection":[{"href":"https:\/\/cdu-kaarst.de\/en\/wp-json\/wp\/v2\/termin"}],"about":[{"href":"https:\/\/cdu-kaarst.de\/en\/wp-json\/wp\/v2\/types\/termin"}],"wp:attachment":[{"href":"https:\/\/cdu-kaarst.de\/en\/wp-json\/wp\/v2\/media?parent=6310"}],"wp:term":[{"taxonomy":"gemeinschaften","embeddable":true,"href":"https:\/\/cdu-kaarst.de\/en\/wp-json\/wp\/v2\/gemeinschaften?post=6310"}],"curies":[{"name":"wp","href":"https:\/\/api.w.org\/{rel}","templated":true}]}}

Citizens' meeting in Holzbüttgen

<p class="" data-start="137" data-end="250">On 3 June, the CDU Holzbüttgen invites you to a citizens' meeting in the Schmiede Schmitz. The meeting starts at 7.00 pm.</p>
<p class="" data-start="252" data-end="501">During the event, current topics from Holzbüttgen and the city of Kaarst will be presented and discussed together with interested citizens. The CDU is looking forward to an open exchange and many suggestions from the citizens.</p>

Königstraße 11, 41564 Kaarst

<!-- This site is optimized with the Yoast SEO plugin v27.4 - https://yoast.com/product/yoast-seo-wordpress/ -->
<title>Bürgerversammlung in Holzbüttgen - CDU Kaarst-Büttgen</title>
<meta name="robots" content="noindex, follow" />
<meta property="og:locale" content="en_GB" />
<meta property="og:type" content="article" />
<meta property="og:title" content="Bürgerversammlung in Holzbüttgen - CDU Kaarst-Büttgen" />
<meta property="og:description" content="Am 3. Juni lädt die CDU Holzbüttgen zur Bürgerversammlung in die Schmiede Schmitz ein. Beginn ist um 19.00 Uhr. Im Rahmen der Veranstaltung sollen aktuelle Themen aus Holzbüttgen und der Stadt Kaarst vorgestellt und gemeinsam mit interessierten Bürgern diskutiert werden. Die CDU freut sich auf einen offenen Austausch und viele Anregungen aus der Bürgerschaft." />
<meta property="og:url" content="https://cdu-kaarst.de/en/termin/buergerversammlung-6/" />
<meta property="og:site_name" content="CDU Kaarst-Büttgen" />
<meta property="article:modified_time" content="2025-04-28T09:07:33+00:00" />
<meta name="twitter:card" content="summary_large_image" />
<script type="application/ld+json" class="yoast-schema-graph">{"@context":"https:\/\/schema.org","@graph":[{"@type":"WebPage","@id":"https:\/\/cdu-kaarst.de\/termin\/buergerversammlung-6\/","url":"https:\/\/cdu-kaarst.de\/termin\/buergerversammlung-6\/","name":"Bürgerversammlung in Holzbüttgen - CDU Kaarst-Büttgen","isPartOf":{"@id":"https:\/\/cdu-kaarst.de\/#website"},"datePublished":"2025-03-13T16:59:23+00:00","dateModified":"2025-04-28T09:07:33+00:00","breadcrumb":{"@id":"https:\/\/cdu-kaarst.de\/termin\/buergerversammlung-6\/#breadcrumb"},"inLanguage":"en-GB","potentialAction":[{"@type":"ReadAction","target":["https:\/\/cdu-kaarst.de\/termin\/buergerversammlung-6\/"]}]},{"@type":"BreadcrumbList","@id":"https:\/\/cdu-kaarst.de\/termin\/buergerversammlung-6\/#breadcrumb","itemListElement":[{"@type":"ListItem","position":1,"name":"Startseite","item":"https:\/\/cdu-kaarst.de\/"},{"@type":"ListItem","position":2,"name":"Termin","item":"https:\/\/cdu-kaarst.de\/termin\/"},{"@type":"ListItem","position":3,"name":"Bürgerversammlung in Holzbüttgen"}]},{"@type":"WebSite","@id":"https:\/\/cdu-kaarst.de\/#website","url":"https:\/\/cdu-kaarst.de\/","name":"CDU Kaarst-Büttgen","description":"gut Leben in Kaarst","publisher":{"@id":"https:\/\/cdu-kaarst.de\/#organization"},"potentialAction":[{"@type":"SearchAction","target":{"@type":"EntryPoint","urlTemplate":"https:\/\/cdu-kaarst.de\/?s={search_term_string}"},"query-input":{"@type":"PropertyValueSpecification","valueRequired":true,"valueName":"search_term_string"}}],"inLanguage":"en-GB"},{"@type":"Organization","@id":"https:\/\/cdu-kaarst.de\/#organization","name":"CDU Kaarst-Büttgen","url":"https:\/\/cdu-kaarst.de\/","logo":{"@type":"ImageObject","inLanguage":"en-GB","@id":"https:\/\/cdu-kaarst.de\/#\/schema\/logo\/image\/","url":"https:\/\/cdu-kaarst.de\/wp-content\/uploads\/cdu-gesamtlogo.png","contentUrl":"https:\/\/cdu-kaarst.de\/wp-content\/uploads\/cdu-gesamtlogo.png","width":418,"height":120,"caption":"CDU Kaarst-Büttgen"},"image":{"@id":"https:\/\/cdu-kaarst.de\/#\/schema\/logo\/image\/"}}]}</script>
<!-- / Yoast SEO plugin. -->

Citizens' meeting in Holzbüttgen - CDU Kaarst-Büttgen

Bürgerversammlung in Holzbüttgen - CDU Kaarst-Büttgen

Am 3. Juni lädt die CDU Holzbüttgen zur Bürgerversammlung in die Schmiede Schmitz ein. Beginn ist um 19.00 Uhr. Im Rahmen der Veranstaltung sollen aktuelle Themen aus Holzbüttgen und der Stadt Kaarst vorgestellt und gemeinsam mit interessierten Bürgern diskutiert werden. Die CDU freut sich auf einen offenen Austausch und viele Anregungen aus der Bürgerschaft.

CDU Kaarst-Büttgen

Bürgerversammlung in Holzbüttgen
