{"id":6696,"date":"2025-07-01T11:43:50","date_gmt":"2025-07-01T09:43:50","guid":{"rendered":"https:\/\/cdu-kaarst.de\/?post_type=termin&#038;p=6696"},"modified":"2025-07-11T08:54:27","modified_gmt":"2025-07-11T06:54:27","slug":"sommerfest-der-cdu-kaarst-im-tuppenhof","status":"publish","type":"termin","link":"https:\/\/cdu-kaarst.de\/en\/termin\/sommerfest-der-cdu-kaarst-im-tuppenhof\/","title":{"rendered":"Summer party of the CDU Kaarst at Tuppenhof"},"content":{"rendered":"<p>On 09 August the <a href=\"https:\/\/buergermeisterkandidat-horn-heinemann.de\/\" target=\"_blank\" rel=\"noopener\">CDU mayoral candidate Christian Horn-Heinemann<\/a> with you through Kaarst. The tour is guided by Josef Johnen - <strong>Start is at 10 am at the town hall<\/strong>. Together with you, we want to explore the city and visit prominent points under professional guidance. Immediately afterwards, the CDU summer party will take place from 1 p.m. onwards <a href=\"https:\/\/www.tuppenhof.de\/home.html\" target=\"_blank\" rel=\"noopener\">Tuppenhof in Vorst<\/a> on. We look forward to a relaxed cycle tour and exciting discussions in a relaxed atmosphere!<\/p>","protected":false},"featured_media":0,"template":"","meta":{"datum":1754697600,"uhr":"13:00","bis":"","platz":"Tuppenhof","adresse":"Museum Tuppenhof, Rottes 27, 41564 Kaarst","button-text":"Mehr Erfahren","einladung-herunterladen":""},"gemeinschaften":[],"class_list":["post-6696","termin","type-termin","status-publish","hentry"],"yoast_head":"<!-- This site is optimized with the Yoast SEO plugin v27.4 - https:\/\/yoast.com\/product\/yoast-seo-wordpress\/ -->\n<title>Sommerfest der CDU Kaarst im Tuppenhof - CDU Kaarst-B\u00fcttgen<\/title>\n<meta name=\"robots\" content=\"noindex, follow\" \/>\n<meta property=\"og:locale\" content=\"en_GB\" \/>\n<meta property=\"og:type\" content=\"article\" \/>\n<meta property=\"og:title\" content=\"Sommerfest der CDU Kaarst im Tuppenhof - CDU Kaarst-B\u00fcttgen\" \/>\n<meta property=\"og:description\" content=\"Am 09. August radelt der CDU-B\u00fcrgermeisterkandidat Christian Horn-Heinemann mit Ihnen durch Kaarst. Gef\u00fchrt wird die Tour durch Josef Johnen &#8211; Start ist um 10 Uhr am Rathaus. Gemeinsam mit Ihnen wollen wir die Stadt erkunden und markante Punkte unter professioneller F\u00fchrung anfahren. Direkt im Anschluss steht ab 13 Uhr das CDU-Sommerfest auf dem Tuppenhof in [&hellip;]\" \/>\n<meta property=\"og:url\" content=\"https:\/\/cdu-kaarst.de\/en\/termin\/sommerfest-der-cdu-kaarst-im-tuppenhof\/\" \/>\n<meta property=\"og:site_name\" content=\"CDU Kaarst-B\u00fcttgen\" \/>\n<meta property=\"article:modified_time\" content=\"2025-07-11T06:54:27+00:00\" \/>\n<meta name=\"twitter:card\" content=\"summary_large_image\" \/>\n<script type=\"application\/ld+json\" class=\"yoast-schema-graph\">{\"@context\":\"https:\\\/\\\/schema.org\",\"@graph\":[{\"@type\":\"WebPage\",\"@id\":\"https:\\\/\\\/cdu-kaarst.de\\\/termin\\\/sommerfest-der-cdu-kaarst-im-tuppenhof\\\/\",\"url\":\"https:\\\/\\\/cdu-kaarst.de\\\/termin\\\/sommerfest-der-cdu-kaarst-im-tuppenhof\\\/\",\"name\":\"Sommerfest der CDU Kaarst im Tuppenhof - CDU Kaarst-B\u00fcttgen\",\"isPartOf\":{\"@id\":\"https:\\\/\\\/cdu-kaarst.de\\\/#website\"},\"datePublished\":\"2025-07-01T09:43:50+00:00\",\"dateModified\":\"2025-07-11T06:54:27+00:00\",\"breadcrumb\":{\"@id\":\"https:\\\/\\\/cdu-kaarst.de\\\/termin\\\/sommerfest-der-cdu-kaarst-im-tuppenhof\\\/#breadcrumb\"},\"inLanguage\":\"en-GB\",\"potentialAction\":[{\"@type\":\"ReadAction\",\"target\":[\"https:\\\/\\\/cdu-kaarst.de\\\/termin\\\/sommerfest-der-cdu-kaarst-im-tuppenhof\\\/\"]}]},{\"@type\":\"BreadcrumbList\",\"@id\":\"https:\\\/\\\/cdu-kaarst.de\\\/termin\\\/sommerfest-der-cdu-kaarst-im-tuppenhof\\\/#breadcrumb\",\"itemListElement\":[{\"@type\":\"ListItem\",\"position\":1,\"name\":\"Startseite\",\"item\":\"https:\\\/\\\/cdu-kaarst.de\\\/\"},{\"@type\":\"ListItem\",\"position\":2,\"name\":\"Termin\",\"item\":\"https:\\\/\\\/cdu-kaarst.de\\\/termin\\\/\"},{\"@type\":\"ListItem\",\"position\":3,\"name\":\"Sommerfest der CDU Kaarst im Tuppenhof\"}]},{\"@type\":\"WebSite\",\"@id\":\"https:\\\/\\\/cdu-kaarst.de\\\/#website\",\"url\":\"https:\\\/\\\/cdu-kaarst.de\\\/\",\"name\":\"CDU Kaarst-B\u00fcttgen\",\"description\":\"gut Leben in Kaarst\",\"publisher\":{\"@id\":\"https:\\\/\\\/cdu-kaarst.de\\\/#organization\"},\"potentialAction\":[{\"@type\":\"SearchAction\",\"target\":{\"@type\":\"EntryPoint\",\"urlTemplate\":\"https:\\\/\\\/cdu-kaarst.de\\\/?s={search_term_string}\"},\"query-input\":{\"@type\":\"PropertyValueSpecification\",\"valueRequired\":true,\"valueName\":\"search_term_string\"}}],\"inLanguage\":\"en-GB\"},{\"@type\":\"Organization\",\"@id\":\"https:\\\/\\\/cdu-kaarst.de\\\/#organization\",\"name\":\"CDU Kaarst-B\u00fcttgen\",\"url\":\"https:\\\/\\\/cdu-kaarst.de\\\/\",\"logo\":{\"@type\":\"ImageObject\",\"inLanguage\":\"en-GB\",\"@id\":\"https:\\\/\\\/cdu-kaarst.de\\\/#\\\/schema\\\/logo\\\/image\\\/\",\"url\":\"https:\\\/\\\/cdu-kaarst.de\\\/wp-content\\\/uploads\\\/cdu-gesamtlogo.png\",\"contentUrl\":\"https:\\\/\\\/cdu-kaarst.de\\\/wp-content\\\/uploads\\\/cdu-gesamtlogo.png\",\"width\":418,\"height\":120,\"caption\":\"CDU Kaarst-B\u00fcttgen\"},\"image\":{\"@id\":\"https:\\\/\\\/cdu-kaarst.de\\\/#\\\/schema\\\/logo\\\/image\\\/\"}}]}<\/script>\n<!-- \/ Yoast SEO plugin. -->","yoast_head_json":{"title":"Summer party of the CDU Kaarst at Tuppenhof - CDU Kaarst-B\u00fcttgen","robots":{"index":"noindex","follow":"follow"},"og_locale":"en_GB","og_type":"article","og_title":"Sommerfest der CDU Kaarst im Tuppenhof - CDU Kaarst-B\u00fcttgen","og_description":"Am 09. August radelt der CDU-B\u00fcrgermeisterkandidat Christian Horn-Heinemann mit Ihnen durch Kaarst. Gef\u00fchrt wird die Tour durch Josef Johnen &#8211; Start ist um 10 Uhr am Rathaus. Gemeinsam mit Ihnen wollen wir die Stadt erkunden und markante Punkte unter professioneller F\u00fchrung anfahren. Direkt im Anschluss steht ab 13 Uhr das CDU-Sommerfest auf dem Tuppenhof in [&hellip;]","og_url":"https:\/\/cdu-kaarst.de\/en\/termin\/sommerfest-der-cdu-kaarst-im-tuppenhof\/","og_site_name":"CDU Kaarst-B\u00fcttgen","article_modified_time":"2025-07-11T06:54:27+00:00","twitter_card":"summary_large_image","schema":{"@context":"https:\/\/schema.org","@graph":[{"@type":"WebPage","@id":"https:\/\/cdu-kaarst.de\/termin\/sommerfest-der-cdu-kaarst-im-tuppenhof\/","url":"https:\/\/cdu-kaarst.de\/termin\/sommerfest-der-cdu-kaarst-im-tuppenhof\/","name":"Summer party of the CDU Kaarst at Tuppenhof - CDU Kaarst-B\u00fcttgen","isPartOf":{"@id":"https:\/\/cdu-kaarst.de\/#website"},"datePublished":"2025-07-01T09:43:50+00:00","dateModified":"2025-07-11T06:54:27+00:00","breadcrumb":{"@id":"https:\/\/cdu-kaarst.de\/termin\/sommerfest-der-cdu-kaarst-im-tuppenhof\/#breadcrumb"},"inLanguage":"en-GB","potentialAction":[{"@type":"ReadAction","target":["https:\/\/cdu-kaarst.de\/termin\/sommerfest-der-cdu-kaarst-im-tuppenhof\/"]}]},{"@type":"BreadcrumbList","@id":"https:\/\/cdu-kaarst.de\/termin\/sommerfest-der-cdu-kaarst-im-tuppenhof\/#breadcrumb","itemListElement":[{"@type":"ListItem","position":1,"name":"Startseite","item":"https:\/\/cdu-kaarst.de\/"},{"@type":"ListItem","position":2,"name":"Termin","item":"https:\/\/cdu-kaarst.de\/termin\/"},{"@type":"ListItem","position":3,"name":"Sommerfest der CDU Kaarst im Tuppenhof"}]},{"@type":"WebSite","@id":"https:\/\/cdu-kaarst.de\/#website","url":"https:\/\/cdu-kaarst.de\/","name":"CDU Kaarst-B\u00fcttgen","description":"living well in Kaarst","publisher":{"@id":"https:\/\/cdu-kaarst.de\/#organization"},"potentialAction":[{"@type":"SearchAction","target":{"@type":"EntryPoint","urlTemplate":"https:\/\/cdu-kaarst.de\/?s={search_term_string}"},"query-input":{"@type":"PropertyValueSpecification","valueRequired":true,"valueName":"search_term_string"}}],"inLanguage":"en-GB"},{"@type":"Organization","@id":"https:\/\/cdu-kaarst.de\/#organization","name":"CDU Kaarst-B\u00fcttgen","url":"https:\/\/cdu-kaarst.de\/","logo":{"@type":"ImageObject","inLanguage":"en-GB","@id":"https:\/\/cdu-kaarst.de\/#\/schema\/logo\/image\/","url":"https:\/\/cdu-kaarst.de\/wp-content\/uploads\/cdu-gesamtlogo.png","contentUrl":"https:\/\/cdu-kaarst.de\/wp-content\/uploads\/cdu-gesamtlogo.png","width":418,"height":120,"caption":"CDU Kaarst-B\u00fcttgen"},"image":{"@id":"https:\/\/cdu-kaarst.de\/#\/schema\/logo\/image\/"}}]}},"_links":{"self":[{"href":"https:\/\/cdu-kaarst.de\/en\/wp-json\/wp\/v2\/termin\/6696","targetHints":{"allow":["GET"]}}],"collection":[{"href":"https:\/\/cdu-kaarst.de\/en\/wp-json\/wp\/v2\/termin"}],"about":[{"href":"https:\/\/cdu-kaarst.de\/en\/wp-json\/wp\/v2\/types\/termin"}],"wp:attachment":[{"href":"https:\/\/cdu-kaarst.de\/en\/wp-json\/wp\/v2\/media?parent=6696"}],"wp:term":[{"taxonomy":"gemeinschaften","embeddable":true,"href":"https:\/\/cdu-kaarst.de\/en\/wp-json\/wp\/v2\/gemeinschaften?post=6696"}],"curies":[{"name":"wp","href":"https:\/\/api.w.org\/{rel}","templated":true}]}}

<!-- This site is optimized with the Yoast SEO plugin v27.4 - https://yoast.com/product/yoast-seo-wordpress/ -->
<title>Sommerfest der CDU Kaarst im Tuppenhof - CDU Kaarst-Büttgen</title>
<meta name="robots" content="noindex, follow" />
<meta property="og:locale" content="en_GB" />
<meta property="og:type" content="article" />
<meta property="og:title" content="Sommerfest der CDU Kaarst im Tuppenhof - CDU Kaarst-Büttgen" />
<meta property="og:description" content="Am 09. August radelt der CDU-Bürgermeisterkandidat Christian Horn-Heinemann mit Ihnen durch Kaarst. Geführt wird die Tour durch Josef Johnen &#8211; Start ist um 10 Uhr am Rathaus. Gemeinsam mit Ihnen wollen wir die Stadt erkunden und markante Punkte unter professioneller Führung anfahren. Direkt im Anschluss steht ab 13 Uhr das CDU-Sommerfest auf dem Tuppenhof in [&hellip;]" />
<meta property="og:url" content="https://cdu-kaarst.de/en/termin/sommerfest-der-cdu-kaarst-im-tuppenhof/" />
<meta property="og:site_name" content="CDU Kaarst-Büttgen" />
<meta property="article:modified_time" content="2025-07-11T06:54:27+00:00" />
<meta name="twitter:card" content="summary_large_image" />
<script type="application/ld+json" class="yoast-schema-graph">{"@context":"https:\/\/schema.org","@graph":[{"@type":"WebPage","@id":"https:\/\/cdu-kaarst.de\/termin\/sommerfest-der-cdu-kaarst-im-tuppenhof\/","url":"https:\/\/cdu-kaarst.de\/termin\/sommerfest-der-cdu-kaarst-im-tuppenhof\/","name":"Sommerfest der CDU Kaarst im Tuppenhof - CDU Kaarst-Büttgen","isPartOf":{"@id":"https:\/\/cdu-kaarst.de\/#website"},"datePublished":"2025-07-01T09:43:50+00:00","dateModified":"2025-07-11T06:54:27+00:00","breadcrumb":{"@id":"https:\/\/cdu-kaarst.de\/termin\/sommerfest-der-cdu-kaarst-im-tuppenhof\/#breadcrumb"},"inLanguage":"en-GB","potentialAction":[{"@type":"ReadAction","target":["https:\/\/cdu-kaarst.de\/termin\/sommerfest-der-cdu-kaarst-im-tuppenhof\/"]}]},{"@type":"BreadcrumbList","@id":"https:\/\/cdu-kaarst.de\/termin\/sommerfest-der-cdu-kaarst-im-tuppenhof\/#breadcrumb","itemListElement":[{"@type":"ListItem","position":1,"name":"Startseite","item":"https:\/\/cdu-kaarst.de\/"},{"@type":"ListItem","position":2,"name":"Termin","item":"https:\/\/cdu-kaarst.de\/termin\/"},{"@type":"ListItem","position":3,"name":"Sommerfest der CDU Kaarst im Tuppenhof"}]},{"@type":"WebSite","@id":"https:\/\/cdu-kaarst.de\/#website","url":"https:\/\/cdu-kaarst.de\/","name":"CDU Kaarst-Büttgen","description":"gut Leben in Kaarst","publisher":{"@id":"https:\/\/cdu-kaarst.de\/#organization"},"potentialAction":[{"@type":"SearchAction","target":{"@type":"EntryPoint","urlTemplate":"https:\/\/cdu-kaarst.de\/?s={search_term_string}"},"query-input":{"@type":"PropertyValueSpecification","valueRequired":true,"valueName":"search_term_string"}}],"inLanguage":"en-GB"},{"@type":"Organization","@id":"https:\/\/cdu-kaarst.de\/#organization","name":"CDU Kaarst-Büttgen","url":"https:\/\/cdu-kaarst.de\/","logo":{"@type":"ImageObject","inLanguage":"en-GB","@id":"https:\/\/cdu-kaarst.de\/#\/schema\/logo\/image\/","url":"https:\/\/cdu-kaarst.de\/wp-content\/uploads\/cdu-gesamtlogo.png","contentUrl":"https:\/\/cdu-kaarst.de\/wp-content\/uploads\/cdu-gesamtlogo.png","width":418,"height":120,"caption":"CDU Kaarst-Büttgen"},"image":{"@id":"https:\/\/cdu-kaarst.de\/#\/schema\/logo\/image\/"}}]}</script>
<!-- / Yoast SEO plugin. -->

Summer party of the CDU Kaarst at Tuppenhof - CDU Kaarst-Büttgen

Sommerfest der CDU Kaarst im Tuppenhof - CDU Kaarst-Büttgen

Am 09. August radelt der CDU-Bürgermeisterkandidat Christian Horn-Heinemann mit Ihnen durch Kaarst. Geführt wird die Tour durch Josef Johnen &#8211; Start ist um 10 Uhr am Rathaus. Gemeinsam mit Ihnen wollen wir die Stadt erkunden und markante Punkte unter professioneller Führung anfahren. Direkt im Anschluss steht ab 13 Uhr das CDU-Sommerfest auf dem Tuppenhof in [&hellip;]

CDU Kaarst-Büttgen
