{"id":6721,"date":"2025-07-07T15:27:30","date_gmt":"2025-07-07T13:27:30","guid":{"rendered":"https:\/\/cdu-kaarst.de\/?post_type=termin&#038;p=6721"},"modified":"2025-08-21T18:16:45","modified_gmt":"2025-08-21T16:16:45","slug":"wahlarena-zur-kommunalwahl-fuer-schuelerinnen-und-schueler-im-aef","status":"publish","type":"termin","link":"https:\/\/cdu-kaarst.de\/en\/termin\/wahlarena-zur-kommunalwahl-fuer-schuelerinnen-und-schueler-im-aef\/","title":{"rendered":"Election arena for local elections for pupils at the AEF"},"content":{"rendered":"<p>In order to strengthen pupils' political interest and democracy education, give them an overview of the parties and programmes in the local elections and at the same time encourage them to exercise their right to vote, an election arena will be held at the AEF on 2 September 2025 from 10.00 to 11.30 a.m. with all parties and groups currently represented in the Kaarst City Council. This event is being organised in cooperation with the GBG.<br \/>\nThe election arena is prepared by pupils from the current Year 10 and EF (11) levels at both schools, with local issues taking centre stage. Together with the teaching staff and school management, the levels also form the audience for the event.<\/p>","protected":false},"featured_media":0,"template":"","meta":{"datum":1756771200,"uhr":"10:00","bis":"11:30","platz":"Albert-Einstein-Forum","adresse":"Am Schulzentrum 16, 41564 Kaarst","button-text":"Mehr Erfahren","einladung-herunterladen":""},"gemeinschaften":[],"class_list":["post-6721","termin","type-termin","status-publish","hentry"],"yoast_head":"<!-- This site is optimized with the Yoast SEO plugin v27.4 - https:\/\/yoast.com\/product\/yoast-seo-wordpress\/ -->\n<title>Wahlarena zur Kommunalwahl f\u00fcr Sch\u00fclerinnen und Sch\u00fcler im AEF - CDU Kaarst-B\u00fcttgen<\/title>\n<meta name=\"robots\" content=\"noindex, follow\" \/>\n<meta property=\"og:locale\" content=\"en_GB\" \/>\n<meta property=\"og:type\" content=\"article\" \/>\n<meta property=\"og:title\" content=\"Wahlarena zur Kommunalwahl f\u00fcr Sch\u00fclerinnen und Sch\u00fcler im AEF - CDU Kaarst-B\u00fcttgen\" \/>\n<meta property=\"og:description\" content=\"Um das politische Interesse und die Demokratieerziehung der Sch\u00fclerinnen und Sch\u00fclern zu st\u00e4rken, ihnen einen \u00dcberblick der Parteien und Programme bei der Kommunalwahl zu geben und sie zugleich zu ermuntern, von ihrem Wahlrecht Gebrauch zu machen, wird am 02.09.2025 von 10.00 Uhr bis 11.30 Uhr eine Wahlarena im AEF stattfinden mit allen derzeit im Rat [&hellip;]\" \/>\n<meta property=\"og:url\" content=\"https:\/\/cdu-kaarst.de\/en\/termin\/wahlarena-zur-kommunalwahl-fuer-schuelerinnen-und-schueler-im-aef\/\" \/>\n<meta property=\"og:site_name\" content=\"CDU Kaarst-B\u00fcttgen\" \/>\n<meta property=\"article:modified_time\" content=\"2025-08-21T16:16:45+00:00\" \/>\n<meta name=\"twitter:card\" content=\"summary_large_image\" \/>\n<meta name=\"twitter:label1\" content=\"Estimated reading time\" \/>\n\t<meta name=\"twitter:data1\" content=\"1 minute\" \/>\n<script type=\"application\/ld+json\" class=\"yoast-schema-graph\">{\"@context\":\"https:\\\/\\\/schema.org\",\"@graph\":[{\"@type\":\"WebPage\",\"@id\":\"https:\\\/\\\/cdu-kaarst.de\\\/termin\\\/wahlarena-zur-kommunalwahl-fuer-schuelerinnen-und-schueler-im-aef\\\/\",\"url\":\"https:\\\/\\\/cdu-kaarst.de\\\/termin\\\/wahlarena-zur-kommunalwahl-fuer-schuelerinnen-und-schueler-im-aef\\\/\",\"name\":\"Wahlarena zur Kommunalwahl f\u00fcr Sch\u00fclerinnen und Sch\u00fcler im AEF - CDU Kaarst-B\u00fcttgen\",\"isPartOf\":{\"@id\":\"https:\\\/\\\/cdu-kaarst.de\\\/#website\"},\"datePublished\":\"2025-07-07T13:27:30+00:00\",\"dateModified\":\"2025-08-21T16:16:45+00:00\",\"breadcrumb\":{\"@id\":\"https:\\\/\\\/cdu-kaarst.de\\\/termin\\\/wahlarena-zur-kommunalwahl-fuer-schuelerinnen-und-schueler-im-aef\\\/#breadcrumb\"},\"inLanguage\":\"en-GB\",\"potentialAction\":[{\"@type\":\"ReadAction\",\"target\":[\"https:\\\/\\\/cdu-kaarst.de\\\/termin\\\/wahlarena-zur-kommunalwahl-fuer-schuelerinnen-und-schueler-im-aef\\\/\"]}]},{\"@type\":\"BreadcrumbList\",\"@id\":\"https:\\\/\\\/cdu-kaarst.de\\\/termin\\\/wahlarena-zur-kommunalwahl-fuer-schuelerinnen-und-schueler-im-aef\\\/#breadcrumb\",\"itemListElement\":[{\"@type\":\"ListItem\",\"position\":1,\"name\":\"Startseite\",\"item\":\"https:\\\/\\\/cdu-kaarst.de\\\/\"},{\"@type\":\"ListItem\",\"position\":2,\"name\":\"Termin\",\"item\":\"https:\\\/\\\/cdu-kaarst.de\\\/termin\\\/\"},{\"@type\":\"ListItem\",\"position\":3,\"name\":\"Wahlarena zur Kommunalwahl f\u00fcr Sch\u00fclerinnen und Sch\u00fcler im AEF\"}]},{\"@type\":\"WebSite\",\"@id\":\"https:\\\/\\\/cdu-kaarst.de\\\/#website\",\"url\":\"https:\\\/\\\/cdu-kaarst.de\\\/\",\"name\":\"CDU Kaarst-B\u00fcttgen\",\"description\":\"gut Leben in Kaarst\",\"publisher\":{\"@id\":\"https:\\\/\\\/cdu-kaarst.de\\\/#organization\"},\"potentialAction\":[{\"@type\":\"SearchAction\",\"target\":{\"@type\":\"EntryPoint\",\"urlTemplate\":\"https:\\\/\\\/cdu-kaarst.de\\\/?s={search_term_string}\"},\"query-input\":{\"@type\":\"PropertyValueSpecification\",\"valueRequired\":true,\"valueName\":\"search_term_string\"}}],\"inLanguage\":\"en-GB\"},{\"@type\":\"Organization\",\"@id\":\"https:\\\/\\\/cdu-kaarst.de\\\/#organization\",\"name\":\"CDU Kaarst-B\u00fcttgen\",\"url\":\"https:\\\/\\\/cdu-kaarst.de\\\/\",\"logo\":{\"@type\":\"ImageObject\",\"inLanguage\":\"en-GB\",\"@id\":\"https:\\\/\\\/cdu-kaarst.de\\\/#\\\/schema\\\/logo\\\/image\\\/\",\"url\":\"https:\\\/\\\/cdu-kaarst.de\\\/wp-content\\\/uploads\\\/cdu-gesamtlogo.png\",\"contentUrl\":\"https:\\\/\\\/cdu-kaarst.de\\\/wp-content\\\/uploads\\\/cdu-gesamtlogo.png\",\"width\":418,\"height\":120,\"caption\":\"CDU Kaarst-B\u00fcttgen\"},\"image\":{\"@id\":\"https:\\\/\\\/cdu-kaarst.de\\\/#\\\/schema\\\/logo\\\/image\\\/\"}}]}<\/script>\n<!-- \/ Yoast SEO plugin. -->","yoast_head_json":{"title":"Election arena for local elections for pupils at the AEF - CDU Kaarst-B\u00fcttgen","robots":{"index":"noindex","follow":"follow"},"og_locale":"en_GB","og_type":"article","og_title":"Wahlarena zur Kommunalwahl f\u00fcr Sch\u00fclerinnen und Sch\u00fcler im AEF - CDU Kaarst-B\u00fcttgen","og_description":"Um das politische Interesse und die Demokratieerziehung der Sch\u00fclerinnen und Sch\u00fclern zu st\u00e4rken, ihnen einen \u00dcberblick der Parteien und Programme bei der Kommunalwahl zu geben und sie zugleich zu ermuntern, von ihrem Wahlrecht Gebrauch zu machen, wird am 02.09.2025 von 10.00 Uhr bis 11.30 Uhr eine Wahlarena im AEF stattfinden mit allen derzeit im Rat [&hellip;]","og_url":"https:\/\/cdu-kaarst.de\/en\/termin\/wahlarena-zur-kommunalwahl-fuer-schuelerinnen-und-schueler-im-aef\/","og_site_name":"CDU Kaarst-B\u00fcttgen","article_modified_time":"2025-08-21T16:16:45+00:00","twitter_card":"summary_large_image","twitter_misc":{"Estimated reading time":"1 minute"},"schema":{"@context":"https:\/\/schema.org","@graph":[{"@type":"WebPage","@id":"https:\/\/cdu-kaarst.de\/termin\/wahlarena-zur-kommunalwahl-fuer-schuelerinnen-und-schueler-im-aef\/","url":"https:\/\/cdu-kaarst.de\/termin\/wahlarena-zur-kommunalwahl-fuer-schuelerinnen-und-schueler-im-aef\/","name":"Election arena for local elections for pupils at the AEF - CDU Kaarst-B\u00fcttgen","isPartOf":{"@id":"https:\/\/cdu-kaarst.de\/#website"},"datePublished":"2025-07-07T13:27:30+00:00","dateModified":"2025-08-21T16:16:45+00:00","breadcrumb":{"@id":"https:\/\/cdu-kaarst.de\/termin\/wahlarena-zur-kommunalwahl-fuer-schuelerinnen-und-schueler-im-aef\/#breadcrumb"},"inLanguage":"en-GB","potentialAction":[{"@type":"ReadAction","target":["https:\/\/cdu-kaarst.de\/termin\/wahlarena-zur-kommunalwahl-fuer-schuelerinnen-und-schueler-im-aef\/"]}]},{"@type":"BreadcrumbList","@id":"https:\/\/cdu-kaarst.de\/termin\/wahlarena-zur-kommunalwahl-fuer-schuelerinnen-und-schueler-im-aef\/#breadcrumb","itemListElement":[{"@type":"ListItem","position":1,"name":"Startseite","item":"https:\/\/cdu-kaarst.de\/"},{"@type":"ListItem","position":2,"name":"Termin","item":"https:\/\/cdu-kaarst.de\/termin\/"},{"@type":"ListItem","position":3,"name":"Wahlarena zur Kommunalwahl f\u00fcr Sch\u00fclerinnen und Sch\u00fcler im AEF"}]},{"@type":"WebSite","@id":"https:\/\/cdu-kaarst.de\/#website","url":"https:\/\/cdu-kaarst.de\/","name":"CDU Kaarst-B\u00fcttgen","description":"living well in Kaarst","publisher":{"@id":"https:\/\/cdu-kaarst.de\/#organization"},"potentialAction":[{"@type":"SearchAction","target":{"@type":"EntryPoint","urlTemplate":"https:\/\/cdu-kaarst.de\/?s={search_term_string}"},"query-input":{"@type":"PropertyValueSpecification","valueRequired":true,"valueName":"search_term_string"}}],"inLanguage":"en-GB"},{"@type":"Organization","@id":"https:\/\/cdu-kaarst.de\/#organization","name":"CDU Kaarst-B\u00fcttgen","url":"https:\/\/cdu-kaarst.de\/","logo":{"@type":"ImageObject","inLanguage":"en-GB","@id":"https:\/\/cdu-kaarst.de\/#\/schema\/logo\/image\/","url":"https:\/\/cdu-kaarst.de\/wp-content\/uploads\/cdu-gesamtlogo.png","contentUrl":"https:\/\/cdu-kaarst.de\/wp-content\/uploads\/cdu-gesamtlogo.png","width":418,"height":120,"caption":"CDU Kaarst-B\u00fcttgen"},"image":{"@id":"https:\/\/cdu-kaarst.de\/#\/schema\/logo\/image\/"}}]}},"_links":{"self":[{"href":"https:\/\/cdu-kaarst.de\/en\/wp-json\/wp\/v2\/termin\/6721","targetHints":{"allow":["GET"]}}],"collection":[{"href":"https:\/\/cdu-kaarst.de\/en\/wp-json\/wp\/v2\/termin"}],"about":[{"href":"https:\/\/cdu-kaarst.de\/en\/wp-json\/wp\/v2\/types\/termin"}],"wp:attachment":[{"href":"https:\/\/cdu-kaarst.de\/en\/wp-json\/wp\/v2\/media?parent=6721"}],"wp:term":[{"taxonomy":"gemeinschaften","embeddable":true,"href":"https:\/\/cdu-kaarst.de\/en\/wp-json\/wp\/v2\/gemeinschaften?post=6721"}],"curies":[{"name":"wp","href":"https:\/\/api.w.org\/{rel}","templated":true}]}}

<!-- This site is optimized with the Yoast SEO plugin v27.4 - https://yoast.com/product/yoast-seo-wordpress/ -->
<title>Wahlarena zur Kommunalwahl für Schülerinnen und Schüler im AEF - CDU Kaarst-Büttgen</title>
<meta name="robots" content="noindex, follow" />
<meta property="og:locale" content="en_GB" />
<meta property="og:type" content="article" />
<meta property="og:title" content="Wahlarena zur Kommunalwahl für Schülerinnen und Schüler im AEF - CDU Kaarst-Büttgen" />
<meta property="og:description" content="Um das politische Interesse und die Demokratieerziehung der Schülerinnen und Schülern zu stärken, ihnen einen Überblick der Parteien und Programme bei der Kommunalwahl zu geben und sie zugleich zu ermuntern, von ihrem Wahlrecht Gebrauch zu machen, wird am 02.09.2025 von 10.00 Uhr bis 11.30 Uhr eine Wahlarena im AEF stattfinden mit allen derzeit im Rat [&hellip;]" />
<meta property="og:url" content="https://cdu-kaarst.de/en/termin/wahlarena-zur-kommunalwahl-fuer-schuelerinnen-und-schueler-im-aef/" />
<meta property="og:site_name" content="CDU Kaarst-Büttgen" />
<meta property="article:modified_time" content="2025-08-21T16:16:45+00:00" />
<meta name="twitter:card" content="summary_large_image" />
<meta name="twitter:label1" content="Estimated reading time" />
	<meta name="twitter:data1" content="1 minute" />
<script type="application/ld+json" class="yoast-schema-graph">{"@context":"https:\/\/schema.org","@graph":[{"@type":"WebPage","@id":"https:\/\/cdu-kaarst.de\/termin\/wahlarena-zur-kommunalwahl-fuer-schuelerinnen-und-schueler-im-aef\/","url":"https:\/\/cdu-kaarst.de\/termin\/wahlarena-zur-kommunalwahl-fuer-schuelerinnen-und-schueler-im-aef\/","name":"Wahlarena zur Kommunalwahl für Schülerinnen und Schüler im AEF - CDU Kaarst-Büttgen","isPartOf":{"@id":"https:\/\/cdu-kaarst.de\/#website"},"datePublished":"2025-07-07T13:27:30+00:00","dateModified":"2025-08-21T16:16:45+00:00","breadcrumb":{"@id":"https:\/\/cdu-kaarst.de\/termin\/wahlarena-zur-kommunalwahl-fuer-schuelerinnen-und-schueler-im-aef\/#breadcrumb"},"inLanguage":"en-GB","potentialAction":[{"@type":"ReadAction","target":["https:\/\/cdu-kaarst.de\/termin\/wahlarena-zur-kommunalwahl-fuer-schuelerinnen-und-schueler-im-aef\/"]}]},{"@type":"BreadcrumbList","@id":"https:\/\/cdu-kaarst.de\/termin\/wahlarena-zur-kommunalwahl-fuer-schuelerinnen-und-schueler-im-aef\/#breadcrumb","itemListElement":[{"@type":"ListItem","position":1,"name":"Startseite","item":"https:\/\/cdu-kaarst.de\/"},{"@type":"ListItem","position":2,"name":"Termin","item":"https:\/\/cdu-kaarst.de\/termin\/"},{"@type":"ListItem","position":3,"name":"Wahlarena zur Kommunalwahl für Schülerinnen und Schüler im AEF"}]},{"@type":"WebSite","@id":"https:\/\/cdu-kaarst.de\/#website","url":"https:\/\/cdu-kaarst.de\/","name":"CDU Kaarst-Büttgen","description":"gut Leben in Kaarst","publisher":{"@id":"https:\/\/cdu-kaarst.de\/#organization"},"potentialAction":[{"@type":"SearchAction","target":{"@type":"EntryPoint","urlTemplate":"https:\/\/cdu-kaarst.de\/?s={search_term_string}"},"query-input":{"@type":"PropertyValueSpecification","valueRequired":true,"valueName":"search_term_string"}}],"inLanguage":"en-GB"},{"@type":"Organization","@id":"https:\/\/cdu-kaarst.de\/#organization","name":"CDU Kaarst-Büttgen","url":"https:\/\/cdu-kaarst.de\/","logo":{"@type":"ImageObject","inLanguage":"en-GB","@id":"https:\/\/cdu-kaarst.de\/#\/schema\/logo\/image\/","url":"https:\/\/cdu-kaarst.de\/wp-content\/uploads\/cdu-gesamtlogo.png","contentUrl":"https:\/\/cdu-kaarst.de\/wp-content\/uploads\/cdu-gesamtlogo.png","width":418,"height":120,"caption":"CDU Kaarst-Büttgen"},"image":{"@id":"https:\/\/cdu-kaarst.de\/#\/schema\/logo\/image\/"}}]}</script>
<!-- / Yoast SEO plugin. -->

Election arena for local elections for pupils at the AEF - CDU Kaarst-Büttgen

Wahlarena zur Kommunalwahl für Schülerinnen und Schüler im AEF - CDU Kaarst-Büttgen

Um das politische Interesse und die Demokratieerziehung der Schülerinnen und Schülern zu stärken, ihnen einen Überblick der Parteien und Programme bei der Kommunalwahl zu geben und sie zugleich zu ermuntern, von ihrem Wahlrecht Gebrauch zu machen, wird am 02.09.2025 von 10.00 Uhr bis 11.30 Uhr eine Wahlarena im AEF stattfinden mit allen derzeit im Rat [&hellip;]

CDU Kaarst-Büttgen

Wahlarena zur Kommunalwahl für Schülerinnen und Schüler im AEF
