{"id":6834,"date":"2025-08-12T14:20:59","date_gmt":"2025-08-12T12:20:59","guid":{"rendered":"https:\/\/cdu-kaarst.de\/?post_type=termin&#038;p=6834"},"modified":"2025-08-27T13:34:27","modified_gmt":"2025-08-27T11:34:27","slug":"fruehschoppen-mit-thorsten-frei-auf-dem-erdbeerhof-kueppers","status":"publish","type":"termin","link":"https:\/\/cdu-kaarst.de\/en\/termin\/fruehschoppen-mit-thorsten-frei-auf-dem-erdbeerhof-kueppers\/","title":{"rendered":"Morning pint with Thorsten Frei at the K\u00fcppers strawberry farm"},"content":{"rendered":"<p>Thorsten Frei, Head of the Federal Chancellery, reports on the latest developments in federal politics and the implications for the town of Kaarst<\/p>\n<p>&nbsp;<\/p>\n<h2>Political morning pint with Thorsten Frei at the K\u00fcppers strawberry farm<\/h2>\n<p>On Saturday, 6 September 2025, the CDU Kaarst cordially invites you to a political morning pint at Erdbeerhof K\u00fcppers, Hasselstra\u00dfe 64, Kaarst, from 11:00 to 13:00.<\/p>\n<p>As a special guest we welcome <strong>Thorsten Frei<\/strong>Minister of the Chancellery and close confidant of the Federal Chancellor.<br \/>\nAlso included are <strong>Katharina Reinhold<\/strong>our candidate for the district council, and <strong>Christian Horn-Heinemann<\/strong>candidate for mayor of the CDU Kaarst.<\/p>\n<p>A few days before the local elections, the event offers an excellent opportunity to talk directly to our candidates, ask political questions or raise issues from your personal and social environment.<\/p>\n<p>Catering will be provided. We look forward to an open exchange with many interested citizens.<\/p>","protected":false},"featured_media":6835,"template":"","meta":{"datum":1757116800,"uhr":"11:00","bis":"","platz":"Erdbeerhof K\u00fcppers","adresse":"Hofmarkt Thessa K\u00fcppers, Hasselstra\u00dfe 64, 41564 Kaarst","button-text":"Mehr Erfahren","einladung-herunterladen":""},"gemeinschaften":[],"class_list":["post-6834","termin","type-termin","status-publish","has-post-thumbnail","hentry"],"yoast_head":"<!-- This site is optimized with the Yoast SEO plugin v27.4 - https:\/\/yoast.com\/product\/yoast-seo-wordpress\/ -->\n<title>Fr\u00fchschoppen mit Thorsten Frei auf dem Erdbeerhof K\u00fcppers - CDU Kaarst-B\u00fcttgen<\/title>\n<meta name=\"robots\" content=\"noindex, follow\" \/>\n<meta property=\"og:locale\" content=\"en_GB\" \/>\n<meta property=\"og:type\" content=\"article\" \/>\n<meta property=\"og:title\" content=\"Fr\u00fchschoppen mit Thorsten Frei auf dem Erdbeerhof K\u00fcppers - CDU Kaarst-B\u00fcttgen\" \/>\n<meta property=\"og:description\" content=\"Thorsten Frei, Chef des Bundeskanzleramtes, berichtet Aktuelles aus der Bundespolitik und Auswirkungen f\u00fcr die Stadt Kaarst &nbsp; Politischer Fr\u00fchschoppen mit Thorsten Frei auf dem Erdbeerhof K\u00fcppers Am Samstag, den 6. September 2025, l\u00e4dt die CDU Kaarst von 11:00 bis 13:00 Uhr herzlich zu einem politischen Fr\u00fchschoppen auf dem Erdbeerhof K\u00fcppers, Hasselstra\u00dfe 64, Kaarst, ein. Als [&hellip;]\" \/>\n<meta property=\"og:url\" content=\"https:\/\/cdu-kaarst.de\/en\/termin\/fruehschoppen-mit-thorsten-frei-auf-dem-erdbeerhof-kueppers\/\" \/>\n<meta property=\"og:site_name\" content=\"CDU Kaarst-B\u00fcttgen\" \/>\n<meta property=\"article:modified_time\" content=\"2025-08-27T11:34:27+00:00\" \/>\n<meta property=\"og:image\" content=\"https:\/\/cdu-kaarst.de\/wp-content\/uploads\/thorsten-frei.jpg\" \/>\n\t<meta property=\"og:image:width\" content=\"282\" \/>\n\t<meta property=\"og:image:height\" content=\"376\" \/>\n\t<meta property=\"og:image:type\" content=\"image\/jpeg\" \/>\n<meta name=\"twitter:card\" content=\"summary_large_image\" \/>\n<meta name=\"twitter:label1\" content=\"Estimated reading time\" \/>\n\t<meta name=\"twitter:data1\" content=\"1 minute\" \/>\n<script type=\"application\/ld+json\" class=\"yoast-schema-graph\">{\"@context\":\"https:\\\/\\\/schema.org\",\"@graph\":[{\"@type\":\"WebPage\",\"@id\":\"https:\\\/\\\/cdu-kaarst.de\\\/termin\\\/fruehschoppen-mit-thorsten-frei-auf-dem-erdbeerhof-kueppers\\\/\",\"url\":\"https:\\\/\\\/cdu-kaarst.de\\\/termin\\\/fruehschoppen-mit-thorsten-frei-auf-dem-erdbeerhof-kueppers\\\/\",\"name\":\"Fr\u00fchschoppen mit Thorsten Frei auf dem Erdbeerhof K\u00fcppers - CDU Kaarst-B\u00fcttgen\",\"isPartOf\":{\"@id\":\"https:\\\/\\\/cdu-kaarst.de\\\/#website\"},\"primaryImageOfPage\":{\"@id\":\"https:\\\/\\\/cdu-kaarst.de\\\/termin\\\/fruehschoppen-mit-thorsten-frei-auf-dem-erdbeerhof-kueppers\\\/#primaryimage\"},\"image\":{\"@id\":\"https:\\\/\\\/cdu-kaarst.de\\\/termin\\\/fruehschoppen-mit-thorsten-frei-auf-dem-erdbeerhof-kueppers\\\/#primaryimage\"},\"thumbnailUrl\":\"https:\\\/\\\/cdu-kaarst.de\\\/wp-content\\\/uploads\\\/thorsten-frei.jpg\",\"datePublished\":\"2025-08-12T12:20:59+00:00\",\"dateModified\":\"2025-08-27T11:34:27+00:00\",\"breadcrumb\":{\"@id\":\"https:\\\/\\\/cdu-kaarst.de\\\/termin\\\/fruehschoppen-mit-thorsten-frei-auf-dem-erdbeerhof-kueppers\\\/#breadcrumb\"},\"inLanguage\":\"en-GB\",\"potentialAction\":[{\"@type\":\"ReadAction\",\"target\":[\"https:\\\/\\\/cdu-kaarst.de\\\/termin\\\/fruehschoppen-mit-thorsten-frei-auf-dem-erdbeerhof-kueppers\\\/\"]}]},{\"@type\":\"ImageObject\",\"inLanguage\":\"en-GB\",\"@id\":\"https:\\\/\\\/cdu-kaarst.de\\\/termin\\\/fruehschoppen-mit-thorsten-frei-auf-dem-erdbeerhof-kueppers\\\/#primaryimage\",\"url\":\"https:\\\/\\\/cdu-kaarst.de\\\/wp-content\\\/uploads\\\/thorsten-frei.jpg\",\"contentUrl\":\"https:\\\/\\\/cdu-kaarst.de\\\/wp-content\\\/uploads\\\/thorsten-frei.jpg\",\"width\":282,\"height\":376,\"caption\":\"Fr\u00fchschoppen mit Thorsten Frei auf dem Erdbeerhof K\u00fcppers\"},{\"@type\":\"BreadcrumbList\",\"@id\":\"https:\\\/\\\/cdu-kaarst.de\\\/termin\\\/fruehschoppen-mit-thorsten-frei-auf-dem-erdbeerhof-kueppers\\\/#breadcrumb\",\"itemListElement\":[{\"@type\":\"ListItem\",\"position\":1,\"name\":\"Startseite\",\"item\":\"https:\\\/\\\/cdu-kaarst.de\\\/\"},{\"@type\":\"ListItem\",\"position\":2,\"name\":\"Termin\",\"item\":\"https:\\\/\\\/cdu-kaarst.de\\\/termin\\\/\"},{\"@type\":\"ListItem\",\"position\":3,\"name\":\"Fr\u00fchschoppen mit Thorsten Frei auf dem Erdbeerhof K\u00fcppers\"}]},{\"@type\":\"WebSite\",\"@id\":\"https:\\\/\\\/cdu-kaarst.de\\\/#website\",\"url\":\"https:\\\/\\\/cdu-kaarst.de\\\/\",\"name\":\"CDU Kaarst-B\u00fcttgen\",\"description\":\"gut Leben in Kaarst\",\"publisher\":{\"@id\":\"https:\\\/\\\/cdu-kaarst.de\\\/#organization\"},\"potentialAction\":[{\"@type\":\"SearchAction\",\"target\":{\"@type\":\"EntryPoint\",\"urlTemplate\":\"https:\\\/\\\/cdu-kaarst.de\\\/?s={search_term_string}\"},\"query-input\":{\"@type\":\"PropertyValueSpecification\",\"valueRequired\":true,\"valueName\":\"search_term_string\"}}],\"inLanguage\":\"en-GB\"},{\"@type\":\"Organization\",\"@id\":\"https:\\\/\\\/cdu-kaarst.de\\\/#organization\",\"name\":\"CDU Kaarst-B\u00fcttgen\",\"url\":\"https:\\\/\\\/cdu-kaarst.de\\\/\",\"logo\":{\"@type\":\"ImageObject\",\"inLanguage\":\"en-GB\",\"@id\":\"https:\\\/\\\/cdu-kaarst.de\\\/#\\\/schema\\\/logo\\\/image\\\/\",\"url\":\"https:\\\/\\\/cdu-kaarst.de\\\/wp-content\\\/uploads\\\/cdu-gesamtlogo.png\",\"contentUrl\":\"https:\\\/\\\/cdu-kaarst.de\\\/wp-content\\\/uploads\\\/cdu-gesamtlogo.png\",\"width\":418,\"height\":120,\"caption\":\"CDU Kaarst-B\u00fcttgen\"},\"image\":{\"@id\":\"https:\\\/\\\/cdu-kaarst.de\\\/#\\\/schema\\\/logo\\\/image\\\/\"}}]}<\/script>\n<!-- \/ Yoast SEO plugin. -->","yoast_head_json":{"title":"Morning pint with Thorsten Frei at the K\u00fcppers strawberry farm - CDU Kaarst-B\u00fcttgen","robots":{"index":"noindex","follow":"follow"},"og_locale":"en_GB","og_type":"article","og_title":"Fr\u00fchschoppen mit Thorsten Frei auf dem Erdbeerhof K\u00fcppers - CDU Kaarst-B\u00fcttgen","og_description":"Thorsten Frei, Chef des Bundeskanzleramtes, berichtet Aktuelles aus der Bundespolitik und Auswirkungen f\u00fcr die Stadt Kaarst &nbsp; Politischer Fr\u00fchschoppen mit Thorsten Frei auf dem Erdbeerhof K\u00fcppers Am Samstag, den 6. September 2025, l\u00e4dt die CDU Kaarst von 11:00 bis 13:00 Uhr herzlich zu einem politischen Fr\u00fchschoppen auf dem Erdbeerhof K\u00fcppers, Hasselstra\u00dfe 64, Kaarst, ein. Als [&hellip;]","og_url":"https:\/\/cdu-kaarst.de\/en\/termin\/fruehschoppen-mit-thorsten-frei-auf-dem-erdbeerhof-kueppers\/","og_site_name":"CDU Kaarst-B\u00fcttgen","article_modified_time":"2025-08-27T11:34:27+00:00","og_image":[{"width":282,"height":376,"url":"https:\/\/cdu-kaarst.de\/wp-content\/uploads\/thorsten-frei.jpg","type":"image\/jpeg"}],"twitter_card":"summary_large_image","twitter_misc":{"Estimated reading time":"1 minute"},"schema":{"@context":"https:\/\/schema.org","@graph":[{"@type":"WebPage","@id":"https:\/\/cdu-kaarst.de\/termin\/fruehschoppen-mit-thorsten-frei-auf-dem-erdbeerhof-kueppers\/","url":"https:\/\/cdu-kaarst.de\/termin\/fruehschoppen-mit-thorsten-frei-auf-dem-erdbeerhof-kueppers\/","name":"Morning pint with Thorsten Frei at the K\u00fcppers strawberry farm - CDU Kaarst-B\u00fcttgen","isPartOf":{"@id":"https:\/\/cdu-kaarst.de\/#website"},"primaryImageOfPage":{"@id":"https:\/\/cdu-kaarst.de\/termin\/fruehschoppen-mit-thorsten-frei-auf-dem-erdbeerhof-kueppers\/#primaryimage"},"image":{"@id":"https:\/\/cdu-kaarst.de\/termin\/fruehschoppen-mit-thorsten-frei-auf-dem-erdbeerhof-kueppers\/#primaryimage"},"thumbnailUrl":"https:\/\/cdu-kaarst.de\/wp-content\/uploads\/thorsten-frei.jpg","datePublished":"2025-08-12T12:20:59+00:00","dateModified":"2025-08-27T11:34:27+00:00","breadcrumb":{"@id":"https:\/\/cdu-kaarst.de\/termin\/fruehschoppen-mit-thorsten-frei-auf-dem-erdbeerhof-kueppers\/#breadcrumb"},"inLanguage":"en-GB","potentialAction":[{"@type":"ReadAction","target":["https:\/\/cdu-kaarst.de\/termin\/fruehschoppen-mit-thorsten-frei-auf-dem-erdbeerhof-kueppers\/"]}]},{"@type":"ImageObject","inLanguage":"en-GB","@id":"https:\/\/cdu-kaarst.de\/termin\/fruehschoppen-mit-thorsten-frei-auf-dem-erdbeerhof-kueppers\/#primaryimage","url":"https:\/\/cdu-kaarst.de\/wp-content\/uploads\/thorsten-frei.jpg","contentUrl":"https:\/\/cdu-kaarst.de\/wp-content\/uploads\/thorsten-frei.jpg","width":282,"height":376,"caption":"Fr\u00fchschoppen mit Thorsten Frei auf dem Erdbeerhof K\u00fcppers"},{"@type":"BreadcrumbList","@id":"https:\/\/cdu-kaarst.de\/termin\/fruehschoppen-mit-thorsten-frei-auf-dem-erdbeerhof-kueppers\/#breadcrumb","itemListElement":[{"@type":"ListItem","position":1,"name":"Startseite","item":"https:\/\/cdu-kaarst.de\/"},{"@type":"ListItem","position":2,"name":"Termin","item":"https:\/\/cdu-kaarst.de\/termin\/"},{"@type":"ListItem","position":3,"name":"Fr\u00fchschoppen mit Thorsten Frei auf dem Erdbeerhof K\u00fcppers"}]},{"@type":"WebSite","@id":"https:\/\/cdu-kaarst.de\/#website","url":"https:\/\/cdu-kaarst.de\/","name":"CDU Kaarst-B\u00fcttgen","description":"living well in Kaarst","publisher":{"@id":"https:\/\/cdu-kaarst.de\/#organization"},"potentialAction":[{"@type":"SearchAction","target":{"@type":"EntryPoint","urlTemplate":"https:\/\/cdu-kaarst.de\/?s={search_term_string}"},"query-input":{"@type":"PropertyValueSpecification","valueRequired":true,"valueName":"search_term_string"}}],"inLanguage":"en-GB"},{"@type":"Organization","@id":"https:\/\/cdu-kaarst.de\/#organization","name":"CDU Kaarst-B\u00fcttgen","url":"https:\/\/cdu-kaarst.de\/","logo":{"@type":"ImageObject","inLanguage":"en-GB","@id":"https:\/\/cdu-kaarst.de\/#\/schema\/logo\/image\/","url":"https:\/\/cdu-kaarst.de\/wp-content\/uploads\/cdu-gesamtlogo.png","contentUrl":"https:\/\/cdu-kaarst.de\/wp-content\/uploads\/cdu-gesamtlogo.png","width":418,"height":120,"caption":"CDU Kaarst-B\u00fcttgen"},"image":{"@id":"https:\/\/cdu-kaarst.de\/#\/schema\/logo\/image\/"}}]}},"_links":{"self":[{"href":"https:\/\/cdu-kaarst.de\/en\/wp-json\/wp\/v2\/termin\/6834","targetHints":{"allow":["GET"]}}],"collection":[{"href":"https:\/\/cdu-kaarst.de\/en\/wp-json\/wp\/v2\/termin"}],"about":[{"href":"https:\/\/cdu-kaarst.de\/en\/wp-json\/wp\/v2\/types\/termin"}],"wp:featuredmedia":[{"embeddable":true,"href":"https:\/\/cdu-kaarst.de\/en\/wp-json\/wp\/v2\/media\/6835"}],"wp:attachment":[{"href":"https:\/\/cdu-kaarst.de\/en\/wp-json\/wp\/v2\/media?parent=6834"}],"wp:term":[{"taxonomy":"gemeinschaften","embeddable":true,"href":"https:\/\/cdu-kaarst.de\/en\/wp-json\/wp\/v2\/gemeinschaften?post=6834"}],"curies":[{"name":"wp","href":"https:\/\/api.w.org\/{rel}","templated":true}]}}

Morning pint with Thorsten Frei at the Küppers strawberry farm

<p>Thorsten Frei, Head of the Federal Chancellery, reports on the latest developments in federal politics and the implications for the town of Kaarst</p>
<p>&nbsp;</p>
<h2>Political morning pint with Thorsten Frei at the Küppers strawberry farm</h2>
<p>On Saturday, 6 September 2025, the CDU Kaarst cordially invites you to a political morning pint at Erdbeerhof Küppers, Hasselstraße 64, Kaarst, from 11:00 to 13:00.</p>
<p>As a special guest we welcome <strong>Thorsten Frei</strong>Minister of the Chancellery and close confidant of the Federal Chancellor.<br />
Also included are <strong>Katharina Reinhold</strong>our candidate for the district council, and <strong>Christian Horn-Heinemann</strong>candidate for mayor of the CDU Kaarst.</p>
<p>A few days before the local elections, the event offers an excellent opportunity to talk directly to our candidates, ask political questions or raise issues from your personal and social environment.</p>
<p>Catering will be provided. We look forward to an open exchange with many interested citizens.</p>

Erdbeerhof Küppers

Hofmarkt Thessa Küppers, Hasselstraße 64, 41564 Kaarst

<!-- This site is optimized with the Yoast SEO plugin v27.4 - https://yoast.com/product/yoast-seo-wordpress/ -->
<title>Frühschoppen mit Thorsten Frei auf dem Erdbeerhof Küppers - CDU Kaarst-Büttgen</title>
<meta name="robots" content="noindex, follow" />
<meta property="og:locale" content="en_GB" />
<meta property="og:type" content="article" />
<meta property="og:title" content="Frühschoppen mit Thorsten Frei auf dem Erdbeerhof Küppers - CDU Kaarst-Büttgen" />
<meta property="og:description" content="Thorsten Frei, Chef des Bundeskanzleramtes, berichtet Aktuelles aus der Bundespolitik und Auswirkungen für die Stadt Kaarst &nbsp; Politischer Frühschoppen mit Thorsten Frei auf dem Erdbeerhof Küppers Am Samstag, den 6. September 2025, lädt die CDU Kaarst von 11:00 bis 13:00 Uhr herzlich zu einem politischen Frühschoppen auf dem Erdbeerhof Küppers, Hasselstraße 64, Kaarst, ein. Als [&hellip;]" />
<meta property="og:url" content="https://cdu-kaarst.de/en/termin/fruehschoppen-mit-thorsten-frei-auf-dem-erdbeerhof-kueppers/" />
<meta property="og:site_name" content="CDU Kaarst-Büttgen" />
<meta property="article:modified_time" content="2025-08-27T11:34:27+00:00" />
<meta property="og:image" content="https://cdu-kaarst.de/wp-content/uploads/thorsten-frei.jpg" />
	<meta property="og:image:width" content="282" />
	<meta property="og:image:height" content="376" />
	<meta property="og:image:type" content="image/jpeg" />
<meta name="twitter:card" content="summary_large_image" />
<meta name="twitter:label1" content="Estimated reading time" />
	<meta name="twitter:data1" content="1 minute" />
<script type="application/ld+json" class="yoast-schema-graph">{"@context":"https:\/\/schema.org","@graph":[{"@type":"WebPage","@id":"https:\/\/cdu-kaarst.de\/termin\/fruehschoppen-mit-thorsten-frei-auf-dem-erdbeerhof-kueppers\/","url":"https:\/\/cdu-kaarst.de\/termin\/fruehschoppen-mit-thorsten-frei-auf-dem-erdbeerhof-kueppers\/","name":"Frühschoppen mit Thorsten Frei auf dem Erdbeerhof Küppers - CDU Kaarst-Büttgen","isPartOf":{"@id":"https:\/\/cdu-kaarst.de\/#website"},"primaryImageOfPage":{"@id":"https:\/\/cdu-kaarst.de\/termin\/fruehschoppen-mit-thorsten-frei-auf-dem-erdbeerhof-kueppers\/#primaryimage"},"image":{"@id":"https:\/\/cdu-kaarst.de\/termin\/fruehschoppen-mit-thorsten-frei-auf-dem-erdbeerhof-kueppers\/#primaryimage"},"thumbnailUrl":"https:\/\/cdu-kaarst.de\/wp-content\/uploads\/thorsten-frei.jpg","datePublished":"2025-08-12T12:20:59+00:00","dateModified":"2025-08-27T11:34:27+00:00","breadcrumb":{"@id":"https:\/\/cdu-kaarst.de\/termin\/fruehschoppen-mit-thorsten-frei-auf-dem-erdbeerhof-kueppers\/#breadcrumb"},"inLanguage":"en-GB","potentialAction":[{"@type":"ReadAction","target":["https:\/\/cdu-kaarst.de\/termin\/fruehschoppen-mit-thorsten-frei-auf-dem-erdbeerhof-kueppers\/"]}]},{"@type":"ImageObject","inLanguage":"en-GB","@id":"https:\/\/cdu-kaarst.de\/termin\/fruehschoppen-mit-thorsten-frei-auf-dem-erdbeerhof-kueppers\/#primaryimage","url":"https:\/\/cdu-kaarst.de\/wp-content\/uploads\/thorsten-frei.jpg","contentUrl":"https:\/\/cdu-kaarst.de\/wp-content\/uploads\/thorsten-frei.jpg","width":282,"height":376,"caption":"Frühschoppen mit Thorsten Frei auf dem Erdbeerhof Küppers"},{"@type":"BreadcrumbList","@id":"https:\/\/cdu-kaarst.de\/termin\/fruehschoppen-mit-thorsten-frei-auf-dem-erdbeerhof-kueppers\/#breadcrumb","itemListElement":[{"@type":"ListItem","position":1,"name":"Startseite","item":"https:\/\/cdu-kaarst.de\/"},{"@type":"ListItem","position":2,"name":"Termin","item":"https:\/\/cdu-kaarst.de\/termin\/"},{"@type":"ListItem","position":3,"name":"Frühschoppen mit Thorsten Frei auf dem Erdbeerhof Küppers"}]},{"@type":"WebSite","@id":"https:\/\/cdu-kaarst.de\/#website","url":"https:\/\/cdu-kaarst.de\/","name":"CDU Kaarst-Büttgen","description":"gut Leben in Kaarst","publisher":{"@id":"https:\/\/cdu-kaarst.de\/#organization"},"potentialAction":[{"@type":"SearchAction","target":{"@type":"EntryPoint","urlTemplate":"https:\/\/cdu-kaarst.de\/?s={search_term_string}"},"query-input":{"@type":"PropertyValueSpecification","valueRequired":true,"valueName":"search_term_string"}}],"inLanguage":"en-GB"},{"@type":"Organization","@id":"https:\/\/cdu-kaarst.de\/#organization","name":"CDU Kaarst-Büttgen","url":"https:\/\/cdu-kaarst.de\/","logo":{"@type":"ImageObject","inLanguage":"en-GB","@id":"https:\/\/cdu-kaarst.de\/#\/schema\/logo\/image\/","url":"https:\/\/cdu-kaarst.de\/wp-content\/uploads\/cdu-gesamtlogo.png","contentUrl":"https:\/\/cdu-kaarst.de\/wp-content\/uploads\/cdu-gesamtlogo.png","width":418,"height":120,"caption":"CDU Kaarst-Büttgen"},"image":{"@id":"https:\/\/cdu-kaarst.de\/#\/schema\/logo\/image\/"}}]}</script>
<!-- / Yoast SEO plugin. -->

Morning pint with Thorsten Frei at the Küppers strawberry farm - CDU Kaarst-Büttgen

Frühschoppen mit Thorsten Frei auf dem Erdbeerhof Küppers - CDU Kaarst-Büttgen

Thorsten Frei, Chef des Bundeskanzleramtes, berichtet Aktuelles aus der Bundespolitik und Auswirkungen für die Stadt Kaarst &nbsp; Politischer Frühschoppen mit Thorsten Frei auf dem Erdbeerhof Küppers Am Samstag, den 6. September 2025, lädt die CDU Kaarst von 11:00 bis 13:00 Uhr herzlich zu einem politischen Frühschoppen auf dem Erdbeerhof Küppers, Hasselstraße 64, Kaarst, ein. Als [&hellip;]

CDU Kaarst-Büttgen

Frühschoppen mit Thorsten Frei auf dem Erdbeerhof Küppers
