{"id":6836,"date":"2025-08-12T14:22:27","date_gmt":"2025-08-12T12:22:27","guid":{"rendered":"https:\/\/cdu-kaarst.de\/?post_type=termin&#038;p=6836"},"modified":"2025-09-10T17:27:19","modified_gmt":"2025-09-10T15:27:19","slug":"meet-greet-cdu-team-im-papalapub","status":"publish","type":"termin","link":"https:\/\/cdu-kaarst.de\/en\/termin\/meet-greet-cdu-team-im-papalapub\/","title":{"rendered":"Meet &amp; Greet at PapalaPub: Politics at your fingertips with Christian Horn-Heinemann"},"content":{"rendered":"<p>One day before the local elections, mayoral candidate <strong>Christian Horn-Heinemann<\/strong> together with the <strong>CDU team Kaarst<\/strong> to an open exchange in the PapalaPub.<\/p>\n<p>In a relaxed atmosphere, there is the opportunity to engage in dialogue, ask questions - including critical ones - and share your own concerns in person.<\/p>\n<p>Christian Horn-Heinemann:<br \/>\n\"If you want to take responsibility, you have to listen - honestly, directly and at eye level.\"<\/p>\n<p>Take the opportunity to talk to your mayoral candidate before the election - in the centre of the city and in the centre of life.<\/p>\n<p><strong>We look forward to your visit!<\/strong><\/p>","protected":false},"featured_media":0,"template":"","meta":{"datum":1757721600,"uhr":"11:30","bis":"","platz":"PapalaPub","adresse":"PapalaPub, Am Neumarkt 1, 41564 Kaarst","button-text":"Mehr Erfahren","einladung-herunterladen":""},"gemeinschaften":[],"class_list":["post-6836","termin","type-termin","status-publish","hentry"],"yoast_head":"<!-- This site is optimized with the Yoast SEO plugin v27.4 - https:\/\/yoast.com\/product\/yoast-seo-wordpress\/ -->\n<title>Meet &amp; Greet im PapalaPub: Politik zum Anfassen mit Christian Horn-Heinemann - CDU Kaarst-B\u00fcttgen<\/title>\n<meta name=\"robots\" content=\"noindex, follow\" \/>\n<meta property=\"og:locale\" content=\"en_GB\" \/>\n<meta property=\"og:type\" content=\"article\" \/>\n<meta property=\"og:title\" content=\"Meet &amp; Greet im PapalaPub: Politik zum Anfassen mit Christian Horn-Heinemann - CDU Kaarst-B\u00fcttgen\" \/>\n<meta property=\"og:description\" content=\"Einen Tag vor der Kommunalwahl l\u00e4dt B\u00fcrgermeisterkandidat Christian Horn-Heinemann gemeinsam mit dem CDU-Team Kaarst zu einem offenen Austausch ins PapalaPub ein. In entspannter Atmosph\u00e4re besteht die M\u00f6glichkeit, ins Gespr\u00e4ch zu kommen, Fragen zu stellen \u2013 auch kritische \u2013 und eigene Anliegen pers\u00f6nlich mitzuteilen. Christian Horn-Heinemann: \u201eWer Verantwortung \u00fcbernehmen will, muss zuh\u00f6ren \u2013 ehrlich, direkt und [&hellip;]\" \/>\n<meta property=\"og:url\" content=\"https:\/\/cdu-kaarst.de\/en\/termin\/meet-greet-cdu-team-im-papalapub\/\" \/>\n<meta property=\"og:site_name\" content=\"CDU Kaarst-B\u00fcttgen\" \/>\n<meta property=\"article:modified_time\" content=\"2025-09-10T15:27:19+00:00\" \/>\n<meta name=\"twitter:card\" content=\"summary_large_image\" \/>\n<script type=\"application\/ld+json\" class=\"yoast-schema-graph\">{\"@context\":\"https:\\\/\\\/schema.org\",\"@graph\":[{\"@type\":\"WebPage\",\"@id\":\"https:\\\/\\\/cdu-kaarst.de\\\/termin\\\/meet-greet-cdu-team-im-papalapub\\\/\",\"url\":\"https:\\\/\\\/cdu-kaarst.de\\\/termin\\\/meet-greet-cdu-team-im-papalapub\\\/\",\"name\":\"Meet & Greet im PapalaPub: Politik zum Anfassen mit Christian Horn-Heinemann - CDU Kaarst-B\u00fcttgen\",\"isPartOf\":{\"@id\":\"https:\\\/\\\/cdu-kaarst.de\\\/#website\"},\"datePublished\":\"2025-08-12T12:22:27+00:00\",\"dateModified\":\"2025-09-10T15:27:19+00:00\",\"breadcrumb\":{\"@id\":\"https:\\\/\\\/cdu-kaarst.de\\\/termin\\\/meet-greet-cdu-team-im-papalapub\\\/#breadcrumb\"},\"inLanguage\":\"en-GB\",\"potentialAction\":[{\"@type\":\"ReadAction\",\"target\":[\"https:\\\/\\\/cdu-kaarst.de\\\/termin\\\/meet-greet-cdu-team-im-papalapub\\\/\"]}]},{\"@type\":\"BreadcrumbList\",\"@id\":\"https:\\\/\\\/cdu-kaarst.de\\\/termin\\\/meet-greet-cdu-team-im-papalapub\\\/#breadcrumb\",\"itemListElement\":[{\"@type\":\"ListItem\",\"position\":1,\"name\":\"Startseite\",\"item\":\"https:\\\/\\\/cdu-kaarst.de\\\/\"},{\"@type\":\"ListItem\",\"position\":2,\"name\":\"Termin\",\"item\":\"https:\\\/\\\/cdu-kaarst.de\\\/termin\\\/\"},{\"@type\":\"ListItem\",\"position\":3,\"name\":\"Meet &#038; Greet im PapalaPub: Politik zum Anfassen mit Christian Horn-Heinemann\"}]},{\"@type\":\"WebSite\",\"@id\":\"https:\\\/\\\/cdu-kaarst.de\\\/#website\",\"url\":\"https:\\\/\\\/cdu-kaarst.de\\\/\",\"name\":\"CDU Kaarst-B\u00fcttgen\",\"description\":\"gut Leben in Kaarst\",\"publisher\":{\"@id\":\"https:\\\/\\\/cdu-kaarst.de\\\/#organization\"},\"potentialAction\":[{\"@type\":\"SearchAction\",\"target\":{\"@type\":\"EntryPoint\",\"urlTemplate\":\"https:\\\/\\\/cdu-kaarst.de\\\/?s={search_term_string}\"},\"query-input\":{\"@type\":\"PropertyValueSpecification\",\"valueRequired\":true,\"valueName\":\"search_term_string\"}}],\"inLanguage\":\"en-GB\"},{\"@type\":\"Organization\",\"@id\":\"https:\\\/\\\/cdu-kaarst.de\\\/#organization\",\"name\":\"CDU Kaarst-B\u00fcttgen\",\"url\":\"https:\\\/\\\/cdu-kaarst.de\\\/\",\"logo\":{\"@type\":\"ImageObject\",\"inLanguage\":\"en-GB\",\"@id\":\"https:\\\/\\\/cdu-kaarst.de\\\/#\\\/schema\\\/logo\\\/image\\\/\",\"url\":\"https:\\\/\\\/cdu-kaarst.de\\\/wp-content\\\/uploads\\\/cdu-gesamtlogo.png\",\"contentUrl\":\"https:\\\/\\\/cdu-kaarst.de\\\/wp-content\\\/uploads\\\/cdu-gesamtlogo.png\",\"width\":418,\"height\":120,\"caption\":\"CDU Kaarst-B\u00fcttgen\"},\"image\":{\"@id\":\"https:\\\/\\\/cdu-kaarst.de\\\/#\\\/schema\\\/logo\\\/image\\\/\"}}]}<\/script>\n<!-- \/ Yoast SEO plugin. -->","yoast_head_json":{"title":"Meet &amp; Greet at the PapalaPub: Politics at your fingertips with Christian Horn-Heinemann - CDU Kaarst-B\u00fcttgen","robots":{"index":"noindex","follow":"follow"},"og_locale":"en_GB","og_type":"article","og_title":"Meet & Greet im PapalaPub: Politik zum Anfassen mit Christian Horn-Heinemann - CDU Kaarst-B\u00fcttgen","og_description":"Einen Tag vor der Kommunalwahl l\u00e4dt B\u00fcrgermeisterkandidat Christian Horn-Heinemann gemeinsam mit dem CDU-Team Kaarst zu einem offenen Austausch ins PapalaPub ein. In entspannter Atmosph\u00e4re besteht die M\u00f6glichkeit, ins Gespr\u00e4ch zu kommen, Fragen zu stellen \u2013 auch kritische \u2013 und eigene Anliegen pers\u00f6nlich mitzuteilen. Christian Horn-Heinemann: \u201eWer Verantwortung \u00fcbernehmen will, muss zuh\u00f6ren \u2013 ehrlich, direkt und [&hellip;]","og_url":"https:\/\/cdu-kaarst.de\/en\/termin\/meet-greet-cdu-team-im-papalapub\/","og_site_name":"CDU Kaarst-B\u00fcttgen","article_modified_time":"2025-09-10T15:27:19+00:00","twitter_card":"summary_large_image","schema":{"@context":"https:\/\/schema.org","@graph":[{"@type":"WebPage","@id":"https:\/\/cdu-kaarst.de\/termin\/meet-greet-cdu-team-im-papalapub\/","url":"https:\/\/cdu-kaarst.de\/termin\/meet-greet-cdu-team-im-papalapub\/","name":"Meet &amp; Greet at the PapalaPub: Politics at your fingertips with Christian Horn-Heinemann - CDU Kaarst-B\u00fcttgen","isPartOf":{"@id":"https:\/\/cdu-kaarst.de\/#website"},"datePublished":"2025-08-12T12:22:27+00:00","dateModified":"2025-09-10T15:27:19+00:00","breadcrumb":{"@id":"https:\/\/cdu-kaarst.de\/termin\/meet-greet-cdu-team-im-papalapub\/#breadcrumb"},"inLanguage":"en-GB","potentialAction":[{"@type":"ReadAction","target":["https:\/\/cdu-kaarst.de\/termin\/meet-greet-cdu-team-im-papalapub\/"]}]},{"@type":"BreadcrumbList","@id":"https:\/\/cdu-kaarst.de\/termin\/meet-greet-cdu-team-im-papalapub\/#breadcrumb","itemListElement":[{"@type":"ListItem","position":1,"name":"Startseite","item":"https:\/\/cdu-kaarst.de\/"},{"@type":"ListItem","position":2,"name":"Termin","item":"https:\/\/cdu-kaarst.de\/termin\/"},{"@type":"ListItem","position":3,"name":"Meet &#038; Greet im PapalaPub: Politik zum Anfassen mit Christian Horn-Heinemann"}]},{"@type":"WebSite","@id":"https:\/\/cdu-kaarst.de\/#website","url":"https:\/\/cdu-kaarst.de\/","name":"CDU Kaarst-B\u00fcttgen","description":"living well in Kaarst","publisher":{"@id":"https:\/\/cdu-kaarst.de\/#organization"},"potentialAction":[{"@type":"SearchAction","target":{"@type":"EntryPoint","urlTemplate":"https:\/\/cdu-kaarst.de\/?s={search_term_string}"},"query-input":{"@type":"PropertyValueSpecification","valueRequired":true,"valueName":"search_term_string"}}],"inLanguage":"en-GB"},{"@type":"Organization","@id":"https:\/\/cdu-kaarst.de\/#organization","name":"CDU Kaarst-B\u00fcttgen","url":"https:\/\/cdu-kaarst.de\/","logo":{"@type":"ImageObject","inLanguage":"en-GB","@id":"https:\/\/cdu-kaarst.de\/#\/schema\/logo\/image\/","url":"https:\/\/cdu-kaarst.de\/wp-content\/uploads\/cdu-gesamtlogo.png","contentUrl":"https:\/\/cdu-kaarst.de\/wp-content\/uploads\/cdu-gesamtlogo.png","width":418,"height":120,"caption":"CDU Kaarst-B\u00fcttgen"},"image":{"@id":"https:\/\/cdu-kaarst.de\/#\/schema\/logo\/image\/"}}]}},"_links":{"self":[{"href":"https:\/\/cdu-kaarst.de\/en\/wp-json\/wp\/v2\/termin\/6836","targetHints":{"allow":["GET"]}}],"collection":[{"href":"https:\/\/cdu-kaarst.de\/en\/wp-json\/wp\/v2\/termin"}],"about":[{"href":"https:\/\/cdu-kaarst.de\/en\/wp-json\/wp\/v2\/types\/termin"}],"wp:attachment":[{"href":"https:\/\/cdu-kaarst.de\/en\/wp-json\/wp\/v2\/media?parent=6836"}],"wp:term":[{"taxonomy":"gemeinschaften","embeddable":true,"href":"https:\/\/cdu-kaarst.de\/en\/wp-json\/wp\/v2\/gemeinschaften?post=6836"}],"curies":[{"name":"wp","href":"https:\/\/api.w.org\/{rel}","templated":true}]}}

<!-- This site is optimized with the Yoast SEO plugin v27.4 - https://yoast.com/product/yoast-seo-wordpress/ -->
<title>Meet &amp; Greet im PapalaPub: Politik zum Anfassen mit Christian Horn-Heinemann - CDU Kaarst-Büttgen</title>
<meta name="robots" content="noindex, follow" />
<meta property="og:locale" content="en_GB" />
<meta property="og:type" content="article" />
<meta property="og:title" content="Meet &amp; Greet im PapalaPub: Politik zum Anfassen mit Christian Horn-Heinemann - CDU Kaarst-Büttgen" />
<meta property="og:description" content="Einen Tag vor der Kommunalwahl lädt Bürgermeisterkandidat Christian Horn-Heinemann gemeinsam mit dem CDU-Team Kaarst zu einem offenen Austausch ins PapalaPub ein. In entspannter Atmosphäre besteht die Möglichkeit, ins Gespräch zu kommen, Fragen zu stellen – auch kritische – und eigene Anliegen persönlich mitzuteilen. Christian Horn-Heinemann: „Wer Verantwortung übernehmen will, muss zuhören – ehrlich, direkt und [&hellip;]" />
<meta property="og:url" content="https://cdu-kaarst.de/en/termin/meet-greet-cdu-team-im-papalapub/" />
<meta property="og:site_name" content="CDU Kaarst-Büttgen" />
<meta property="article:modified_time" content="2025-09-10T15:27:19+00:00" />
<meta name="twitter:card" content="summary_large_image" />
<script type="application/ld+json" class="yoast-schema-graph">{"@context":"https:\/\/schema.org","@graph":[{"@type":"WebPage","@id":"https:\/\/cdu-kaarst.de\/termin\/meet-greet-cdu-team-im-papalapub\/","url":"https:\/\/cdu-kaarst.de\/termin\/meet-greet-cdu-team-im-papalapub\/","name":"Meet & Greet im PapalaPub: Politik zum Anfassen mit Christian Horn-Heinemann - CDU Kaarst-Büttgen","isPartOf":{"@id":"https:\/\/cdu-kaarst.de\/#website"},"datePublished":"2025-08-12T12:22:27+00:00","dateModified":"2025-09-10T15:27:19+00:00","breadcrumb":{"@id":"https:\/\/cdu-kaarst.de\/termin\/meet-greet-cdu-team-im-papalapub\/#breadcrumb"},"inLanguage":"en-GB","potentialAction":[{"@type":"ReadAction","target":["https:\/\/cdu-kaarst.de\/termin\/meet-greet-cdu-team-im-papalapub\/"]}]},{"@type":"BreadcrumbList","@id":"https:\/\/cdu-kaarst.de\/termin\/meet-greet-cdu-team-im-papalapub\/#breadcrumb","itemListElement":[{"@type":"ListItem","position":1,"name":"Startseite","item":"https:\/\/cdu-kaarst.de\/"},{"@type":"ListItem","position":2,"name":"Termin","item":"https:\/\/cdu-kaarst.de\/termin\/"},{"@type":"ListItem","position":3,"name":"Meet &#038; Greet im PapalaPub: Politik zum Anfassen mit Christian Horn-Heinemann"}]},{"@type":"WebSite","@id":"https:\/\/cdu-kaarst.de\/#website","url":"https:\/\/cdu-kaarst.de\/","name":"CDU Kaarst-Büttgen","description":"gut Leben in Kaarst","publisher":{"@id":"https:\/\/cdu-kaarst.de\/#organization"},"potentialAction":[{"@type":"SearchAction","target":{"@type":"EntryPoint","urlTemplate":"https:\/\/cdu-kaarst.de\/?s={search_term_string}"},"query-input":{"@type":"PropertyValueSpecification","valueRequired":true,"valueName":"search_term_string"}}],"inLanguage":"en-GB"},{"@type":"Organization","@id":"https:\/\/cdu-kaarst.de\/#organization","name":"CDU Kaarst-Büttgen","url":"https:\/\/cdu-kaarst.de\/","logo":{"@type":"ImageObject","inLanguage":"en-GB","@id":"https:\/\/cdu-kaarst.de\/#\/schema\/logo\/image\/","url":"https:\/\/cdu-kaarst.de\/wp-content\/uploads\/cdu-gesamtlogo.png","contentUrl":"https:\/\/cdu-kaarst.de\/wp-content\/uploads\/cdu-gesamtlogo.png","width":418,"height":120,"caption":"CDU Kaarst-Büttgen"},"image":{"@id":"https:\/\/cdu-kaarst.de\/#\/schema\/logo\/image\/"}}]}</script>
<!-- / Yoast SEO plugin. -->

Meet &amp; Greet at the PapalaPub: Politics at your fingertips with Christian Horn-Heinemann - CDU Kaarst-Büttgen

Meet & Greet im PapalaPub: Politik zum Anfassen mit Christian Horn-Heinemann - CDU Kaarst-Büttgen

Einen Tag vor der Kommunalwahl lädt Bürgermeisterkandidat Christian Horn-Heinemann gemeinsam mit dem CDU-Team Kaarst zu einem offenen Austausch ins PapalaPub ein. In entspannter Atmosphäre besteht die Möglichkeit, ins Gespräch zu kommen, Fragen zu stellen – auch kritische – und eigene Anliegen persönlich mitzuteilen. Christian Horn-Heinemann: „Wer Verantwortung übernehmen will, muss zuhören – ehrlich, direkt und [&hellip;]

CDU Kaarst-Büttgen
