{"id":7237,"date":"2026-02-16T10:44:40","date_gmt":"2026-02-16T09:44:40","guid":{"rendered":"https:\/\/cdu-kaarst.de\/?post_type=termin&#038;p=7237"},"modified":"2026-02-16T10:57:52","modified_gmt":"2026-02-16T09:57:52","slug":"weltfrauentag-2026","status":"publish","type":"termin","link":"https:\/\/cdu-kaarst.de\/en\/termin\/weltfrauentag-2026\/","title":{"rendered":"International Women's Day 2026"},"content":{"rendered":"<p>International Women's Day will be celebrated worldwide on 8 March 2025. We are pleased with what has already been achieved - but there is still a lot to do, e.g. in the areas of appreciation and participation.<\/p>\n<p><strong>International Women's Day 2026<\/strong><br \/>\n<strong>Saturday, 7 March 2026,<\/strong><br \/>\n<strong>10:00-12:00<\/strong><br \/>\n<strong>Kaarst weekly market<\/strong><\/p>\n<p>Together with the CDA, we will be at the Kaarster weekly market on this day with flowers, power cards and information material on Equal Pay Day.<\/p>\n<p>We look forward to your visit!<\/p>\n<p><strong>Women's Union Kaarst-B\u00fcttgen<\/strong><br \/>\nChairwoman: Karin Orlich,<br \/>\nAlte Heerstr. 55,<br \/>\n41564 Kaarst<\/p>","protected":false},"featured_media":5158,"template":"","meta":{"datum":1772841600,"uhr":"10:00","bis":"12:00","platz":"Wochenmarkt Kaarst","adresse":"Am Neumarkt 2, 41564 Kaarst","button-text":"Mehr Erfahren","einladung-herunterladen":"https:\/\/cdu-kaarst.de\/wp-content\/uploads\/Canvassing_Weltfrauentag_2026.pdf"},"gemeinschaften":[],"class_list":["post-7237","termin","type-termin","status-publish","has-post-thumbnail","hentry"],"yoast_head":"<!-- This site is optimized with the Yoast SEO plugin v27.4 - https:\/\/yoast.com\/product\/yoast-seo-wordpress\/ -->\n<title>Weltfrauentag 2026 - CDU Kaarst-B\u00fcttgen<\/title>\n<meta name=\"robots\" content=\"noindex, follow\" \/>\n<meta property=\"og:locale\" content=\"en_GB\" \/>\n<meta property=\"og:type\" content=\"article\" \/>\n<meta property=\"og:title\" content=\"Weltfrauentag 2026 - CDU Kaarst-B\u00fcttgen\" \/>\n<meta property=\"og:description\" content=\"Am 8. M\u00e4rz 2025 wird weltweit der Weltfrauentag begangen. Wir freuen uns dar\u00fcber, was bereits erreicht wurde \u2013 es gibt aber noch viel zu tun, z.B. in den Themenfeldern Wertsch\u00e4tzung und Teilhabe. Weltfrauentag 2026 Samstag, 7. M\u00e4rz 2026, 10:00-12:00 Uhr Wochenmarkt Kaarst Gemeinsam mit der CDA sind wir an diesem Tag auf dem Kaarster Wochenmarkt [&hellip;]\" \/>\n<meta property=\"og:url\" content=\"https:\/\/cdu-kaarst.de\/en\/termin\/weltfrauentag-2026\/\" \/>\n<meta property=\"og:site_name\" content=\"CDU Kaarst-B\u00fcttgen\" \/>\n<meta property=\"article:modified_time\" content=\"2026-02-16T09:57:52+00:00\" \/>\n<meta property=\"og:image\" content=\"https:\/\/cdu-kaarst.de\/wp-content\/uploads\/cdu-frauen-union-termine-2.jpg\" \/>\n\t<meta property=\"og:image:width\" content=\"1080\" \/>\n\t<meta property=\"og:image:height\" content=\"492\" \/>\n\t<meta property=\"og:image:type\" content=\"image\/jpeg\" \/>\n<meta name=\"twitter:card\" content=\"summary_large_image\" \/>\n<script type=\"application\/ld+json\" class=\"yoast-schema-graph\">{\"@context\":\"https:\\\/\\\/schema.org\",\"@graph\":[{\"@type\":\"WebPage\",\"@id\":\"https:\\\/\\\/cdu-kaarst.de\\\/termin\\\/weltfrauentag-2026\\\/\",\"url\":\"https:\\\/\\\/cdu-kaarst.de\\\/termin\\\/weltfrauentag-2026\\\/\",\"name\":\"Weltfrauentag 2026 - CDU Kaarst-B\u00fcttgen\",\"isPartOf\":{\"@id\":\"https:\\\/\\\/cdu-kaarst.de\\\/#website\"},\"primaryImageOfPage\":{\"@id\":\"https:\\\/\\\/cdu-kaarst.de\\\/termin\\\/weltfrauentag-2026\\\/#primaryimage\"},\"image\":{\"@id\":\"https:\\\/\\\/cdu-kaarst.de\\\/termin\\\/weltfrauentag-2026\\\/#primaryimage\"},\"thumbnailUrl\":\"https:\\\/\\\/cdu-kaarst.de\\\/wp-content\\\/uploads\\\/cdu-frauen-union-termine-2.jpg\",\"datePublished\":\"2026-02-16T09:44:40+00:00\",\"dateModified\":\"2026-02-16T09:57:52+00:00\",\"breadcrumb\":{\"@id\":\"https:\\\/\\\/cdu-kaarst.de\\\/termin\\\/weltfrauentag-2026\\\/#breadcrumb\"},\"inLanguage\":\"en-GB\",\"potentialAction\":[{\"@type\":\"ReadAction\",\"target\":[\"https:\\\/\\\/cdu-kaarst.de\\\/termin\\\/weltfrauentag-2026\\\/\"]}]},{\"@type\":\"ImageObject\",\"inLanguage\":\"en-GB\",\"@id\":\"https:\\\/\\\/cdu-kaarst.de\\\/termin\\\/weltfrauentag-2026\\\/#primaryimage\",\"url\":\"https:\\\/\\\/cdu-kaarst.de\\\/wp-content\\\/uploads\\\/cdu-frauen-union-termine-2.jpg\",\"contentUrl\":\"https:\\\/\\\/cdu-kaarst.de\\\/wp-content\\\/uploads\\\/cdu-frauen-union-termine-2.jpg\",\"width\":1080,\"height\":492},{\"@type\":\"BreadcrumbList\",\"@id\":\"https:\\\/\\\/cdu-kaarst.de\\\/termin\\\/weltfrauentag-2026\\\/#breadcrumb\",\"itemListElement\":[{\"@type\":\"ListItem\",\"position\":1,\"name\":\"Startseite\",\"item\":\"https:\\\/\\\/cdu-kaarst.de\\\/\"},{\"@type\":\"ListItem\",\"position\":2,\"name\":\"Termin\",\"item\":\"https:\\\/\\\/cdu-kaarst.de\\\/termin\\\/\"},{\"@type\":\"ListItem\",\"position\":3,\"name\":\"Weltfrauentag 2026\"}]},{\"@type\":\"WebSite\",\"@id\":\"https:\\\/\\\/cdu-kaarst.de\\\/#website\",\"url\":\"https:\\\/\\\/cdu-kaarst.de\\\/\",\"name\":\"CDU Kaarst-B\u00fcttgen\",\"description\":\"gut Leben in Kaarst\",\"publisher\":{\"@id\":\"https:\\\/\\\/cdu-kaarst.de\\\/#organization\"},\"potentialAction\":[{\"@type\":\"SearchAction\",\"target\":{\"@type\":\"EntryPoint\",\"urlTemplate\":\"https:\\\/\\\/cdu-kaarst.de\\\/?s={search_term_string}\"},\"query-input\":{\"@type\":\"PropertyValueSpecification\",\"valueRequired\":true,\"valueName\":\"search_term_string\"}}],\"inLanguage\":\"en-GB\"},{\"@type\":\"Organization\",\"@id\":\"https:\\\/\\\/cdu-kaarst.de\\\/#organization\",\"name\":\"CDU Kaarst-B\u00fcttgen\",\"url\":\"https:\\\/\\\/cdu-kaarst.de\\\/\",\"logo\":{\"@type\":\"ImageObject\",\"inLanguage\":\"en-GB\",\"@id\":\"https:\\\/\\\/cdu-kaarst.de\\\/#\\\/schema\\\/logo\\\/image\\\/\",\"url\":\"https:\\\/\\\/cdu-kaarst.de\\\/wp-content\\\/uploads\\\/cdu-gesamtlogo.png\",\"contentUrl\":\"https:\\\/\\\/cdu-kaarst.de\\\/wp-content\\\/uploads\\\/cdu-gesamtlogo.png\",\"width\":418,\"height\":120,\"caption\":\"CDU Kaarst-B\u00fcttgen\"},\"image\":{\"@id\":\"https:\\\/\\\/cdu-kaarst.de\\\/#\\\/schema\\\/logo\\\/image\\\/\"}}]}<\/script>\n<!-- \/ Yoast SEO plugin. -->","yoast_head_json":{"title":"Weltfrauentag 2026 - CDU Kaarst-B\u00fcttgen","robots":{"index":"noindex","follow":"follow"},"og_locale":"en_GB","og_type":"article","og_title":"Weltfrauentag 2026 - CDU Kaarst-B\u00fcttgen","og_description":"Am 8. M\u00e4rz 2025 wird weltweit der Weltfrauentag begangen. Wir freuen uns dar\u00fcber, was bereits erreicht wurde \u2013 es gibt aber noch viel zu tun, z.B. in den Themenfeldern Wertsch\u00e4tzung und Teilhabe. Weltfrauentag 2026 Samstag, 7. M\u00e4rz 2026, 10:00-12:00 Uhr Wochenmarkt Kaarst Gemeinsam mit der CDA sind wir an diesem Tag auf dem Kaarster Wochenmarkt [&hellip;]","og_url":"https:\/\/cdu-kaarst.de\/en\/termin\/weltfrauentag-2026\/","og_site_name":"CDU Kaarst-B\u00fcttgen","article_modified_time":"2026-02-16T09:57:52+00:00","og_image":[{"width":1080,"height":492,"url":"https:\/\/cdu-kaarst.de\/wp-content\/uploads\/cdu-frauen-union-termine-2.jpg","type":"image\/jpeg"}],"twitter_card":"summary_large_image","schema":{"@context":"https:\/\/schema.org","@graph":[{"@type":"WebPage","@id":"https:\/\/cdu-kaarst.de\/termin\/weltfrauentag-2026\/","url":"https:\/\/cdu-kaarst.de\/termin\/weltfrauentag-2026\/","name":"Weltfrauentag 2026 - CDU Kaarst-B\u00fcttgen","isPartOf":{"@id":"https:\/\/cdu-kaarst.de\/#website"},"primaryImageOfPage":{"@id":"https:\/\/cdu-kaarst.de\/termin\/weltfrauentag-2026\/#primaryimage"},"image":{"@id":"https:\/\/cdu-kaarst.de\/termin\/weltfrauentag-2026\/#primaryimage"},"thumbnailUrl":"https:\/\/cdu-kaarst.de\/wp-content\/uploads\/cdu-frauen-union-termine-2.jpg","datePublished":"2026-02-16T09:44:40+00:00","dateModified":"2026-02-16T09:57:52+00:00","breadcrumb":{"@id":"https:\/\/cdu-kaarst.de\/termin\/weltfrauentag-2026\/#breadcrumb"},"inLanguage":"en-GB","potentialAction":[{"@type":"ReadAction","target":["https:\/\/cdu-kaarst.de\/termin\/weltfrauentag-2026\/"]}]},{"@type":"ImageObject","inLanguage":"en-GB","@id":"https:\/\/cdu-kaarst.de\/termin\/weltfrauentag-2026\/#primaryimage","url":"https:\/\/cdu-kaarst.de\/wp-content\/uploads\/cdu-frauen-union-termine-2.jpg","contentUrl":"https:\/\/cdu-kaarst.de\/wp-content\/uploads\/cdu-frauen-union-termine-2.jpg","width":1080,"height":492},{"@type":"BreadcrumbList","@id":"https:\/\/cdu-kaarst.de\/termin\/weltfrauentag-2026\/#breadcrumb","itemListElement":[{"@type":"ListItem","position":1,"name":"Startseite","item":"https:\/\/cdu-kaarst.de\/"},{"@type":"ListItem","position":2,"name":"Termin","item":"https:\/\/cdu-kaarst.de\/termin\/"},{"@type":"ListItem","position":3,"name":"Weltfrauentag 2026"}]},{"@type":"WebSite","@id":"https:\/\/cdu-kaarst.de\/#website","url":"https:\/\/cdu-kaarst.de\/","name":"CDU Kaarst-B\u00fcttgen","description":"living well in Kaarst","publisher":{"@id":"https:\/\/cdu-kaarst.de\/#organization"},"potentialAction":[{"@type":"SearchAction","target":{"@type":"EntryPoint","urlTemplate":"https:\/\/cdu-kaarst.de\/?s={search_term_string}"},"query-input":{"@type":"PropertyValueSpecification","valueRequired":true,"valueName":"search_term_string"}}],"inLanguage":"en-GB"},{"@type":"Organization","@id":"https:\/\/cdu-kaarst.de\/#organization","name":"CDU Kaarst-B\u00fcttgen","url":"https:\/\/cdu-kaarst.de\/","logo":{"@type":"ImageObject","inLanguage":"en-GB","@id":"https:\/\/cdu-kaarst.de\/#\/schema\/logo\/image\/","url":"https:\/\/cdu-kaarst.de\/wp-content\/uploads\/cdu-gesamtlogo.png","contentUrl":"https:\/\/cdu-kaarst.de\/wp-content\/uploads\/cdu-gesamtlogo.png","width":418,"height":120,"caption":"CDU Kaarst-B\u00fcttgen"},"image":{"@id":"https:\/\/cdu-kaarst.de\/#\/schema\/logo\/image\/"}}]}},"_links":{"self":[{"href":"https:\/\/cdu-kaarst.de\/en\/wp-json\/wp\/v2\/termin\/7237","targetHints":{"allow":["GET"]}}],"collection":[{"href":"https:\/\/cdu-kaarst.de\/en\/wp-json\/wp\/v2\/termin"}],"about":[{"href":"https:\/\/cdu-kaarst.de\/en\/wp-json\/wp\/v2\/types\/termin"}],"wp:featuredmedia":[{"embeddable":true,"href":"https:\/\/cdu-kaarst.de\/en\/wp-json\/wp\/v2\/media\/5158"}],"wp:attachment":[{"href":"https:\/\/cdu-kaarst.de\/en\/wp-json\/wp\/v2\/media?parent=7237"}],"wp:term":[{"taxonomy":"gemeinschaften","embeddable":true,"href":"https:\/\/cdu-kaarst.de\/en\/wp-json\/wp\/v2\/gemeinschaften?post=7237"}],"curies":[{"name":"wp","href":"https:\/\/api.w.org\/{rel}","templated":true}]}}

<p>International Women's Day will be celebrated worldwide on 8 March 2025. We are pleased with what has already been achieved - but there is still a lot to do, e.g. in the areas of appreciation and participation.</p>
<p><strong>International Women's Day 2026</strong><br />
<strong>Saturday, 7 March 2026,</strong><br />
<strong>10:00-12:00</strong><br />
<strong>Kaarst weekly market</strong></p>
<p>Together with the CDA, we will be at the Kaarster weekly market on this day with flowers, power cards and information material on Equal Pay Day.</p>
<p>We look forward to your visit!</p>
<p><strong>Women's Union Kaarst-Büttgen</strong><br />
Chairwoman: Karin Orlich,<br />
Alte Heerstr. 55,<br />
41564 Kaarst</p>

<!-- This site is optimized with the Yoast SEO plugin v27.4 - https://yoast.com/product/yoast-seo-wordpress/ -->
<title>Weltfrauentag 2026 - CDU Kaarst-Büttgen</title>
<meta name="robots" content="noindex, follow" />
<meta property="og:locale" content="en_GB" />
<meta property="og:type" content="article" />
<meta property="og:title" content="Weltfrauentag 2026 - CDU Kaarst-Büttgen" />
<meta property="og:description" content="Am 8. März 2025 wird weltweit der Weltfrauentag begangen. Wir freuen uns darüber, was bereits erreicht wurde – es gibt aber noch viel zu tun, z.B. in den Themenfeldern Wertschätzung und Teilhabe. Weltfrauentag 2026 Samstag, 7. März 2026, 10:00-12:00 Uhr Wochenmarkt Kaarst Gemeinsam mit der CDA sind wir an diesem Tag auf dem Kaarster Wochenmarkt [&hellip;]" />
<meta property="og:url" content="https://cdu-kaarst.de/en/termin/weltfrauentag-2026/" />
<meta property="og:site_name" content="CDU Kaarst-Büttgen" />
<meta property="article:modified_time" content="2026-02-16T09:57:52+00:00" />
<meta property="og:image" content="https://cdu-kaarst.de/wp-content/uploads/cdu-frauen-union-termine-2.jpg" />
	<meta property="og:image:width" content="1080" />
	<meta property="og:image:height" content="492" />
	<meta property="og:image:type" content="image/jpeg" />
<meta name="twitter:card" content="summary_large_image" />
<script type="application/ld+json" class="yoast-schema-graph">{"@context":"https:\/\/schema.org","@graph":[{"@type":"WebPage","@id":"https:\/\/cdu-kaarst.de\/termin\/weltfrauentag-2026\/","url":"https:\/\/cdu-kaarst.de\/termin\/weltfrauentag-2026\/","name":"Weltfrauentag 2026 - CDU Kaarst-Büttgen","isPartOf":{"@id":"https:\/\/cdu-kaarst.de\/#website"},"primaryImageOfPage":{"@id":"https:\/\/cdu-kaarst.de\/termin\/weltfrauentag-2026\/#primaryimage"},"image":{"@id":"https:\/\/cdu-kaarst.de\/termin\/weltfrauentag-2026\/#primaryimage"},"thumbnailUrl":"https:\/\/cdu-kaarst.de\/wp-content\/uploads\/cdu-frauen-union-termine-2.jpg","datePublished":"2026-02-16T09:44:40+00:00","dateModified":"2026-02-16T09:57:52+00:00","breadcrumb":{"@id":"https:\/\/cdu-kaarst.de\/termin\/weltfrauentag-2026\/#breadcrumb"},"inLanguage":"en-GB","potentialAction":[{"@type":"ReadAction","target":["https:\/\/cdu-kaarst.de\/termin\/weltfrauentag-2026\/"]}]},{"@type":"ImageObject","inLanguage":"en-GB","@id":"https:\/\/cdu-kaarst.de\/termin\/weltfrauentag-2026\/#primaryimage","url":"https:\/\/cdu-kaarst.de\/wp-content\/uploads\/cdu-frauen-union-termine-2.jpg","contentUrl":"https:\/\/cdu-kaarst.de\/wp-content\/uploads\/cdu-frauen-union-termine-2.jpg","width":1080,"height":492},{"@type":"BreadcrumbList","@id":"https:\/\/cdu-kaarst.de\/termin\/weltfrauentag-2026\/#breadcrumb","itemListElement":[{"@type":"ListItem","position":1,"name":"Startseite","item":"https:\/\/cdu-kaarst.de\/"},{"@type":"ListItem","position":2,"name":"Termin","item":"https:\/\/cdu-kaarst.de\/termin\/"},{"@type":"ListItem","position":3,"name":"Weltfrauentag 2026"}]},{"@type":"WebSite","@id":"https:\/\/cdu-kaarst.de\/#website","url":"https:\/\/cdu-kaarst.de\/","name":"CDU Kaarst-Büttgen","description":"gut Leben in Kaarst","publisher":{"@id":"https:\/\/cdu-kaarst.de\/#organization"},"potentialAction":[{"@type":"SearchAction","target":{"@type":"EntryPoint","urlTemplate":"https:\/\/cdu-kaarst.de\/?s={search_term_string}"},"query-input":{"@type":"PropertyValueSpecification","valueRequired":true,"valueName":"search_term_string"}}],"inLanguage":"en-GB"},{"@type":"Organization","@id":"https:\/\/cdu-kaarst.de\/#organization","name":"CDU Kaarst-Büttgen","url":"https:\/\/cdu-kaarst.de\/","logo":{"@type":"ImageObject","inLanguage":"en-GB","@id":"https:\/\/cdu-kaarst.de\/#\/schema\/logo\/image\/","url":"https:\/\/cdu-kaarst.de\/wp-content\/uploads\/cdu-gesamtlogo.png","contentUrl":"https:\/\/cdu-kaarst.de\/wp-content\/uploads\/cdu-gesamtlogo.png","width":418,"height":120,"caption":"CDU Kaarst-Büttgen"},"image":{"@id":"https:\/\/cdu-kaarst.de\/#\/schema\/logo\/image\/"}}]}</script>
<!-- / Yoast SEO plugin. -->

Weltfrauentag 2026 - CDU Kaarst-Büttgen

Am 8. März 2025 wird weltweit der Weltfrauentag begangen. Wir freuen uns darüber, was bereits erreicht wurde – es gibt aber noch viel zu tun, z.B. in den Themenfeldern Wertschätzung und Teilhabe. Weltfrauentag 2026 Samstag, 7. März 2026, 10:00-12:00 Uhr Wochenmarkt Kaarst Gemeinsam mit der CDA sind wir an diesem Tag auf dem Kaarster Wochenmarkt [&hellip;]

CDU Kaarst-Büttgen
